-- Table structure for table `languages`
--

CREATE TABLE `languages` (
  `id` bigint(20) UNSIGNED NOT NULL,
  `name` varchar(100) NOT NULL,
  `locale` varchar(10) NOT NULL,
  `is_default` tinyint(1) DEFAULT 0,
  `status` tinyint(1) NOT NULL DEFAULT 1,
  `created_at` timestamp NULL DEFAULT NULL,
  `updated_at` timestamp NULL DEFAULT NULL
) ENGINE=InnoDB DEFAULT CHARSET=utf8mb4 COLLATE=utf8mb4_unicode_ci;

--
-- Dumping data for table `languages`
--

INSERT INTO `languages` (`id`, `name`, `locale`, `is_default`, `status`, `created_at`, `updated_at`) VALUES
(1, 'English', 'en', 1, 1, '2024-10-11 16:34:00', '2024-10-11 16:34:00');

-- --------------------------------------------------------

--
-- Table structure for table `media`
--

CREATE TABLE `media` (
  `id` bigint(20) UNSIGNED NOT NULL,
  `model_type` varchar(191) NOT NULL,
  `model_id` bigint(20) UNSIGNED NOT NULL,
  `uuid` char(36) DEFAULT NULL,
  `collection_name` varchar(191) NOT NULL,
  `name` varchar(191) NOT NULL,
  `file_name` varchar(191) NOT NULL,
  `mime_type` varchar(191) DEFAULT NULL,
  `disk` varchar(191) NOT NULL,
  `conversions_disk` varchar(191) DEFAULT NULL,
  `size` bigint(20) UNSIGNED NOT NULL,
  `manipulations` longtext CHARACTER SET utf8mb4 COLLATE utf8mb4_bin NOT NULL CHECK (json_valid(`manipulations`)),
  `custom_properties` longtext CHARACTER SET utf8mb4 COLLATE utf8mb4_bin NOT NULL CHECK (json_valid(`custom_properties`)),
  `generated_conversions` longtext CHARACTER SET utf8mb4 COLLATE utf8mb4_bin NOT NULL CHECK (json_valid(`generated_conversions`)),
  `responsive_images` longtext CHARACTER SET utf8mb4 COLLATE utf8mb4_bin NOT NULL CHECK (json_valid(`responsive_images`)),
  `order_column` int(10) UNSIGNED DEFAULT NULL,
  `created_at` timestamp NULL DEFAULT NULL,
  `updated_at` timestamp NULL DEFAULT NULL
) ENGINE=InnoDB DEFAULT CHARSET=utf8mb4 COLLATE=utf8mb4_unicode_ci;

-- --------------------------------------------------------

--
-- Table structure for table `menus`
--

CREATE TABLE `menus` (
  `id` bigint(20) UNSIGNED NOT NULL,
  `name` varchar(191) NOT NULL,
  `created_at` timestamp NULL DEFAULT NULL,
  `updated_at` timestamp NULL DEFAULT NULL
) ENGINE=InnoDB DEFAULT CHARSET=utf8mb4 COLLATE=utf8mb4_unicode_ci;

--
-- Dumping data for table `menus`
--

INSERT INTO `menus` (`id`, `name`, `created_at`, `updated_at`) VALUES
(1, 'Main Menu', '2024-10-11 16:34:01', '2024-10-11 16:34:01');

-- --------------------------------------------------------

--
-- Table structure for table `menu_items`
--

CREATE TABLE `menu_items` (
  `id` bigint(20) UNSIGNED NOT NULL,
  `menu_id` bigint(20) UNSIGNED NOT NULL,
  `label` varchar(191) NOT NULL,
  `link` varchar(191) NOT NULL,
  `parameters` longtext CHARACTER SET utf8mb4 COLLATE utf8mb4_bin DEFAULT NULL CHECK (json_valid(`parameters`)),
  `condition` varchar(191) DEFAULT NULL,
  `class` varchar(191) DEFAULT NULL,
  `target` varchar(191) NOT NULL DEFAULT '_self',
  `icon` varchar(191) DEFAULT NULL,
  `is_route` tinyint(1) NOT NULL DEFAULT 0,
  `parent` bigint(20) UNSIGNED DEFAULT NULL,
  `sort` int(11) NOT NULL DEFAULT 0,
  `created_at` timestamp NULL DEFAULT NULL,
  `updated_at` timestamp NULL DEFAULT NULL
) ENGINE=InnoDB DEFAULT CHARSET=utf8mb4 COLLATE=utf8mb4_unicode_ci;

--
-- Dumping data for table `menu_items`
--

INSERT INTO `menu_items` (`id`, `menu_id`, `label`, `link`, `parameters`, `condition`, `class`, `target`, `icon`, `is_route`, `parent`, `sort`, `created_at`, `updated_at`) VALUES
(1, 1, 'Home', 'front.index', '\"null\"', NULL, '', '_self', NULL, 1, NULL, 0, '2024-10-11 16:34:01', '2024-10-11 16:34:01');

-- --------------------------------------------------------

--
-- Table structure for table `migrations`
--

CREATE TABLE `migrations` (
  `id` int(10) UNSIGNED NOT NULL,
  `migration` varchar(191) NOT NULL,
  `batch` int(11) NOT NULL
) ENGINE=InnoDB DEFAULT CHARSET=utf8mb4 COLLATE=utf8mb4_unicode_ci;

--
-- Dumping data for table `migrations`
--

INSERT INTO `migrations` (`id`, `migration`, `batch`) VALUES
(1, '2014_10_12_000000_create_users_table', 1),
(2, '2014_10_12_100000_create_password_resets_table', 1),
(3, '2017_08_24_000000_create_settings_table', 1),
(4, '2018_12_14_000000_create_favorites_table', 1),
(5, '2019_08_19_000000_create_failed_jobs_table', 1),
(6, '2019_12_14_000001_create_personal_access_tokens_table', 1),
(7, '2022_10_31_203658_create_sessions_table', 1),
(8, '2022_11_01_214022_create_pages_table', 1),
(9, '2022_11_01_232018_create_languages_table', 1),
(10, '2022_11_02_223509_create_views_table', 1),
(11, '2022_11_02_235647_create_permission_tables', 1),
(12, '2022_11_03_172128_create_tags_table', 1),
(13, '2022_11_03_172136_create_categories_table', 1),
(14, '2022_11_03_181636_create_posts_table', 1),
(15, '2022_11_07_203328_add_extra_fields_to_roles_table', 1),
(16, '2022_11_08_185941_create_menus_table', 1),
(17, '2022_11_08_235151_create_tools_table', 1),
(18, '2022_11_16_001444_create_media_table', 1),
(19, '2022_11_18_205051_create_properties_table', 1),
(20, '2022_11_18_205659_create_tool_properties_table', 1),
(21, '2022_11_18_210032_create_plans_table', 1),
(22, '2022_11_18_210314_create_plan_properties_table', 1),
(23, '2022_11_18_211659_create_visits_table', 1),
(24, '2022_11_23_181941_create_widgets_table', 1),
(25, '2022_11_24_181202_create_advertisements_table', 1),
(26, '2022_12_27_004633_create_transactions_table', 1),
(27, '2023_01_13_183736_add_social_to_users_table', 1),
(28, '2023_01_16_174918_add_google_2fa_columns', 1),
(29, '2023_01_19_174615_create_faqs_table', 1),
(30, '2023_02_01_204143_add_index_options_to_tools_table', 1),
(31, '2023_02_07_212515_alter_content_column_length', 1),
(32, '2023_10_24_130319_create_countries_table', 1),
(33, '2023_10_24_134434_add_fields_to_transaction', 1);

-- --------------------------------------------------------

--
-- Table structure for table `model_has_permissions`
--

CREATE TABLE `model_has_permissions` (
  `permission_id` bigint(20) UNSIGNED NOT NULL,
  `model_type` varchar(191) NOT NULL,
  `model_id` bigint(20) UNSIGNED NOT NULL
) ENGINE=InnoDB DEFAULT CHARSET=utf8mb4 COLLATE=utf8mb4_unicode_ci;

-- --------------------------------------------------------

--
-- Table structure for table `model_has_roles`
--

CREATE TABLE `model_has_roles` (
  `role_id` bigint(20) UNSIGNED NOT NULL,
  `model_type` varchar(191) NOT NULL,
  `model_id` bigint(20) UNSIGNED NOT NULL
) ENGINE=InnoDB DEFAULT CHARSET=utf8mb4 COLLATE=utf8mb4_unicode_ci;

--
-- Dumping data for table `model_has_roles`
--

INSERT INTO `model_has_roles` (`role_id`, `model_type`, `model_id`) VALUES
(1, 'App\\Models\\User', 1);

-- --------------------------------------------------------

--
-- Table structure for table `pages`
--

CREATE TABLE `pages` (
  `id` bigint(20) UNSIGNED NOT NULL,
  `author_id` bigint(20) UNSIGNED NOT NULL,
  `published` tinyint(1) NOT NULL DEFAULT 0,
  `created_at` timestamp NULL DEFAULT NULL,
  `updated_at` timestamp NULL DEFAULT NULL,
  `deleted_at` timestamp NULL DEFAULT NULL
) ENGINE=InnoDB DEFAULT CHARSET=utf8mb4 COLLATE=utf8mb4_unicode_ci;

--
-- Dumping data for table `pages`
--

INSERT INTO `pages` (`id`, `author_id`, `published`, `created_at`, `updated_at`, `deleted_at`) VALUES
(1, 1, 1, '2024-10-14 10:51:28', '2024-10-14 10:51:28', NULL),
(2, 1, 1, '2024-10-14 10:52:09', '2024-10-14 10:52:09', NULL);

-- --------------------------------------------------------

--
-- Table structure for table `page_translations`
--

CREATE TABLE `page_translations` (
  `id` bigint(20) UNSIGNED NOT NULL,
  `page_id` bigint(20) UNSIGNED NOT NULL,
  `locale` varchar(191) NOT NULL,
  `title` varchar(191) NOT NULL,
  `slug` varchar(191) NOT NULL,
  `content` longtext NOT NULL,
  `excerpt` text DEFAULT NULL,
  `meta_title` varchar(191) DEFAULT NULL,
  `meta_description` varchar(191) DEFAULT NULL,
  `og_title` varchar(191) DEFAULT NULL,
  `og_description` varchar(191) DEFAULT NULL,
  `og_image` varchar(191) DEFAULT NULL
) ENGINE=InnoDB DEFAULT CHARSET=utf8mb4 COLLATE=utf8mb4_unicode_ci;

--
-- Dumping data for table `page_translations`
--

INSERT INTO `page_translations` (`id`, `page_id`, `locale`, `title`, `slug`, `content`, `excerpt`, `meta_title`, `meta_description`, `og_title`, `og_description`, `og_image`) VALUES
(1, 1, 'en', 'Privacy Policy', 'privacy-policy', '<p>Privacy Policy</p>', NULL, 'Privacy Policy', 'Privacy Policy', NULL, NULL, NULL),
(2, 2, 'en', 'Terms & Conditions', 'terms-and-conditions', '<p>Terms &amp; Conditions</p>', NULL, 'Terms & Conditions', 'Terms & Conditions', NULL, NULL, NULL);

-- --------------------------------------------------------

--
-- Table structure for table `permissions`
--

CREATE TABLE `permissions` (
  `id` bigint(20) UNSIGNED NOT NULL,
  `name` varchar(191) NOT NULL,
  `group` varchar(191) DEFAULT NULL,
  `title` varchar(191) DEFAULT NULL,
  `description` varchar(191) DEFAULT NULL,
  `guard_name` varchar(191) NOT NULL DEFAULT 'web',
  `created_at` timestamp NULL DEFAULT NULL,
  `updated_at` timestamp NULL DEFAULT NULL
) ENGINE=InnoDB DEFAULT CHARSET=utf8mb4 COLLATE=utf8mb4_unicode_ci;

--
-- Dumping data for table `permissions`
--

INSERT INTO `permissions` (`id`, `name`, `group`, `title`, `description`, `guard_name`, `created_at`, `updated_at`) VALUES
(1, 'manage users', 'users', 'Manage users', 'Manage System Users.', 'web', '2024-10-11 16:34:00', '2024-10-11 16:34:00'),
(2, 'create users', 'users', 'Create users', 'Create System Users.', 'web', '2024-10-11 16:34:00', '2024-10-11 16:34:00'),
(3, 'edit users', 'users', 'Edit users', 'Edit System Users.', 'web', '2024-10-11 16:34:00', '2024-10-11 16:34:00'),
(4, 'manage profile', 'users', 'Manage profile', 'Manage account profile.', 'web', '2024-10-11 16:34:00', '2024-10-11 16:34:00'),
(5, 'manage roles', 'roles', 'Manage roles', 'Manage System User Roles.', 'web', '2024-10-11 16:34:00', '2024-10-11 16:34:00'),
(6, 'create roles', 'roles', 'Create roles', 'Create Roles.', 'web', '2024-10-11 16:34:00', '2024-10-11 16:34:00'),
(7, 'edit roles', 'roles', 'Edit roles', 'Edit Roles.', 'web', '2024-10-11 16:34:00', '2024-10-11 16:34:00'),
(8, 'delete roles', 'roles', 'Delete roles', 'Delete Roles.', 'web', '2024-10-11 16:34:00', '2024-10-11 16:34:00'),
(9, 'manage permissions', 'roles', 'Manage permissions', 'Manage System User Permissions.', 'web', '2024-10-11 16:34:00', '2024-10-11 16:34:00'),
(10, 'manage dashboard', 'page', 'Manage dashboard', 'Manage dashboard.', 'web', '2024-10-11 16:34:00', '2024-10-11 16:34:00'),
(11, 'application operations', 'system', 'Application operations', 'Manage application operations.', 'web', '2024-10-11 16:34:00', '2024-10-11 16:34:00'),
(12, 'manage transactions', 'system', 'Manage transactions', 'Manage System transactions.', 'web', '2024-10-11 16:34:00', '2024-10-11 16:34:00'),
(13, 'manage updates', 'system', 'Manage updates', 'Manage System updates.', 'web', '2024-10-11 16:34:00', '2024-10-11 16:34:00'),
(14, 'manage page', 'page', 'Manage page', 'Manage Page.', 'web', '2024-10-11 16:34:00', '2024-10-11 16:34:00'),
(15, 'create page', 'page', 'Create page', 'Create Page.', 'web', '2024-10-11 16:34:00', '2024-10-11 16:34:00'),
(16, 'edit page', 'page', 'Edit page', 'Edit Page.', 'web', '2024-10-11 16:34:00', '2024-10-11 16:34:00'),
(17, 'delete page', 'page', 'Delete page', 'Delete Page.', 'web', '2024-10-11 16:34:00', '2024-10-11 16:34:00'),
(18, 'manage post', 'page', 'Manage post', 'Manage Post.', 'web', '2024-10-11 16:34:00', '2024-10-11 16:34:00'),
(19, 'create post', 'page', 'Create post', 'Create Post.', 'web', '2024-10-11 16:34:00', '2024-10-11 16:34:00'),
(20, 'edit post', 'page', 'Edit post', 'Edit Post.', 'web', '2024-10-11 16:34:00', '2024-10-11 16:34:00'),
(21, 'delete post', 'page', 'Delete post', 'Delete Post.', 'web', '2024-10-11 16:34:00', '2024-10-11 16:34:00'),
(22, 'view category', 'page', 'View category', 'View Category.', 'web', '2024-10-11 16:34:00', '2024-10-11 16:34:00'),
(23, 'create category', 'page', 'Create category', 'Create Category.', 'web', '2024-10-11 16:34:00', '2024-10-11 16:34:00'),
(24, 'edit category', 'page', 'Edit category', 'Edit Category.', 'web', '2024-10-11 16:34:00', '2024-10-11 16:34:00'),
(25, 'delete category', 'page', 'Delete category', 'Delete Category.', 'web', '2024-10-11 16:34:00', '2024-10-11 16:34:00'),
(26, 'view tag', 'page', 'View tag', 'View tag.', 'web', '2024-10-11 16:34:00', '2024-10-11 16:34:00'),
(27, 'create tag', 'page', 'Create tag', 'Create tag.', 'web', '2024-10-11 16:34:00', '2024-10-11 16:34:00'),
(28, 'edit tag', 'page', 'Edit tag', 'Edit tag.', 'web', '2024-10-11 16:34:00', '2024-10-11 16:34:00'),
(29, 'delete tag', 'page', 'Delete tag', 'Delete tag.', 'web', '2024-10-11 16:34:00', '2024-10-11 16:34:00'),
(30, 'manage menus', 'menus', 'Manage menus', 'Manage Menus.', 'web', '2024-10-11 16:34:00', '2024-10-11 16:34:00'),
(31, 'create menus', 'menus', 'Create menus', 'Create Menus.', 'web', '2024-10-11 16:34:00', '2024-10-11 16:34:00'),
(32, 'edit menus', 'menus', 'Edit menus', 'Edit Menus.', 'web', '2024-10-11 16:34:00', '2024-10-11 16:34:00'),
(33, 'delete menus', 'menus', 'Delete menus', 'Delete Menus.', 'web', '2024-10-11 16:34:00', '2024-10-11 16:34:00'),
(34, 'manage settings', 'system', 'Manage settings', 'Delete Settings.', 'web', '2024-10-11 16:34:00', '2024-10-11 16:34:00'),
(35, 'manage tools', 'tool', 'Manage tools', 'Manage Tool.', 'web', '2024-10-11 16:34:00', '2024-10-11 16:34:00'),
(36, 'edit tools', 'tool', 'Edit tools', 'Edit Tool.', 'web', '2024-10-11 16:34:00', '2024-10-11 16:34:00'),
(37, 'manage plans', 'plan', 'Manage plans', 'Manage plans.', 'web', '2024-10-11 16:34:00', '2024-10-11 16:34:00'),
(38, 'create plans', 'plan', 'Create plans', 'Create plans.', 'web', '2024-10-11 16:34:00', '2024-10-11 16:34:00'),
(39, 'edit plans', 'plan', 'Edit plans', 'Edit plans.', 'web', '2024-10-11 16:34:00', '2024-10-11 16:34:00'),
(40, 'delete plans', 'plan', 'Delete plans', 'Delete plans.', 'web', '2024-10-11 16:34:00', '2024-10-11 16:34:00'),
(41, 'manage advertisements', 'plan', 'Manage advertisements', 'Manage advertisements.', 'web', '2024-10-11 16:34:00', '2024-10-11 16:34:00'),
(42, 'create advertisements', 'plan', 'Create advertisements', 'Create advertisements.', 'web', '2024-10-11 16:34:00', '2024-10-11 16:34:00'),
(43, 'edit advertisements', 'plan', 'Edit advertisements', 'Edit advertisements.', 'web', '2024-10-11 16:34:00', '2024-10-11 16:34:00'),
(44, 'delete advertisements', 'plan', 'Delete advertisements', 'Delete advertisements.', 'web', '2024-10-11 16:34:00', '2024-10-11 16:34:00'),
(45, 'view widgets', 'widgets', 'View widgets', 'View Widgets.', 'web', '2024-10-11 16:34:00', '2024-10-11 16:34:00'),
(46, 'create widgets', 'widgets', 'Create widgets', 'Create Widgets.', 'web', '2024-10-11 16:34:00', '2024-10-11 16:34:00'),
(47, 'edit widgets', 'widgets', 'Edit widgets', 'Edit Widgets.', 'web', '2024-10-11 16:34:00', '2024-10-11 16:34:00'),
(48, 'delete widgets', 'widgets', 'Delete widgets', 'Delete Widgets.', 'web', '2024-10-11 16:34:00', '2024-10-11 16:34:00');

-- --------------------------------------------------------

--
-- Table structure for table `plans`
--

CREATE TABLE `plans` (
  `id` bigint(20) UNSIGNED NOT NULL,
  `status` tinyint(1) NOT NULL DEFAULT 1,
  `monthly_price` varchar(191) DEFAULT NULL,
  `yearly_price` varchar(191) DEFAULT NULL,
  `discount` int(11) DEFAULT NULL,
  `is_api_allowed` tinyint(1) NOT NULL DEFAULT 0,
  `is_ads` tinyint(1) NOT NULL DEFAULT 0,
  `recommended` tinyint(1) NOT NULL DEFAULT 0,
  `created_at` timestamp NULL DEFAULT NULL,
  `updated_at` timestamp NULL DEFAULT NULL
) ENGINE=InnoDB DEFAULT CHARSET=utf8mb4 COLLATE=utf8mb4_unicode_ci;

--
-- Dumping data for table `plans`
--

INSERT INTO `plans` (`id`, `status`, `monthly_price`, `yearly_price`, `discount`, `is_api_allowed`, `is_ads`, `recommended`, `created_at`, `updated_at`) VALUES
(1, 1, '9.99', '99.99', NULL, 0, 1, 0, '2024-10-11 16:34:01', '2024-10-11 16:34:01'),
(2, 1, '24.99', '249.99', NULL, 0, 1, 0, '2024-10-11 16:34:01', '2024-10-11 16:34:01'),
(3, 1, '49.99', '499.99', NULL, 0, 1, 1, '2024-10-11 16:34:01', '2024-10-11 16:34:01'),
(4, 1, '99.99', '999.99', NULL, 1, 1, 0, '2024-10-11 16:34:02', '2024-10-11 16:34:02');

-- --------------------------------------------------------

--
-- Table structure for table `plan_properties`
--

CREATE TABLE `plan_properties` (
  `id` bigint(20) UNSIGNED NOT NULL,
  `plan_id` bigint(20) UNSIGNED NOT NULL,
  `tool_id` bigint(20) UNSIGNED NOT NULL,
  `property_id` bigint(20) UNSIGNED NOT NULL,
  `value` varchar(191) DEFAULT NULL,
  `created_at` timestamp NULL DEFAULT NULL,
  `updated_at` timestamp NULL DEFAULT NULL
) ENGINE=InnoDB DEFAULT CHARSET=utf8mb4 COLLATE=utf8mb4_unicode_ci;

--
-- Dumping data for table `plan_properties`
--

INSERT INTO `plan_properties` (`id`, `plan_id`, `tool_id`, `property_id`, `value`, `created_at`, `updated_at`) VALUES
(1, 1, 1, 1, '10', '2024-10-11 16:34:01', '2024-10-11 16:34:01'),
(2, 1, 2, 1, '10', '2024-10-11 16:34:01', '2024-10-11 16:34:01'),
(3, 1, 5, 1, '10', '2024-10-11 16:34:01', '2024-10-11 16:34:01'),
(4, 1, 6, 1, '10', '2024-10-11 16:34:01', '2024-10-11 16:34:01'),
(5, 1, 7, 1, '10', '2024-10-11 16:34:01', '2024-10-11 16:34:01'),
(6, 1, 8, 1, '10', '2024-10-11 16:34:01', '2024-10-11 16:34:01'),
(7, 1, 9, 1, '10', '2024-10-11 16:34:01', '2024-10-11 16:34:01'),
(8, 1, 10, 1, '10', '2024-10-11 16:34:01', '2024-10-11 16:34:01'),
(9, 1, 11, 1, '10', '2024-10-11 16:34:01', '2024-10-11 16:34:01'),
(10, 1, 11, 2, '1000', '2024-10-11 16:34:01', '2024-10-11 16:34:01'),
(11, 1, 12, 1, '10', '2024-10-11 16:34:01', '2024-10-11 16:34:01'),
(12, 1, 12, 2, '1000', '2024-10-11 16:34:01', '2024-10-11 16:34:01'),
(13, 1, 13, 1, '10', '2024-10-11 16:34:01', '2024-10-11 16:34:01'),
(14, 1, 13, 2, '1000', '2024-10-11 16:34:01', '2024-10-11 16:34:01'),
(15, 1, 14, 1, '10', '2024-10-11 16:34:01', '2024-10-11 16:34:01'),
(16, 1, 14, 3, '1', '2024-10-11 16:34:01', '2024-10-11 16:34:01'),
(17, 1, 15, 1, '10', '2024-10-11 16:34:01', '2024-10-11 16:34:01'),
(18, 1, 15, 3, '1', '2024-10-11 16:34:01', '2024-10-11 16:34:01'),
(19, 1, 16, 1, '10', '2024-10-11 16:34:01', '2024-10-11 16:34:01'),
(20, 1, 17, 1, '10', '2024-10-11 16:34:01', '2024-10-11 16:34:01'),
(21, 1, 18, 1, '10', '2024-10-11 16:34:01', '2024-10-11 16:34:01'),
(22, 1, 18, 2, '1000', '2024-10-11 16:34:01', '2024-10-11 16:34:01'),
(23, 1, 19, 1, '10', '2024-10-11 16:34:01', '2024-10-11 16:34:01'),
(24, 1, 32, 1, '10', '2024-10-11 16:34:01', '2024-10-11 16:34:01'),
(25, 1, 32, 2, '1000', '2024-10-11 16:34:01', '2024-10-11 16:34:01'),
(26, 1, 33, 1, '10', '2024-10-11 16:34:01', '2024-10-11 16:34:01'),
(27, 1, 33, 2, '1000', '2024-10-11 16:34:01', '2024-10-11 16:34:01'),
(28, 1, 34, 1, '10', '2024-10-11 16:34:01', '2024-10-11 16:34:01'),
(29, 1, 34, 2, '1000', '2024-10-11 16:34:01', '2024-10-11 16:34:01'),
(30, 1, 35, 1, '10', '2024-10-11 16:34:01', '2024-10-11 16:34:01'),
(31, 1, 35, 2, '1000', '2024-10-11 16:34:01', '2024-10-11 16:34:01'),
(32, 1, 36, 1, '10', '2024-10-11 16:34:01', '2024-10-11 16:34:01'),
(33, 1, 36, 2, '1000', '2024-10-11 16:34:01', '2024-10-11 16:34:01'),
(34, 1, 37, 1, '10', '2024-10-11 16:34:01', '2024-10-11 16:34:01'),
(35, 1, 37, 2, '1000', '2024-10-11 16:34:01', '2024-10-11 16:34:01'),
(36, 1, 38, 1, '10', '2024-10-11 16:34:01', '2024-10-11 16:34:01'),
(37, 1, 38, 2, '1000', '2024-10-11 16:34:01', '2024-10-11 16:34:01'),
(38, 1, 39, 1, '10', '2024-10-11 16:34:01', '2024-10-11 16:34:01'),
(39, 1, 39, 2, '1000', '2024-10-11 16:34:01', '2024-10-11 16:34:01'),
(40, 1, 40, 1, '10', '2024-10-11 16:34:01', '2024-10-11 16:34:01'),
(41, 1, 40, 2, '1000', '2024-10-11 16:34:01', '2024-10-11 16:34:01'),
(42, 1, 41, 1, '10', '2024-10-11 16:34:01', '2024-10-11 16:34:01'),
(43, 1, 41, 2, '1000', '2024-10-11 16:34:01', '2024-10-11 16:34:01'),
(44, 1, 42, 1, '10', '2024-10-11 16:34:01', '2024-10-11 16:34:01'),
(45, 1, 42, 3, '1', '2024-10-11 16:34:01', '2024-10-11 16:34:01'),
(46, 1, 42, 4, '5', '2024-10-11 16:34:01', '2024-10-11 16:34:01'),
(47, 1, 43, 1, '10', '2024-10-11 16:34:01', '2024-10-11 16:34:01'),
(48, 1, 43, 3, '1', '2024-10-11 16:34:01', '2024-10-11 16:34:01'),
(49, 1, 43, 4, '5', '2024-10-11 16:34:01', '2024-10-11 16:34:01'),
(50, 1, 44, 1, '10', '2024-10-11 16:34:01', '2024-10-11 16:34:01'),
(51, 1, 44, 3, '1', '2024-10-11 16:34:01', '2024-10-11 16:34:01'),
(52, 1, 46, 1, '10', '2024-10-11 16:34:01', '2024-10-11 16:34:01'),
(53, 1, 46, 3, '1', '2024-10-11 16:34:01', '2024-10-11 16:34:01'),
(54, 1, 46, 4, '5', '2024-10-11 16:34:01', '2024-10-11 16:34:01'),
(55, 1, 47, 1, '10', '2024-10-11 16:34:01', '2024-10-11 16:34:01'),
(56, 1, 48, 1, '10', '2024-10-11 16:34:01', '2024-10-11 16:34:01'),
(57, 1, 48, 3, '1', '2024-10-11 16:34:01', '2024-10-11 16:34:01'),
(58, 1, 48, 4, '5', '2024-10-11 16:34:01', '2024-10-11 16:34:01'),
(59, 1, 49, 1, '10', '2024-10-11 16:34:01', '2024-10-11 16:34:01'),
(60, 1, 49, 3, '1', '2024-10-11 16:34:01', '2024-10-11 16:34:01'),
(61, 1, 50, 3, '1', '2024-10-11 16:34:01', '2024-10-11 16:34:01'),
(62, 1, 51, 1, '10', '2024-10-11 16:34:01', '2024-10-11 16:34:01'),
(63, 1, 51, 5, '5', '2024-10-11 16:34:01', '2024-10-11 16:34:01'),
(64, 1, 52, 1, '10', '2024-10-11 16:34:01', '2024-10-11 16:34:01'),
(65, 1, 52, 5, '5', '2024-10-11 16:34:01', '2024-10-11 16:34:01'),
(66, 1, 53, 1, '10', '2024-10-11 16:34:01', '2024-10-11 16:34:01'),
(67, 1, 53, 5, '5', '2024-10-11 16:34:01', '2024-10-11 16:34:01'),
(68, 1, 54, 1, '10', '2024-10-11 16:34:01', '2024-10-11 16:34:01'),
(69, 1, 54, 5, '5', '2024-10-11 16:34:01', '2024-10-11 16:34:01'),
(70, 1, 55, 1, '10', '2024-10-11 16:34:01', '2024-10-11 16:34:01'),
(71, 1, 55, 5, '5', '2024-10-11 16:34:01', '2024-10-11 16:34:01'),
(72, 1, 56, 1, '10', '2024-10-11 16:34:01', '2024-10-11 16:34:01'),
(73, 1, 56, 5, '5', '2024-10-11 16:34:01', '2024-10-11 16:34:01'),
(74, 1, 57, 1, '10', '2024-10-11 16:34:01', '2024-10-11 16:34:01'),
(75, 1, 58, 1, '10', '2024-10-11 16:34:01', '2024-10-11 16:34:01'),
(76, 1, 59, 1, '10', '2024-10-11 16:34:01', '2024-10-11 16:34:01'),
(77, 1, 59, 5, '5', '2024-10-11 16:34:01', '2024-10-11 16:34:01'),
(78, 1, 60, 1, '10', '2024-10-11 16:34:01', '2024-10-11 16:34:01'),
(79, 1, 61, 1, '10', '2024-10-11 16:34:01', '2024-10-11 16:34:01'),
(80, 1, 69, 1, '10', '2024-10-11 16:34:01', '2024-10-11 16:34:01'),
(81, 1, 70, 1, '10', '2024-10-11 16:34:01', '2024-10-11 16:34:01'),
(82, 1, 71, 1, '10', '2024-10-11 16:34:01', '2024-10-11 16:34:01'),
(83, 1, 74, 1, '10', '2024-10-11 16:34:01', '2024-10-11 16:34:01'),
(84, 1, 75, 1, '10', '2024-10-11 16:34:01', '2024-10-11 16:34:01'),
(85, 1, 76, 1, '10', '2024-10-11 16:34:01', '2024-10-11 16:34:01'),
(86, 1, 77, 1, '10', '2024-10-11 16:34:01', '2024-10-11 16:34:01'),
(87, 1, 78, 1, '10', '2024-10-11 16:34:01', '2024-10-11 16:34:01'),
(88, 1, 79, 1, '10', '2024-10-11 16:34:01', '2024-10-11 16:34:01'),
(89, 1, 80, 1, '10', '2024-10-11 16:34:01', '2024-10-11 16:34:01'),
(90, 1, 81, 1, '10', '2024-10-11 16:34:01', '2024-10-11 16:34:01'),
(91, 1, 82, 1, '10', '2024-10-11 16:34:01', '2024-10-11 16:34:01'),
(92, 1, 83, 1, '10', '2024-10-11 16:34:01', '2024-10-11 16:34:01'),
(93, 2, 1, 1, '50', '2024-10-11 16:34:01', '2024-10-11 16:34:01'),
(94, 2, 2, 1, '50', '2024-10-11 16:34:01', '2024-10-11 16:34:01'),
(95, 2, 5, 1, '50', '2024-10-11 16:34:01', '2024-10-11 16:34:01'),
(96, 2, 6, 1, '50', '2024-10-11 16:34:01', '2024-10-11 16:34:01'),
(97, 2, 7, 1, '50', '2024-10-11 16:34:01', '2024-10-11 16:34:01'),
(98, 2, 8, 1, '50', '2024-10-11 16:34:01', '2024-10-11 16:34:01'),
(99, 2, 9, 1, '50', '2024-10-11 16:34:01', '2024-10-11 16:34:01'),
(100, 2, 10, 1, '50', '2024-10-11 16:34:01', '2024-10-11 16:34:01'),
(101, 2, 11, 1, '50', '2024-10-11 16:34:01', '2024-10-11 16:34:01'),
(102, 2, 11, 2, '2000', '2024-10-11 16:34:01', '2024-10-11 16:34:01'),
(103, 2, 12, 1, '50', '2024-10-11 16:34:01', '2024-10-11 16:34:01'),
(104, 2, 12, 2, '2000', '2024-10-11 16:34:01', '2024-10-11 16:34:01'),
(105, 2, 13, 1, '50', '2024-10-11 16:34:01', '2024-10-11 16:34:01'),
(106, 2, 13, 2, '2000', '2024-10-11 16:34:01', '2024-10-11 16:34:01'),
(107, 2, 14, 1, '50', '2024-10-11 16:34:01', '2024-10-11 16:34:01'),
(108, 2, 14, 3, '2', '2024-10-11 16:34:01', '2024-10-11 16:34:01'),
(109, 2, 15, 1, '50', '2024-10-11 16:34:01', '2024-10-11 16:34:01'),
(110, 2, 15, 3, '2', '2024-10-11 16:34:01', '2024-10-11 16:34:01'),
(111, 2, 16, 1, '50', '2024-10-11 16:34:01', '2024-10-11 16:34:01'),
(112, 2, 17, 1, '50', '2024-10-11 16:34:01', '2024-10-11 16:34:01'),
(113, 2, 18, 1, '50', '2024-10-11 16:34:01', '2024-10-11 16:34:01'),
(114, 2, 18, 2, '2000', '2024-10-11 16:34:01', '2024-10-11 16:34:01'),
(115, 2, 19, 1, '50', '2024-10-11 16:34:01', '2024-10-11 16:34:01'),
(116, 2, 32, 1, '50', '2024-10-11 16:34:01', '2024-10-11 16:34:01'),
(117, 2, 32, 2, '2000', '2024-10-11 16:34:01', '2024-10-11 16:34:01'),
(118, 2, 33, 1, '50', '2024-10-11 16:34:01', '2024-10-11 16:34:01'),
(119, 2, 33, 2, '2000', '2024-10-11 16:34:01', '2024-10-11 16:34:01'),
(120, 2, 34, 1, '50', '2024-10-11 16:34:01', '2024-10-11 16:34:01'),
(121, 2, 34, 2, '2000', '2024-10-11 16:34:01', '2024-10-11 16:34:01'),
(122, 2, 35, 1, '50', '2024-10-11 16:34:01', '2024-10-11 16:34:01'),
(123, 2, 35, 2, '2000', '2024-10-11 16:34:01', '2024-10-11 16:34:01'),
(124, 2, 36, 1, '50', '2024-10-11 16:34:01', '2024-10-11 16:34:01'),
(125, 2, 36, 2, '2000', '2024-10-11 16:34:01', '2024-10-11 16:34:01'),
(126, 2, 37, 1, '50', '2024-10-11 16:34:01', '2024-10-11 16:34:01'),
(127, 2, 37, 2, '2000', '2024-10-11 16:34:01', '2024-10-11 16:34:01'),
(128, 2, 38, 1, '50', '2024-10-11 16:34:01', '2024-10-11 16:34:01'),
(129, 2, 38, 2, '2000', '2024-10-11 16:34:01', '2024-10-11 16:34:01'),
(130, 2, 39, 1, '50', '2024-10-11 16:34:01', '2024-10-11 16:34:01'),
(131, 2, 39, 2, '2000', '2024-10-11 16:34:01', '2024-10-11 16:34:01'),
(132, 2, 40, 1, '50', '2024-10-11 16:34:01', '2024-10-11 16:34:01'),
(133, 2, 40, 2, '2000', '2024-10-11 16:34:01', '2024-10-11 16:34:01'),
(134, 2, 41, 1, '50', '2024-10-11 16:34:01', '2024-10-11 16:34:01'),
(135, 2, 41, 2, '2000', '2024-10-11 16:34:01', '2024-10-11 16:34:01'),
(136, 2, 42, 1, '50', '2024-10-11 16:34:01', '2024-10-11 16:34:01'),
(137, 2, 42, 3, '2', '2024-10-11 16:34:01', '2024-10-11 16:34:01'),
(138, 2, 42, 4, '10', '2024-10-11 16:34:01', '2024-10-11 16:34:01'),
(139, 2, 43, 1, '50', '2024-10-11 16:34:01', '2024-10-11 16:34:01'),
(140, 2, 43, 3, '2', '2024-10-11 16:34:01', '2024-10-11 16:34:01'),
(141, 2, 43, 4, '10', '2024-10-11 16:34:01', '2024-10-11 16:34:01'),
(142, 2, 44, 1, '50', '2024-10-11 16:34:01', '2024-10-11 16:34:01'),
(143, 2, 44, 3, '2', '2024-10-11 16:34:01', '2024-10-11 16:34:01'),
(144, 2, 46, 1, '50', '2024-10-11 16:34:01', '2024-10-11 16:34:01'),
(145, 2, 46, 3, '2', '2024-10-11 16:34:01', '2024-10-11 16:34:01'),
(146, 2, 46, 4, '10', '2024-10-11 16:34:01', '2024-10-11 16:34:01'),
(147, 2, 47, 1, '50', '2024-10-11 16:34:01', '2024-10-11 16:34:01'),
(148, 2, 48, 1, '50', '2024-10-11 16:34:01', '2024-10-11 16:34:01'),
(149, 2, 48, 3, '2', '2024-10-11 16:34:01', '2024-10-11 16:34:01'),
(150, 2, 48, 4, '10', '2024-10-11 16:34:01', '2024-10-11 16:34:01'),
(151, 2, 49, 1, '50', '2024-10-11 16:34:01', '2024-10-11 16:34:01'),
(152, 2, 49, 3, '2', '2024-10-11 16:34:01', '2024-10-11 16:34:01'),
(153, 2, 50, 3, '2', '2024-10-11 16:34:01', '2024-10-11 16:34:01'),
(154, 2, 51, 1, '50', '2024-10-11 16:34:01', '2024-10-11 16:34:01'),
(155, 2, 51, 5, '10', '2024-10-11 16:34:01', '2024-10-11 16:34:01'),
(156, 2, 52, 1, '50', '2024-10-11 16:34:01', '2024-10-11 16:34:01'),
(157, 2, 52, 5, '10', '2024-10-11 16:34:01', '2024-10-11 16:34:01'),
(158, 2, 53, 1, '50', '2024-10-11 16:34:01', '2024-10-11 16:34:01'),
(159, 2, 53, 5, '10', '2024-10-11 16:34:01', '2024-10-11 16:34:01'),
(160, 2, 54, 1, '50', '2024-10-11 16:34:01', '2024-10-11 16:34:01'),
(161, 2, 54, 5, '10', '2024-10-11 16:34:01', '2024-10-11 16:34:01'),
(162, 2, 55, 1, '50', '2024-10-11 16:34:01', '2024-10-11 16:34:01'),
(163, 2, 55, 5, '10', '2024-10-11 16:34:01', '2024-10-11 16:34:01'),
(164, 2, 56, 1, '50', '2024-10-11 16:34:01', '2024-10-11 16:34:01'),
(165, 2, 56, 5, '10', '2024-10-11 16:34:01', '2024-10-11 16:34:01'),
(166, 2, 57, 1, '50', '2024-10-11 16:34:01', '2024-10-11 16:34:01'),
(167, 2, 58, 1, '50', '2024-10-11 16:34:01', '2024-10-11 16:34:01'),
(168, 2, 59, 1, '50', '2024-10-11 16:34:01', '2024-10-11 16:34:01'),
(169, 2, 59, 5, '10', '2024-10-11 16:34:01', '2024-10-11 16:34:01'),
(170, 2, 60, 1, '50', '2024-10-11 16:34:01', '2024-10-11 16:34:01'),
(171, 2, 61, 1, '50', '2024-10-11 16:34:01', '2024-10-11 16:34:01'),
(172, 2, 69, 1, '50', '2024-10-11 16:34:01', '2024-10-11 16:34:01'),
(173, 2, 70, 1, '50', '2024-10-11 16:34:01', '2024-10-11 16:34:01'),
(174, 2, 71, 1, '50', '2024-10-11 16:34:01', '2024-10-11 16:34:01'),
(175, 2, 74, 1, '50', '2024-10-11 16:34:01', '2024-10-11 16:34:01'),
(176, 2, 75, 1, '50', '2024-10-11 16:34:01', '2024-10-11 16:34:01'),
(177, 2, 76, 1, '50', '2024-10-11 16:34:01', '2024-10-11 16:34:01'),
(178, 2, 77, 1, '50', '2024-10-11 16:34:01', '2024-10-11 16:34:01'),
(179, 2, 78, 1, '50', '2024-10-11 16:34:01', '2024-10-11 16:34:01'),
(180, 2, 79, 1, '50', '2024-10-11 16:34:01', '2024-10-11 16:34:01'),
(181, 2, 80, 1, '50', '2024-10-11 16:34:01', '2024-10-11 16:34:01'),
(182, 2, 81, 1, '50', '2024-10-11 16:34:01', '2024-10-11 16:34:01'),
(183, 2, 82, 1, '50', '2024-10-11 16:34:01', '2024-10-11 16:34:01'),
(184, 2, 83, 1, '50', '2024-10-11 16:34:01', '2024-10-11 16:34:01'),
(185, 3, 1, 1, '100', '2024-10-11 16:34:01', '2024-10-11 16:34:01'),
(186, 3, 2, 1, '100', '2024-10-11 16:34:01', '2024-10-11 16:34:01'),
(187, 3, 5, 1, '100', '2024-10-11 16:34:01', '2024-10-11 16:34:01'),
(188, 3, 6, 1, '100', '2024-10-11 16:34:01', '2024-10-11 16:34:01'),
(189, 3, 7, 1, '100', '2024-10-11 16:34:01', '2024-10-11 16:34:01'),
(190, 3, 8, 1, '100', '2024-10-11 16:34:01', '2024-10-11 16:34:01'),
(191, 3, 9, 1, '100', '2024-10-11 16:34:01', '2024-10-11 16:34:01'),
(192, 3, 10, 1, '100', '2024-10-11 16:34:01', '2024-10-11 16:34:01'),
(193, 3, 11, 1, '100', '2024-10-11 16:34:01', '2024-10-11 16:34:01'),
(194, 3, 11, 2, '3000', '2024-10-11 16:34:01', '2024-10-11 16:34:01'),
(195, 3, 12, 1, '100', '2024-10-11 16:34:01', '2024-10-11 16:34:01'),
(196, 3, 12, 2, '3000', '2024-10-11 16:34:01', '2024-10-11 16:34:01'),
(197, 3, 13, 1, '100', '2024-10-11 16:34:01', '2024-10-11 16:34:01'),
(198, 3, 13, 2, '3000', '2024-10-11 16:34:01', '2024-10-11 16:34:01'),
(199, 3, 14, 1, '100', '2024-10-11 16:34:01', '2024-10-11 16:34:01'),
(200, 3, 14, 3, '5', '2024-10-11 16:34:01', '2024-10-11 16:34:01'),
(201, 3, 15, 1, '100', '2024-10-11 16:34:01', '2024-10-11 16:34:01'),
(202, 3, 15, 3, '5', '2024-10-11 16:34:01', '2024-10-11 16:34:01'),
(203, 3, 16, 1, '100', '2024-10-11 16:34:01', '2024-10-11 16:34:01'),
(204, 3, 17, 1, '100', '2024-10-11 16:34:01', '2024-10-11 16:34:01'),
(205, 3, 18, 1, '100', '2024-10-11 16:34:01', '2024-10-11 16:34:01'),
(206, 3, 18, 2, '3000', '2024-10-11 16:34:01', '2024-10-11 16:34:01'),
(207, 3, 19, 1, '100', '2024-10-11 16:34:01', '2024-10-11 16:34:01'),
(208, 3, 32, 1, '100', '2024-10-11 16:34:01', '2024-10-11 16:34:01'),
(209, 3, 32, 2, '3000', '2024-10-11 16:34:01', '2024-10-11 16:34:01'),
(210, 3, 33, 1, '100', '2024-10-11 16:34:01', '2024-10-11 16:34:01'),
(211, 3, 33, 2, '3000', '2024-10-11 16:34:01', '2024-10-11 16:34:01'),
(212, 3, 34, 1, '100', '2024-10-11 16:34:01', '2024-10-11 16:34:01'),
(213, 3, 34, 2, '3000', '2024-10-11 16:34:01', '2024-10-11 16:34:01'),
(214, 3, 35, 1, '100', '2024-10-11 16:34:01', '2024-10-11 16:34:01'),
(215, 3, 35, 2, '3000', '2024-10-11 16:34:01', '2024-10-11 16:34:01'),
(216, 3, 36, 1, '100', '2024-10-11 16:34:01', '2024-10-11 16:34:01'),
(217, 3, 36, 2, '3000', '2024-10-11 16:34:01', '2024-10-11 16:34:01'),
(218, 3, 37, 1, '100', '2024-10-11 16:34:01', '2024-10-11 16:34:01'),
(219, 3, 37, 2, '3000', '2024-10-11 16:34:01', '2024-10-11 16:34:01'),
(220, 3, 38, 1, '100', '2024-10-11 16:34:01', '2024-10-11 16:34:01'),
(221, 3, 38, 2, '3000', '2024-10-11 16:34:01', '2024-10-11 16:34:01'),
(222, 3, 39, 1, '100', '2024-10-11 16:34:01', '2024-10-11 16:34:01'),
(223, 3, 39, 2, '3000', '2024-10-11 16:34:01', '2024-10-11 16:34:01'),
(224, 3, 40, 1, '100', '2024-10-11 16:34:02', '2024-10-11 16:34:02'),
(225, 3, 40, 2, '3000', '2024-10-11 16:34:02', '2024-10-11 16:34:02'),
(226, 3, 41, 1, '100', '2024-10-11 16:34:02', '2024-10-11 16:34:02'),
(227, 3, 41, 2, '3000', '2024-10-11 16:34:02', '2024-10-11 16:34:02'),
(228, 3, 42, 1, '100', '2024-10-11 16:34:02', '2024-10-11 16:34:02'),
(229, 3, 42, 3, '5', '2024-10-11 16:34:02', '2024-10-11 16:34:02'),
(230, 3, 42, 4, '20', '2024-10-11 16:34:02', '2024-10-11 16:34:02'),
(231, 3, 43, 1, '100', '2024-10-11 16:34:02', '2024-10-11 16:34:02'),
(232, 3, 43, 3, '5', '2024-10-11 16:34:02', '2024-10-11 16:34:02'),
(233, 3, 43, 4, '20', '2024-10-11 16:34:02', '2024-10-11 16:34:02'),
(234, 3, 44, 1, '100', '2024-10-11 16:34:02', '2024-10-11 16:34:02'),
(235, 3, 44, 3, '5', '2024-10-11 16:34:02', '2024-10-11 16:34:02'),
(236, 3, 46, 1, '100', '2024-10-11 16:34:02', '2024-10-11 16:34:02'),
(237, 3, 46, 3, '5', '2024-10-11 16:34:02', '2024-10-11 16:34:02'),
(238, 3, 46, 4, '20', '2024-10-11 16:34:02', '2024-10-11 16:34:02'),
(239, 3, 47, 1, '100', '2024-10-11 16:34:02', '2024-10-11 16:34:02'),
(240, 3, 48, 1, '100', '2024-10-11 16:34:02', '2024-10-11 16:34:02'),
(241, 3, 48, 3, '5', '2024-10-11 16:34:02', '2024-10-11 16:34:02'),
(242, 3, 48, 4, '20', '2024-10-11 16:34:02', '2024-10-11 16:34:02'),
(243, 3, 49, 1, '100', '2024-10-11 16:34:02', '2024-10-11 16:34:02'),
(244, 3, 49, 3, '5', '2024-10-11 16:34:02', '2024-10-11 16:34:02'),
(245, 3, 50, 3, '5', '2024-10-11 16:34:02', '2024-10-11 16:34:02'),
(246, 3, 51, 1, '100', '2024-10-11 16:34:02', '2024-10-11 16:34:02'),
(247, 3, 51, 5, '10', '2024-10-11 16:34:02', '2024-10-11 16:34:02'),
(248, 3, 52, 1, '100', '2024-10-11 16:34:02', '2024-10-11 16:34:02'),
(249, 3, 52, 5, '10', '2024-10-11 16:34:02', '2024-10-11 16:34:02'),
(250, 3, 53, 1, '100', '2024-10-11 16:34:02', '2024-10-11 16:34:02'),
(251, 3, 53, 5, '10', '2024-10-11 16:34:02', '2024-10-11 16:34:02'),
(252, 3, 54, 1, '100', '2024-10-11 16:34:02', '2024-10-11 16:34:02'),
(253, 3, 54, 5, '10', '2024-10-11 16:34:02', '2024-10-11 16:34:02'),
(254, 3, 55, 1, '100', '2024-10-11 16:34:02', '2024-10-11 16:34:02'),
(255, 3, 55, 5, '10', '2024-10-11 16:34:02', '2024-10-11 16:34:02'),
(256, 3, 56, 1, '100', '2024-10-11 16:34:02', '2024-10-11 16:34:02'),
(257, 3, 56, 5, '10', '2024-10-11 16:34:02', '2024-10-11 16:34:02'),
(258, 3, 57, 1, '100', '2024-10-11 16:34:02', '2024-10-11 16:34:02'),
(259, 3, 58, 1, '100', '2024-10-11 16:34:02', '2024-10-11 16:34:02'),
(260, 3, 59, 1, '100', '2024-10-11 16:34:02', '2024-10-11 16:34:02'),
(261, 3, 59, 5, '10', '2024-10-11 16:34:02', '2024-10-11 16:34:02'),
(262, 3, 60, 1, '100', '2024-10-11 16:34:02', '2024-10-11 16:34:02'),
(263, 3, 61, 1, '100', '2024-10-11 16:34:02', '2024-10-11 16:34:02'),
(264, 3, 69, 1, '100', '2024-10-11 16:34:02', '2024-10-11 16:34:02'),
(265, 3, 70, 1, '100', '2024-10-11 16:34:02', '2024-10-11 16:34:02'),
(266, 3, 71, 1, '100', '2024-10-11 16:34:02', '2024-10-11 16:34:02'),
(267, 3, 74, 1, '100', '2024-10-11 16:34:02', '2024-10-11 16:34:02'),
(268, 3, 75, 1, '100', '2024-10-11 16:34:02', '2024-10-11 16:34:02'),
(269, 3, 76, 1, '100', '2024-10-11 16:34:02', '2024-10-11 16:34:02'),
(270, 3, 77, 1, '100', '2024-10-11 16:34:02', '2024-10-11 16:34:02'),
(271, 3, 78, 1, '100', '2024-10-11 16:34:02', '2024-10-11 16:34:02'),
(272, 3, 79, 1, '100', '2024-10-11 16:34:02', '2024-10-11 16:34:02'),
(273, 3, 80, 1, '100', '2024-10-11 16:34:02', '2024-10-11 16:34:02'),
(274, 3, 81, 1, '100', '2024-10-11 16:34:02', '2024-10-11 16:34:02'),
(275, 3, 82, 1, '100', '2024-10-11 16:34:02', '2024-10-11 16:34:02'),
(276, 3, 83, 1, '100', '2024-10-11 16:34:02', '2024-10-11 16:34:02'),
(277, 4, 1, 1, '250', '2024-10-11 16:34:02', '2024-10-11 16:34:02'),
(278, 4, 2, 1, '250', '2024-10-11 16:34:02', '2024-10-11 16:34:02'),
(279, 4, 5, 1, '250', '2024-10-11 16:34:02', '2024-10-11 16:34:02'),
(280, 4, 6, 1, '250', '2024-10-11 16:34:02', '2024-10-11 16:34:02'),
(281, 4, 7, 1, '250', '2024-10-11 16:34:02', '2024-10-11 16:34:02'),
(282, 4, 8, 1, '250', '2024-10-11 16:34:02', '2024-10-11 16:34:02'),
(283, 4, 9, 1, '250', '2024-10-11 16:34:02', '2024-10-11 16:34:02'),
(284, 4, 10, 1, '250', '2024-10-11 16:34:02', '2024-10-11 16:34:02'),
(285, 4, 11, 1, '250', '2024-10-11 16:34:02', '2024-10-11 16:34:02'),
(286, 4, 11, 2, '4000', '2024-10-11 16:34:02', '2024-10-11 16:34:02'),
(287, 4, 12, 1, '250', '2024-10-11 16:34:02', '2024-10-11 16:34:02'),
(288, 4, 12, 2, '4000', '2024-10-11 16:34:02', '2024-10-11 16:34:02'),
(289, 4, 13, 1, '250', '2024-10-11 16:34:02', '2024-10-11 16:34:02'),
(290, 4, 13, 2, '4000', '2024-10-11 16:34:02', '2024-10-11 16:34:02'),
(291, 4, 14, 1, '250', '2024-10-11 16:34:02', '2024-10-11 16:34:02'),
(292, 4, 14, 3, '20', '2024-10-11 16:34:02', '2024-10-11 16:34:02'),
(293, 4, 15, 1, '250', '2024-10-11 16:34:02', '2024-10-11 16:34:02'),
(294, 4, 15, 3, '20', '2024-10-11 16:34:02', '2024-10-11 16:34:02'),
(295, 4, 16, 1, '250', '2024-10-11 16:34:02', '2024-10-11 16:34:02'),
(296, 4, 17, 1, '250', '2024-10-11 16:34:02', '2024-10-11 16:34:02'),
(297, 4, 18, 1, '250', '2024-10-11 16:34:02', '2024-10-11 16:34:02'),
(298, 4, 18, 2, '4000', '2024-10-11 16:34:02', '2024-10-11 16:34:02'),
(299, 4, 19, 1, '250', '2024-10-11 16:34:02', '2024-10-11 16:34:02'),
(300, 4, 32, 1, '250', '2024-10-11 16:34:02', '2024-10-11 16:34:02'),
(301, 4, 32, 2, '4000', '2024-10-11 16:34:02', '2024-10-11 16:34:02'),
(302, 4, 33, 1, '250', '2024-10-11 16:34:02', '2024-10-11 16:34:02'),
(303, 4, 33, 2, '4000', '2024-10-11 16:34:02', '2024-10-11 16:34:02'),
(304, 4, 34, 1, '250', '2024-10-11 16:34:02', '2024-10-11 16:34:02'),
(305, 4, 34, 2, '4000', '2024-10-11 16:34:02', '2024-10-11 16:34:02'),
(306, 4, 35, 1, '250', '2024-10-11 16:34:02', '2024-10-11 16:34:02'),
(307, 4, 35, 2, '4000', '2024-10-11 16:34:02', '2024-10-11 16:34:02'),
(308, 4, 36, 1, '250', '2024-10-11 16:34:02', '2024-10-11 16:34:02'),
(309, 4, 36, 2, '4000', '2024-10-11 16:34:02', '2024-10-11 16:34:02'),
(310, 4, 37, 1, '250', '2024-10-11 16:34:02', '2024-10-11 16:34:02'),
(311, 4, 37, 2, '4000', '2024-10-11 16:34:02', '2024-10-11 16:34:02'),
(312, 4, 38, 1, '250', '2024-10-11 16:34:02', '2024-10-11 16:34:02'),
(313, 4, 38, 2, '4000', '2024-10-11 16:34:02', '2024-10-11 16:34:02'),
(314, 4, 39, 1, '250', '2024-10-11 16:34:02', '2024-10-11 16:34:02'),
(315, 4, 39, 2, '4000', '2024-10-11 16:34:02', '2024-10-11 16:34:02'),
(316, 4, 40, 1, '250', '2024-10-11 16:34:02', '2024-10-11 16:34:02'),
(317, 4, 40, 2, '4000', '2024-10-11 16:34:02', '2024-10-11 16:34:02'),
(318, 4, 41, 1, '250', '2024-10-11 16:34:02', '2024-10-11 16:34:02'),
(319, 4, 41, 2, '4000', '2024-10-11 16:34:02', '2024-10-11 16:34:02'),
(320, 4, 42, 1, '250', '2024-10-11 16:34:02', '2024-10-11 16:34:02'),
(321, 4, 42, 3, '20', '2024-10-11 16:34:02', '2024-10-11 16:34:02'),
(322, 4, 42, 4, '30', '2024-10-11 16:34:02', '2024-10-11 16:34:02'),
(323, 4, 43, 1, '250', '2024-10-11 16:34:02', '2024-10-11 16:34:02'),
(324, 4, 43, 3, '20', '2024-10-11 16:34:02', '2024-10-11 16:34:02'),
(325, 4, 43, 4, '30', '2024-10-11 16:34:02', '2024-10-11 16:34:02'),
(326, 4, 44, 1, '250', '2024-10-11 16:34:02', '2024-10-11 16:34:02'),
(327, 4, 44, 3, '20', '2024-10-11 16:34:02', '2024-10-11 16:34:02'),
(328, 4, 46, 1, '250', '2024-10-11 16:34:02', '2024-10-11 16:34:02'),
(329, 4, 46, 3, '20', '2024-10-11 16:34:02', '2024-10-11 16:34:02'),
(330, 4, 46, 4, '30', '2024-10-11 16:34:02', '2024-10-11 16:34:02'),
(331, 4, 47, 1, '250', '2024-10-11 16:34:02', '2024-10-11 16:34:02'),
(332, 4, 48, 1, '250', '2024-10-11 16:34:02', '2024-10-11 16:34:02'),
(333, 4, 48, 3, '20', '2024-10-11 16:34:02', '2024-10-11 16:34:02'),
(334, 4, 48, 4, '30', '2024-10-11 16:34:02', '2024-10-11 16:34:02'),
(335, 4, 49, 1, '250', '2024-10-11 16:34:02', '2024-10-11 16:34:02'),
(336, 4, 49, 3, '20', '2024-10-11 16:34:02', '2024-10-11 16:34:02'),
(337, 4, 50, 3, '20', '2024-10-11 16:34:02', '2024-10-11 16:34:02'),
(338, 4, 51, 1, '250', '2024-10-11 16:34:02', '2024-10-11 16:34:02'),
(339, 4, 51, 5, '15', '2024-10-11 16:34:02', '2024-10-11 16:34:02'),
(340, 4, 52, 1, '250', '2024-10-11 16:34:02', '2024-10-11 16:34:02'),
(341, 4, 52, 5, '15', '2024-10-11 16:34:02', '2024-10-11 16:34:02'),
(342, 4, 53, 1, '250', '2024-10-11 16:34:02', '2024-10-11 16:34:02'),
(343, 4, 53, 5, '15', '2024-10-11 16:34:02', '2024-10-11 16:34:02'),
(344, 4, 54, 1, '250', '2024-10-11 16:34:02', '2024-10-11 16:34:02'),
(345, 4, 54, 5, '15', '2024-10-11 16:34:02', '2024-10-11 16:34:02'),
(346, 4, 55, 1, '250', '2024-10-11 16:34:02', '2024-10-11 16:34:02'),
(347, 4, 55, 5, '15', '2024-10-11 16:34:02', '2024-10-11 16:34:02'),
(348, 4, 56, 1, '250', '2024-10-11 16:34:02', '2024-10-11 16:34:02'),
(349, 4, 56, 5, '15', '2024-10-11 16:34:02', '2024-10-11 16:34:02'),
(350, 4, 57, 1, '250', '2024-10-11 16:34:02', '2024-10-11 16:34:02'),
(351, 4, 58, 1, '250', '2024-10-11 16:34:02', '2024-10-11 16:34:02'),
(352, 4, 59, 1, '250', '2024-10-11 16:34:02', '2024-10-11 16:34:02'),
(353, 4, 59, 5, '15', '2024-10-11 16:34:02', '2024-10-11 16:34:02'),
(354, 4, 60, 1, '250', '2024-10-11 16:34:02', '2024-10-11 16:34:02'),
(355, 4, 61, 1, '250', '2024-10-11 16:34:02', '2024-10-11 16:34:02'),
(356, 4, 69, 1, '250', '2024-10-11 16:34:02', '2024-10-11 16:34:02'),
(357, 4, 70, 1, '250', '2024-10-11 16:34:02', '2024-10-11 16:34:02'),
(358, 4, 71, 1, '250', '2024-10-11 16:34:02', '2024-10-11 16:34:02'),
(359, 4, 74, 1, '250', '2024-10-11 16:34:02', '2024-10-11 16:34:02'),
(360, 4, 75, 1, '250', '2024-10-11 16:34:02', '2024-10-11 16:34:02'),
(361, 4, 76, 1, '250', '2024-10-11 16:34:02', '2024-10-11 16:34:02'),
(362, 4, 77, 1, '250', '2024-10-11 16:34:02', '2024-10-11 16:34:02'),
(363, 4, 78, 1, '250', '2024-10-11 16:34:02', '2024-10-11 16:34:02'),
(364, 4, 79, 1, '250', '2024-10-11 16:34:02', '2024-10-11 16:34:02'),
(365, 4, 80, 1, '250', '2024-10-11 16:34:02', '2024-10-11 16:34:02'),
(366, 4, 81, 1, '250', '2024-10-11 16:34:02', '2024-10-11 16:34:02'),
(367, 4, 82, 1, '250', '2024-10-11 16:34:02', '2024-10-11 16:34:02'),
(368, 4, 83, 1, '250', '2024-10-11 16:34:02', '2024-10-11 16:34:02'),
(369, 1, 86, 1, '0', '2024-11-27 15:26:56', '2024-11-27 15:26:56'),
(370, 1, 86, 3, '0', '2024-11-27 15:26:56', '2024-11-27 15:26:56'),
(371, 1, 86, 4, '0', '2024-11-27 15:26:56', '2024-11-27 15:26:56'),
(372, 1, 87, 1, '0', '2024-11-27 15:26:56', '2024-11-27 15:26:56'),
(373, 1, 87, 3, '0', '2024-11-27 15:26:56', '2024-11-27 15:26:56'),
(374, 1, 87, 4, '0', '2024-11-27 15:26:56', '2024-11-27 15:26:56'),
(375, 1, 88, 1, '0', '2024-11-27 15:26:56', '2024-11-27 15:26:56'),
(376, 1, 88, 3, '0', '2024-11-27 15:26:56', '2024-11-27 15:26:56'),
(377, 1, 88, 4, '0', '2024-11-27 15:26:56', '2024-11-27 15:26:56'),
(378, 1, 89, 1, '0', '2024-11-27 15:26:56', '2024-11-27 15:26:56'),
(379, 1, 89, 3, '0', '2024-11-27 15:26:56', '2024-11-27 15:26:56'),
(380, 1, 89, 4, '0', '2024-11-27 15:26:56', '2024-11-27 15:26:56'),
(381, 1, 90, 1, '0', '2024-11-27 15:26:56', '2024-11-27 15:26:56'),
(382, 1, 90, 3, '0', '2024-11-27 15:26:56', '2024-11-27 15:26:56'),
(383, 1, 90, 4, '0', '2024-11-27 15:26:56', '2024-11-27 15:26:56'),
(384, 1, 91, 1, '0', '2024-11-27 15:26:56', '2024-11-27 15:26:56'),
(385, 1, 91, 3, '0', '2024-11-27 15:26:56', '2024-11-27 15:26:56'),
(386, 1, 91, 4, '0', '2024-11-27 15:26:56', '2024-11-27 15:26:56'),
(387, 1, 92, 1, '0', '2024-11-27 15:26:56', '2024-11-27 15:26:56'),
(388, 1, 92, 3, '0', '2024-11-27 15:26:56', '2024-11-27 15:26:56'),
(389, 1, 92, 4, '0', '2024-11-27 15:26:56', '2024-11-27 15:26:56'),
(390, 1, 93, 1, '0', '2024-11-27 15:26:56', '2024-11-27 15:26:56'),
(391, 1, 93, 3, '0', '2024-11-27 15:26:56', '2024-11-27 15:26:56'),
(392, 1, 94, 1, '0', '2024-11-27 15:26:56', '2024-11-27 15:26:56'),
(393, 1, 94, 3, '0', '2024-11-27 15:26:56', '2024-11-27 15:26:56'),
(394, 1, 94, 4, '0', '2024-11-27 15:26:56', '2024-11-27 15:26:56'),
(395, 1, 95, 1, '0', '2024-11-27 15:26:56', '2024-11-27 15:26:56'),
(396, 1, 95, 3, '0', '2024-11-27 15:26:56', '2024-11-27 15:26:56'),
(397, 1, 95, 4, '0', '2024-11-27 15:26:56', '2024-11-27 15:26:56'),
(398, 1, 96, 1, '0', '2024-11-27 15:26:56', '2024-11-27 15:26:56'),
(399, 1, 96, 3, '0', '2024-11-27 15:26:56', '2024-11-27 15:26:56'),
(400, 1, 96, 4, '0', '2024-11-27 15:26:56', '2024-11-27 15:26:56'),
(401, 1, 97, 1, '0', '2024-11-27 15:26:56', '2024-11-27 15:26:56'),
(402, 1, 97, 3, '0', '2024-11-27 15:26:56', '2024-11-27 15:26:56'),
(403, 1, 97, 4, '0', '2024-11-27 15:26:56', '2024-11-27 15:26:56'),
(404, 1, 98, 1, '0', '2024-11-27 15:26:56', '2024-11-27 15:26:56'),
(405, 1, 98, 3, '0', '2024-11-27 15:26:56', '2024-11-27 15:26:56'),
(406, 1, 98, 4, '0', '2024-11-27 15:26:56', '2024-11-27 15:26:56'),
(407, 1, 99, 1, '0', '2024-11-27 15:26:56', '2024-11-27 15:26:56'),
(408, 1, 99, 3, '0', '2024-11-27 15:26:56', '2024-11-27 15:26:56'),
(409, 1, 99, 4, '0', '2024-11-27 15:26:56', '2024-11-27 15:26:56'),
(410, 1, 100, 1, '0', '2024-11-27 15:26:56', '2024-11-27 15:26:56'),
(411, 1, 101, 1, '0', '2024-11-27 15:26:56', '2024-11-27 15:26:56'),
(412, 1, 101, 3, '0', '2024-11-27 15:26:56', '2024-11-27 15:26:56'),
(413, 1, 101, 4, '0', '2024-11-27 15:26:56', '2024-11-27 15:26:56'),
(414, 1, 102, 1, '0', '2024-11-27 15:26:56', '2024-11-27 15:26:56'),
(415, 1, 102, 3, '0', '2024-11-27 15:26:56', '2024-11-27 15:26:56'),
(416, 1, 102, 4, '0', '2024-11-27 15:26:56', '2024-11-27 15:26:56'),
(417, 1, 103, 1, '0', '2024-11-27 15:26:56', '2024-11-27 15:26:56'),
(418, 1, 103, 3, '0', '2024-11-27 15:26:56', '2024-11-27 15:26:56'),
(419, 1, 103, 4, '0', '2024-11-27 15:26:56', '2024-11-27 15:26:56'),
(420, 1, 104, 1, '0', '2024-11-27 15:26:56', '2024-11-27 15:26:56'),
(421, 1, 104, 3, '0', '2024-11-27 15:26:56', '2024-11-27 15:26:56'),
(422, 1, 104, 4, '0', '2024-11-27 15:26:56', '2024-11-27 15:26:56'),
(423, 1, 105, 1, '0', '2024-11-27 15:26:56', '2024-11-27 15:26:56'),
(424, 1, 105, 3, '0', '2024-11-27 15:26:56', '2024-11-27 15:26:56'),
(425, 1, 105, 4, '0', '2024-11-27 15:26:56', '2024-11-27 15:26:56'),
(426, 1, 106, 1, '0', '2024-11-27 15:26:56', '2024-11-27 15:26:56'),
(427, 1, 106, 3, '0', '2024-11-27 15:26:56', '2024-11-27 15:26:56'),
(428, 1, 106, 4, '0', '2024-11-27 15:26:56', '2024-11-27 15:26:56'),
(429, 1, 107, 1, '0', '2024-11-27 15:26:56', '2024-11-27 15:26:56'),
(430, 1, 107, 3, '0', '2024-11-27 15:26:56', '2024-11-27 15:26:56'),
(431, 1, 107, 4, '0', '2024-11-27 15:26:56', '2024-11-27 15:26:56'),
(432, 1, 108, 1, '0', '2024-11-27 15:26:56', '2024-11-27 15:26:56'),
(433, 1, 108, 3, '0', '2024-11-27 15:26:56', '2024-11-27 15:26:56'),
(434, 1, 108, 4, '0', '2024-11-27 15:26:56', '2024-11-27 15:26:56'),
(435, 1, 109, 1, '0', '2024-11-27 15:26:56', '2024-11-27 15:26:56'),
(436, 1, 109, 3, '0', '2024-11-27 15:26:56', '2024-11-27 15:26:56'),
(437, 1, 109, 4, '0', '2024-11-27 15:26:56', '2024-11-27 15:26:56'),
(438, 1, 110, 1, '0', '2024-11-27 15:26:56', '2024-11-27 15:26:56'),
(439, 1, 110, 3, '0', '2024-11-27 15:26:56', '2024-11-27 15:26:56'),
(440, 1, 110, 4, '0', '2024-11-27 15:26:56', '2024-11-27 15:26:56'),
(441, 1, 111, 1, '0', '2024-11-27 15:26:56', '2024-11-27 15:26:56'),
(442, 1, 111, 3, '0', '2024-11-27 15:26:56', '2024-11-27 15:26:56'),
(443, 1, 111, 4, '0', '2024-11-27 15:26:56', '2024-11-27 15:26:56'),
(444, 1, 112, 1, '0', '2024-11-27 15:26:56', '2024-11-27 15:26:56'),
(445, 1, 112, 3, '0', '2024-11-27 15:26:56', '2024-11-27 15:26:56'),
(446, 1, 113, 1, '0', '2024-11-27 15:26:56', '2024-11-27 15:26:56'),
(447, 1, 114, 1, '0', '2024-11-27 15:26:56', '2024-11-27 15:26:56'),
(448, 1, 115, 1, '0', '2024-11-27 15:26:56', '2024-11-27 15:26:56'),
(449, 1, 116, 1, '0', '2024-11-27 15:26:56', '2024-11-27 15:26:56'),
(450, 1, 117, 1, '0', '2024-11-27 15:26:56', '2024-11-27 15:26:56'),
(451, 1, 118, 1, '0', '2024-11-27 15:26:56', '2024-11-27 15:26:56'),
(452, 1, 119, 1, '0', '2024-11-27 15:26:56', '2024-11-27 15:26:56'),
(453, 1, 120, 1, '0', '2024-11-27 15:26:56', '2024-11-27 15:26:56'),
(454, 1, 120, 5, '0', '2024-11-27 15:26:56', '2024-11-27 15:26:56'),
(455, 1, 121, 1, '0', '2024-11-27 15:26:56', '2024-11-27 15:26:56'),
(456, 1, 122, 1, '0', '2024-11-27 15:26:56', '2024-11-27 15:26:56'),
(457, 1, 123, 1, '0', '2024-11-27 15:26:56', '2024-11-27 15:26:56'),
(458, 1, 124, 1, '0', '2024-11-27 15:26:56', '2024-11-27 15:26:56'),
(459, 1, 125, 1, '0', '2024-11-27 15:26:56', '2024-11-27 15:26:56'),
(460, 1, 126, 1, '0', '2024-11-27 15:26:56', '2024-11-27 15:26:56'),
(461, 1, 127, 1, '0', '2024-11-27 15:26:56', '2024-11-27 15:26:56'),
(462, 1, 128, 1, '0', '2024-11-27 15:26:56', '2024-11-27 15:26:56'),
(463, 1, 129, 1, '0', '2024-11-27 15:26:56', '2024-11-27 15:26:56'),
(464, 1, 130, 1, '0', '2024-11-27 15:26:56', '2024-11-27 15:26:56'),
(465, 1, 130, 2, '0', '2024-11-27 15:26:56', '2024-11-27 15:26:56'),
(466, 1, 131, 1, '0', '2024-11-27 15:26:56', '2024-11-27 15:26:56'),
(467, 1, 131, 2, '0', '2024-11-27 15:26:56', '2024-11-27 15:26:56'),
(468, 1, 132, 1, '0', '2024-11-27 15:26:56', '2024-11-27 15:26:56'),
(469, 1, 132, 5, '0', '2024-11-27 15:26:56', '2024-11-27 15:26:56'),
(470, 1, 133, 1, '0', '2024-11-27 15:26:56', '2024-11-27 15:26:56'),
(471, 1, 133, 2, '0', '2024-11-27 15:26:56', '2024-11-27 15:26:56'),
(472, 1, 134, 1, '0', '2024-11-27 15:26:56', '2024-11-27 15:26:56'),
(473, 1, 134, 3, '0', '2024-11-27 15:26:56', '2024-11-27 15:26:56'),
(474, 1, 134, 4, '0', '2024-11-27 15:26:56', '2024-11-27 15:26:56'),
(475, 1, 135, 1, '0', '2024-11-27 15:26:56', '2024-11-27 15:26:56'),
(476, 1, 135, 3, '0', '2024-11-27 15:26:56', '2024-11-27 15:26:56'),
(477, 1, 135, 4, '0', '2024-11-27 15:26:56', '2024-11-27 15:26:56'),
(478, 1, 136, 1, '0', '2024-11-27 15:26:56', '2024-11-27 15:26:56'),
(479, 1, 137, 1, '0', '2024-11-27 15:26:56', '2024-11-27 15:26:56'),
(480, 1, 138, 1, '0', '2024-11-27 15:26:56', '2024-11-27 15:26:56'),
(481, 1, 139, 1, '0', '2024-11-27 15:26:56', '2024-11-27 15:26:56'),
(482, 1, 140, 1, '0', '2024-11-27 15:26:56', '2024-11-27 15:26:56'),
(483, 1, 141, 1, '0', '2024-11-27 15:26:56', '2024-11-27 15:26:56'),
(484, 1, 141, 3, '0', '2024-11-27 15:26:56', '2024-11-27 15:26:56'),
(485, 1, 142, 1, '0', '2024-11-27 15:26:56', '2024-11-27 15:26:56'),
(486, 1, 142, 3, '0', '2024-11-27 15:26:56', '2024-11-27 15:26:56'),
(487, 1, 142, 4, '0', '2024-11-27 15:26:56', '2024-11-27 15:26:56'),
(488, 1, 143, 1, '0', '2024-11-27 15:26:56', '2024-11-27 15:26:56'),
(489, 1, 143, 3, '0', '2024-11-27 15:26:56', '2024-11-27 15:26:56'),
(490, 1, 143, 4, '0', '2024-11-27 15:26:56', '2024-11-27 15:26:56'),
(491, 1, 144, 1, '0', '2024-11-27 15:26:56', '2024-11-27 15:26:56'),
(492, 1, 144, 3, '0', '2024-11-27 15:26:56', '2024-11-27 15:26:56'),
(493, 1, 144, 4, '0', '2024-11-27 15:26:56', '2024-11-27 15:26:56'),
(494, 1, 145, 1, '0', '2024-11-27 15:26:56', '2024-11-27 15:26:56'),
(495, 1, 145, 3, '0', '2024-11-27 15:26:56', '2024-11-27 15:26:56'),
(496, 1, 145, 4, '0', '2024-11-27 15:26:56', '2024-11-27 15:26:56'),
(497, 1, 146, 1, '0', '2024-11-27 15:26:56', '2024-11-27 15:26:56'),
(498, 1, 146, 3, '0', '2024-11-27 15:26:56', '2024-11-27 15:26:56'),
(499, 1, 146, 4, '0', '2024-11-27 15:26:56', '2024-11-27 15:26:56'),
(500, 1, 147, 1, '0', '2024-11-27 15:26:56', '2024-11-27 15:26:56'),
(501, 1, 147, 3, '0', '2024-11-27 15:26:56', '2024-11-27 15:26:56'),
(502, 1, 147, 4, '0', '2024-11-27 15:26:56', '2024-11-27 15:26:56'),
(503, 1, 148, 1, '0', '2024-11-27 15:26:56', '2024-11-27 15:26:56'),
(504, 1, 148, 3, '0', '2024-11-27 15:26:56', '2024-11-27 15:26:56'),
(505, 1, 148, 4, '0', '2024-11-27 15:26:56', '2024-11-27 15:26:56'),
(506, 1, 149, 1, '0', '2024-11-27 15:26:56', '2024-11-27 15:26:56'),
(507, 1, 149, 3, '0', '2024-11-27 15:26:56', '2024-11-27 15:26:56'),
(508, 1, 149, 4, '0', '2024-11-27 15:26:56', '2024-11-27 15:26:56'),
(509, 1, 150, 1, '0', '2024-11-27 15:26:56', '2024-11-27 15:26:56'),
(510, 1, 150, 3, '0', '2024-11-27 15:26:56', '2024-11-27 15:26:56'),
(511, 1, 150, 4, '0', '2024-11-27 15:26:56', '2024-11-27 15:26:56'),
(512, 1, 151, 1, '0', '2024-11-27 15:26:56', '2024-11-27 15:26:56'),
(513, 1, 152, 1, '0', '2024-11-27 15:26:56', '2024-11-27 15:26:56'),
(514, 1, 153, 1, '0', '2024-11-27 15:26:56', '2024-11-27 15:26:56');

-- --------------------------------------------------------

--
-- Table structure for table `plan_translations`
--

CREATE TABLE `plan_translations` (
  `id` bigint(20) UNSIGNED NOT NULL,
  `locale` varchar(191) NOT NULL,
  `plan_id` bigint(20) UNSIGNED NOT NULL,
  `name` varchar(100) NOT NULL,
  `description` mediumtext DEFAULT NULL
) ENGINE=InnoDB DEFAULT CHARSET=utf8mb4 COLLATE=utf8mb4_unicode_ci;

--
-- Dumping data for table `plan_translations`
--

INSERT INTO `plan_translations` (`id`, `locale`, `plan_id`, `name`, `description`) VALUES
(1, 'en', 1, 'Basic', 'Basic plan for students.'),
(2, 'en', 2, 'Classic', 'Best plan for individuals and small teams.'),
(3, 'en', 3, 'Professional', 'Best plan for large teams.'),
(4, 'en', 4, 'Enterprise', 'Best for teams and organizations.');

-- --------------------------------------------------------

--
-- Table structure for table `posts`
--

CREATE TABLE `posts` (
  `id` bigint(20) UNSIGNED NOT NULL,
  `author_id` bigint(20) UNSIGNED NOT NULL,
  `featured` tinyint(4) DEFAULT 0,
  `status` varchar(191) NOT NULL DEFAULT 'draft',
  `comments_status` tinyint(1) NOT NULL DEFAULT 1,
  `created_at` timestamp NULL DEFAULT NULL,
  `updated_at` timestamp NULL DEFAULT NULL,
  `deleted_at` timestamp NULL DEFAULT NULL
) ENGINE=InnoDB DEFAULT CHARSET=utf8mb4 COLLATE=utf8mb4_unicode_ci;

--
-- Dumping data for table `posts`
--

INSERT INTO `posts` (`id`, `author_id`, `featured`, `status`, `comments_status`, `created_at`, `updated_at`, `deleted_at`) VALUES
(1, 1, 0, 'published', 1, '2024-10-11 16:34:02', '2024-10-11 16:34:02', NULL);

-- --------------------------------------------------------

--
-- Table structure for table `post_translations`
--

CREATE TABLE `post_translations` (
  `id` bigint(20) UNSIGNED NOT NULL,
  `locale` varchar(191) NOT NULL,
  `post_id` bigint(20) UNSIGNED NOT NULL,
  `slug` varchar(191) NOT NULL,
  `title` varchar(150) NOT NULL,
  `contents` longtext DEFAULT NULL,
  `meta_title` varchar(191) DEFAULT NULL,
  `meta_description` varchar(500) DEFAULT NULL,
  `og_title` varchar(191) DEFAULT NULL,
  `og_description` varchar(500) DEFAULT NULL,
  `excerpt` varchar(500) DEFAULT NULL,
  `created_at` timestamp NULL DEFAULT NULL,
  `updated_at` timestamp NULL DEFAULT NULL
) ENGINE=InnoDB DEFAULT CHARSET=utf8mb4 COLLATE=utf8mb4_unicode_ci;

--
-- Dumping data for table `post_translations`
--

INSERT INTO `post_translations` (`id`, `locale`, `post_id`, `slug`, `title`, `contents`, `meta_title`, `meta_description`, `og_title`, `og_description`, `excerpt`, `created_at`, `updated_at`) VALUES
(1, 'en', 1, 'hello-world', 'Hello world!', 'Welcome to MonsterTools. This is your first post. Edit or delete it, then start blogging!', 'Hello world!', NULL, 'Hello world!', NULL, NULL, '2024-10-11 16:34:02', '2024-10-11 16:34:02');

-- --------------------------------------------------------

--
-- Table structure for table `properties`
--

CREATE TABLE `properties` (
  `id` bigint(20) UNSIGNED NOT NULL,
  `status` tinyint(1) NOT NULL DEFAULT 1,
  `type` varchar(191) DEFAULT NULL,
  `field_type` varchar(191) DEFAULT NULL,
  `prop_key` varchar(191) DEFAULT NULL,
  `value` varchar(191) DEFAULT NULL,
  `created_at` timestamp NULL DEFAULT NULL,
  `updated_at` timestamp NULL DEFAULT NULL
) ENGINE=InnoDB DEFAULT CHARSET=utf8mb4 COLLATE=utf8mb4_unicode_ci;

--
-- Dumping data for table `properties`
--

INSERT INTO `properties` (`id`, `status`, `type`, `field_type`, `prop_key`, `value`, `created_at`, `updated_at`) VALUES
(1, 1, '1', 'property-textfield', 'du-tool', '10', '2024-10-11 16:34:01', '2024-10-11 16:34:01'),
(2, 1, '1', 'property-textfield', 'wc-tool', '100', '2024-10-11 16:34:01', '2024-10-11 16:34:01'),
(3, 1, '1', 'property-textfield', 'fs-tool', '10', '2024-10-11 16:34:01', '2024-10-11 16:34:01'),
(4, 1, '1', 'property-textfield', 'no-file-tool', '10', '2024-10-11 16:34:01', '2024-10-11 16:34:01'),
(5, 1, '1', 'property-textfield', 'no-domain-tool', '10', '2024-10-11 16:34:01', '2024-10-11 16:34:01');

-- --------------------------------------------------------

--
-- Table structure for table `property_translations`
--

CREATE TABLE `property_translations` (
  `id` bigint(20) UNSIGNED NOT NULL,
  `locale` varchar(191) NOT NULL,
  `property_id` bigint(20) UNSIGNED NOT NULL,
  `name` varchar(100) NOT NULL,
  `description` mediumtext DEFAULT NULL
) ENGINE=InnoDB DEFAULT CHARSET=utf8mb4 COLLATE=utf8mb4_unicode_ci;

--
-- Dumping data for table `property_translations`
--

INSERT INTO `property_translations` (`id`, `locale`, `property_id`, `name`, `description`) VALUES
(1, 'en', 1, 'Daily Usage', 'Daily usage restrictions refer to the limitations placed on the number of requests that a user can perform within a 24-hour period.'),
(2, 'en', 2, 'Word Count', 'Word count limitation refers to the maximum number of words allowed in a text, such as in a article rewrite or form field.'),
(3, 'en', 3, 'File Size', 'File size limitation refers to the maximum size of a file that can be uploaded in tools, the size is in megabytes.'),
(4, 'en', 4, 'No of Image', 'Image limitation refers to the maximum number of images that can be uploaded on supported tools.'),
(5, 'en', 5, 'No of Domain', 'Domain limitation refers to the maximum number of domains that can be processed in single request.');

-- --------------------------------------------------------

--
-- Table structure for table `roles`
--

CREATE TABLE `roles` (
  `id` bigint(20) UNSIGNED NOT NULL,
  `name` varchar(191) NOT NULL,
  `description` varchar(191) DEFAULT NULL,
  `default` tinyint(1) NOT NULL DEFAULT 0,
  `guard_name` varchar(191) NOT NULL DEFAULT 'web',
  `created_at` timestamp NULL DEFAULT NULL,
  `updated_at` timestamp NULL DEFAULT NULL
) ENGINE=InnoDB DEFAULT CHARSET=utf8mb4 COLLATE=utf8mb4_unicode_ci;

--
-- Dumping data for table `roles`
--

INSERT INTO `roles` (`id`, `name`, `description`, `default`, `guard_name`, `created_at`, `updated_at`) VALUES
(1, 'Super Admin', NULL, 0, 'web', '2024-10-11 16:34:00', '2024-10-11 16:34:00'),
(2, 'User', NULL, 0, 'web', '2024-10-11 16:34:00', '2024-10-11 16:34:00');

-- --------------------------------------------------------

--
-- Table structure for table `role_has_permissions`
--

CREATE TABLE `role_has_permissions` (
  `permission_id` bigint(20) UNSIGNED NOT NULL,
  `role_id` bigint(20) UNSIGNED NOT NULL
) ENGINE=InnoDB DEFAULT CHARSET=utf8mb4 COLLATE=utf8mb4_unicode_ci;

-- --------------------------------------------------------

--
-- Table structure for table `sessions`
--

CREATE TABLE `sessions` (
  `id` varchar(191) NOT NULL,
  `user_id` bigint(20) UNSIGNED DEFAULT NULL,
  `ip_address` varchar(45) DEFAULT NULL,
  `user_agent` text DEFAULT NULL,
  `payload` longtext NOT NULL,
  `last_activity` int(11) NOT NULL
) ENGINE=InnoDB DEFAULT CHARSET=utf8mb4 COLLATE=utf8mb4_unicode_ci;

-- --------------------------------------------------------

--
-- Table structure for table `taggables`
--

CREATE TABLE `taggables` (
  `tag_id` bigint(20) UNSIGNED NOT NULL,
  `taggable_type` varchar(191) NOT NULL,
  `taggable_id` bigint(20) UNSIGNED NOT NULL
) ENGINE=InnoDB DEFAULT CHARSET=utf8mb4 COLLATE=utf8mb4_unicode_ci;

-- --------------------------------------------------------

--
-- Table structure for table `tags`
--

CREATE TABLE `tags` (
  `id` bigint(20) UNSIGNED NOT NULL,
  `status` tinyint(1) NOT NULL DEFAULT 1,
  `created_at` timestamp NULL DEFAULT NULL,
  `updated_at` timestamp NULL DEFAULT NULL
) ENGINE=InnoDB DEFAULT CHARSET=utf8mb4 COLLATE=utf8mb4_unicode_ci;

-- --------------------------------------------------------

--
-- Table structure for table `tag_translations`
--

CREATE TABLE `tag_translations` (
  `id` bigint(20) UNSIGNED NOT NULL,
  `locale` varchar(191) NOT NULL,
  `tag_id` bigint(20) UNSIGNED NOT NULL,
  `name` varchar(100) NOT NULL,
  `slug` varchar(100) NOT NULL,
  `title` varchar(250) DEFAULT NULL,
  `description` mediumtext DEFAULT NULL
) ENGINE=InnoDB DEFAULT CHARSET=utf8mb4 COLLATE=utf8mb4_unicode_ci;

-- --------------------------------------------------------

--
-- Table structure for table `tools`
--

CREATE TABLE `tools` (
  `id` bigint(20) UNSIGNED NOT NULL,
  `slug` varchar(191) NOT NULL,
  `class_name` varchar(191) NOT NULL,
  `icon_type` varchar(191) NOT NULL DEFAULT 'class',
  `icon_class` varchar(191) DEFAULT NULL,
  `display` tinyint(4) NOT NULL DEFAULT 0,
  `settings` text DEFAULT NULL,
  `status` tinyint(1) NOT NULL DEFAULT 1,
  `is_home` tinyint(1) NOT NULL DEFAULT 0,
  `properties` longtext CHARACTER SET utf8mb4 COLLATE utf8mb4_bin DEFAULT NULL CHECK (json_valid(`properties`)),
  `created_at` timestamp NULL DEFAULT NULL,
  `updated_at` timestamp NULL DEFAULT NULL
) ENGINE=InnoDB DEFAULT CHARSET=utf8mb4 COLLATE=utf8mb4_unicode_ci;

--
-- Dumping data for table `tools`
--

INSERT INTO `tools` (`id`, `slug`, `class_name`, `icon_type`, `icon_class`, `display`, `settings`, `status`, `is_home`, `properties`, `created_at`, `updated_at`) VALUES
(1, 'md5-generator', 'App\\Tools\\Md5Generator', 'class', 'md5-generator', 0, NULL, 1, 0, '{\"properties\":[\"du-tool\"],\"auth\":{\"du-tool\":10},\"guest\":{\"du-tool\":5}}', '2024-10-11 16:34:00', '2024-10-11 16:34:00'),
(2, 'wordpress-password-generator', 'App\\Tools\\WordpressPasswordGenerator', 'class', 'wp-generator', 1, NULL, 1, 0, '{\"properties\":[\"du-tool\"],\"auth\":{\"du-tool\":10},\"guest\":{\"du-tool\":5}}', '2024-10-11 16:34:00', '2024-10-11 16:34:00'),
(3, 'password-strength-checker', 'App\\Tools\\PasswordStrengthChecker', 'class', 'strength-checker', 11, NULL, 1, 0, NULL, '2024-10-11 16:34:00', '2024-10-11 16:34:00'),
(4, 'password-generator', 'App\\Tools\\PasswordGenerator', 'class', 'online-text-editor', 16, NULL, 1, 0, NULL, '2024-10-11 16:34:00', '2024-10-11 16:34:00'),
(5, 'age-calculator', 'App\\Tools\\AgeCalculator', 'class', 'age-calculator', 19, NULL, 1, 0, '{\"properties\":[\"du-tool\"],\"auth\":{\"du-tool\":10},\"guest\":{\"du-tool\":5}}', '2024-10-11 16:34:00', '2024-10-11 16:34:00'),
(6, 'percentage-calculator', 'App\\Tools\\PercentageCalculator', 'class', 'percentage-calculator', 20, NULL, 1, 0, '{\"properties\":[\"du-tool\"],\"auth\":{\"du-tool\":10},\"guest\":{\"du-tool\":5}}', '2024-10-11 16:34:00', '2024-10-11 16:34:00'),
(7, 'average-calculator', 'App\\Tools\\AverageCalculator', 'class', 'average-calculator', 21, NULL, 1, 0, '{\"properties\":[\"du-tool\"],\"auth\":{\"du-tool\":10},\"guest\":{\"du-tool\":5}}', '2024-10-11 16:34:00', '2024-10-11 16:34:00'),
(8, 'sales-tax-calculator', 'App\\Tools\\SalesTaxCalculator', 'class', 'sales-tax-calculator', 22, NULL, 1, 0, '{\"properties\":[\"du-tool\"],\"auth\":{\"du-tool\":10},\"guest\":{\"du-tool\":5}}', '2024-10-11 16:34:00', '2024-10-11 16:34:00'),
(9, 'discount-calculator', 'App\\Tools\\DiscountCalculator', 'class', 'discount-calculator', 23, NULL, 1, 0, '{\"properties\":[\"du-tool\"],\"auth\":{\"du-tool\":10},\"guest\":{\"du-tool\":5}}', '2024-10-11 16:34:00', '2024-10-11 16:34:00'),
(10, 'probability-calculator', 'App\\Tools\\ProbabilityCalculator', 'class', 'probability-calculator', 24, NULL, 1, 0, '{\"properties\":[\"du-tool\"],\"auth\":{\"du-tool\":10},\"guest\":{\"du-tool\":5}}', '2024-10-11 16:34:00', '2024-10-11 16:34:00'),
(11, 'rewrite-article', 'App\\Tools\\RewriteArticle', 'class', 'article-rewriter', 2, '{\"driver\":\"DefaultRewriter\"}', 1, 0, '{\"properties\":[\"wc-tool\",\"du-tool\"],\"auth\":{\"wc-tool\":100,\"du-tool\":10},\"guest\":{\"wc-tool\":50,\"du-tool\":5}}', '2024-10-11 16:34:00', '2024-10-11 16:34:02'),
(12, 'case-converter', 'App\\Tools\\CaseConverter', 'class', 'uppercase-to-lowercase', 3, NULL, 1, 0, '{\"properties\":[\"wc-tool\",\"du-tool\"],\"auth\":{\"wc-tool\":100,\"du-tool\":10},\"guest\":{\"wc-tool\":50,\"du-tool\":5}}', '2024-10-11 16:34:00', '2024-10-11 16:34:00'),
(13, 'reverse-text-generator', 'App\\Tools\\ReverseTextGenerator', 'class', 'reverse-text-generator', 4, NULL, 1, 0, '{\"properties\":[\"wc-tool\",\"du-tool\"],\"auth\":{\"wc-tool\":100,\"du-tool\":10},\"guest\":{\"wc-tool\":50,\"du-tool\":5}}', '2024-10-11 16:34:00', '2024-10-11 16:34:00'),
(14, 'jpg-to-word', 'App\\Tools\\JPGToWord', 'class', 'img-word', 5, '{\"driver\":\"OcrSpace\",\"ocr_space_key\":\"helloworld\"}', 1, 0, '{\"properties\":[\"fs-tool\",\"du-tool\"],\"auth\":{\"fs-tool\":5,\"du-tool\":10},\"guest\":{\"fs-tool\":1,\"du-tool\":5}}', '2024-10-11 16:34:00', '2024-10-11 16:34:02'),
(15, 'image-to-text-converter', 'App\\Tools\\ImageToText', 'class', 'img-text', 5, '{\"driver\":\"OcrSpace\",\"ocr_space_key\":\"helloworld\"}', 1, 0, '{\"properties\":[\"fs-tool\",\"du-tool\"],\"auth\":{\"fs-tool\":5,\"du-tool\":10},\"guest\":{\"fs-tool\":1,\"du-tool\":5}}', '2024-10-11 16:34:00', '2024-10-11 16:34:02'),
(16, 'online-text-editor', 'App\\Tools\\OnlineTextEditor', 'class', 'online-text-editor', 6, NULL, 1, 0, '{\"properties\":[\"du-tool\"],\"auth\":{\"du-tool\":\"10\"},\"guest\":{\"du-tool\":\"5\"}}', '2024-10-11 16:34:00', '2025-03-05 03:59:06'),
(17, 'rgb-to-hex', 'App\\Tools\\RgbToHexConverter', 'class', 'rgb-hex', 7, NULL, 1, 0, '{\"properties\":[\"du-tool\"],\"auth\":{\"du-tool\":10},\"guest\":{\"du-tool\":5}}', '2024-10-11 16:34:00', '2024-10-11 16:34:00'),
(18, 'small-text-generator', 'App\\Tools\\SmallTextGenerator', 'class', 'small-text-generator', 8, NULL, 1, 0, '{\"properties\":[\"wc-tool\",\"du-tool\"],\"auth\":{\"wc-tool\":100,\"du-tool\":10},\"guest\":{\"wc-tool\":50,\"du-tool\":5}}', '2024-10-11 16:34:00', '2024-10-11 16:34:00'),
(19, 'word-combiner', 'App\\Tools\\WordCombiner', 'class', 'word-combiner', 10, NULL, 1, 0, '{\"properties\":[\"du-tool\"],\"auth\":{\"du-tool\":10},\"guest\":{\"du-tool\":5}}', '2024-10-11 16:34:00', '2024-10-11 16:34:00'),
(20, 'power-converter', 'App\\Tools\\PowerConverter', 'class', 'power-converter', 26, NULL, 1, 0, NULL, '2024-10-11 16:34:00', '2024-10-11 16:34:00'),
(21, 'weight-converter', 'App\\Tools\\WeightConverter', 'class', 'weight-converter', 27, NULL, 1, 0, NULL, '2024-10-11 16:34:00', '2024-10-11 16:34:00'),
(22, 'temperature-converter', 'App\\Tools\\TemperatureConverter', 'class', 'temperature-converter', 28, NULL, 1, 0, NULL, '2024-10-11 16:34:00', '2024-10-11 16:34:00'),
(23, 'voltage-converter', 'App\\Tools\\VoltageConverter', 'class', 'electric-voltage-converter', 29, NULL, 1, 0, NULL, '2024-10-11 16:34:00', '2024-10-11 16:34:00'),
(24, 'area-converter', 'App\\Tools\\AreaConverter', 'class', 'area-converter', 30, NULL, 1, 0, NULL, '2024-10-11 16:34:00', '2024-10-11 16:34:00'),
(25, 'length-converter', 'App\\Tools\\LengthConverter', 'class', 'length-converter', 31, NULL, 1, 0, NULL, '2024-10-11 16:34:00', '2024-10-11 16:34:00'),
(26, 'byte-converter', 'App\\Tools\\ByteConverter', 'class', 'byte-bit-converter', 32, NULL, 1, 0, NULL, '2024-10-11 16:34:01', '2024-10-11 16:34:01'),
(27, 'time-converter', 'App\\Tools\\TimeConverter', 'class', 'time-converter', 33, NULL, 1, 0, NULL, '2024-10-11 16:34:01', '2024-10-11 16:34:01'),
(28, 'pressure-converter', 'App\\Tools\\PressureConverter', 'class', 'pressure-converter', 34, NULL, 1, 0, NULL, '2024-10-11 16:34:01', '2024-10-11 16:34:01'),
(29, 'speed-converter', 'App\\Tools\\SpeedConverter', 'class', 'speed-converter', 35, NULL, 1, 0, NULL, '2024-10-11 16:34:01', '2024-10-11 16:34:01'),
(30, 'volume-converter', 'App\\Tools\\VolumeConverter', 'class', 'volume-converter', 36, NULL, 1, 0, NULL, '2024-10-11 16:34:01', '2024-10-11 16:34:01'),
(31, 'torque-converter', 'App\\Tools\\TorqueConverter', 'class', 'torque-converter', 37, NULL, 1, 0, NULL, '2024-10-11 16:34:01', '2024-10-11 16:34:01'),
(32, 'text-to-binary', 'App\\Tools\\TextToBinary', 'class', 'text-to-binary', 38, NULL, 1, 0, '{\"properties\":[\"wc-tool\",\"du-tool\"],\"auth\":{\"wc-tool\":100,\"du-tool\":10},\"guest\":{\"wc-tool\":50,\"du-tool\":5}}', '2024-10-11 16:34:01', '2024-10-11 16:34:01'),
(33, 'binary-to-text', 'App\\Tools\\BinaryToText', 'class', 'binary-to-text', 39, NULL, 1, 0, '{\"properties\":[\"wc-tool\",\"du-tool\"],\"auth\":{\"wc-tool\":100,\"du-tool\":10},\"guest\":{\"wc-tool\":50,\"du-tool\":5}}', '2024-10-11 16:34:01', '2024-10-11 16:34:01'),
(34, 'binary-to-hex', 'App\\Tools\\BinaryToHex', 'class', 'binary-to-hex', 40, NULL, 1, 0, '{\"properties\":[\"wc-tool\",\"du-tool\"],\"auth\":{\"wc-tool\":100,\"du-tool\":10},\"guest\":{\"wc-tool\":50,\"du-tool\":5}}', '2024-10-11 16:34:01', '2024-10-11 16:34:01'),
(35, 'hex-to-binary', 'App\\Tools\\HexToBinary', 'class', 'hex-to-binary', 40, NULL, 1, 0, '{\"properties\":[\"wc-tool\",\"du-tool\"],\"auth\":{\"wc-tool\":100,\"du-tool\":10},\"guest\":{\"wc-tool\":50,\"du-tool\":5}}', '2024-10-11 16:34:01', '2024-10-11 16:34:01'),
(36, 'binary-to-ascii', 'App\\Tools\\BinaryToAscii', 'class', 'binary-to-ascii', 41, NULL, 1, 0, '{\"properties\":[\"wc-tool\",\"du-tool\"],\"auth\":{\"wc-tool\":100,\"du-tool\":10},\"guest\":{\"wc-tool\":50,\"du-tool\":5}}', '2024-10-11 16:34:01', '2024-10-11 16:34:01'),
(37, 'ascii-to-binary', 'App\\Tools\\AsciiToBinary', 'class', 'ascii-to-binary', 42, NULL, 1, 0, '{\"properties\":[\"wc-tool\",\"du-tool\"],\"auth\":{\"wc-tool\":100,\"du-tool\":10},\"guest\":{\"wc-tool\":50,\"du-tool\":5}}', '2024-10-11 16:34:01', '2024-10-11 16:34:01'),
(38, 'binary-to-decimal', 'App\\Tools\\BinaryToDecimal', 'class', 'binary-to-decimal', 43, NULL, 1, 0, '{\"properties\":[\"wc-tool\",\"du-tool\"],\"auth\":{\"wc-tool\":100,\"du-tool\":10},\"guest\":{\"wc-tool\":50,\"du-tool\":5}}', '2024-10-11 16:34:01', '2024-10-11 16:34:01'),
(39, 'decimal-to-binary', 'App\\Tools\\DecimalToBinary', 'class', 'decimal-to-binary', 44, NULL, 1, 0, '{\"properties\":[\"wc-tool\",\"du-tool\"],\"auth\":{\"wc-tool\":100,\"du-tool\":10},\"guest\":{\"wc-tool\":50,\"du-tool\":5}}', '2024-10-11 16:34:01', '2024-10-11 16:34:01'),
(40, 'text-to-ascii', 'App\\Tools\\TextToAscii', 'class', 'text-to-ascii', 45, NULL, 1, 0, '{\"properties\":[\"wc-tool\",\"du-tool\"],\"auth\":{\"wc-tool\":100,\"du-tool\":10},\"guest\":{\"wc-tool\":50,\"du-tool\":5}}', '2024-10-11 16:34:01', '2024-10-11 16:34:01'),
(41, 'decimal-to-hex', 'App\\Tools\\DecimalToHex', 'class', 'decimal-to-hex', 45, NULL, 1, 0, '{\"properties\":[\"wc-tool\",\"du-tool\"],\"auth\":{\"wc-tool\":100,\"du-tool\":10},\"guest\":{\"wc-tool\":50,\"du-tool\":5}}', '2024-10-11 16:34:01', '2024-10-11 16:34:01'),
(42, 'png-to-jpg', 'App\\Tools\\PngToJpgConverter', 'class', 'online-png', 9, NULL, 1, 0, '{\"properties\":[\"fs-tool\",\"du-tool\",\"no-file-tool\"],\"auth\":{\"fs-tool\":\"5\",\"du-tool\":\"10\",\"no-file-tool\":\"5\"},\"guest\":{\"fs-tool\":\"5\",\"du-tool\":\"10\",\"no-file-tool\":\"5\"}}', '2024-10-11 16:34:01', '2024-10-11 21:18:40'),
(43, 'jpg-to-png', 'App\\Tools\\JpgToPngConverter', 'class', 'convert-jpg', 9, NULL, 1, 0, '{\"properties\":[\"fs-tool\",\"du-tool\",\"no-file-tool\"],\"auth\":{\"fs-tool\":5,\"du-tool\":10,\"no-file-tool\":2},\"guest\":{\"fs-tool\":1,\"du-tool\":5,\"no-file-tool\":1}}', '2024-10-11 16:34:01', '2024-10-11 16:34:01'),
(44, 'reverse-image-search', 'App\\Tools\\ReverseImageSearch', 'class', 'reverse-image-search', 46, NULL, 1, 0, '{\"properties\":[\"fs-tool\",\"du-tool\"],\"auth\":{\"fs-tool\":5,\"du-tool\":10},\"guest\":{\"fs-tool\":1,\"du-tool\":5}}', '2024-10-11 16:34:01', '2024-10-11 16:34:01'),
(45, 'text-image', 'App\\Tools\\TextToImage', 'class', 'text-to-image', 47, NULL, 1, 0, NULL, '2024-10-11 16:34:01', '2024-10-11 16:34:01'),
(46, 'jpg-converter', 'App\\Tools\\JpgConverter', 'class', 'convert-jpg', 63, NULL, 1, 0, '{\"properties\":[\"fs-tool\",\"du-tool\",\"no-file-tool\"],\"auth\":{\"fs-tool\":5,\"du-tool\":10,\"no-file-tool\":2},\"guest\":{\"fs-tool\":1,\"du-tool\":5,\"no-file-tool\":1}}', '2024-10-11 16:34:01', '2024-10-11 16:34:01'),
(47, 'favicon-generator', 'App\\Tools\\FaviconGenerator', 'class', 'reverse-image-search', 64, NULL, 1, 0, '{\"properties\":[\"du-tool\"],\"auth\":{\"du-tool\":10},\"guest\":{\"du-tool\":5}}', '2024-10-11 16:34:01', '2024-10-11 16:34:01'),
(48, 'image-compressor', 'App\\Tools\\ImageCompressor', 'class', 'image-editor', 65, '{\"driver\":\"TinypngApiCompressor\",\"tinypng_apikey\":\"N2jRFWMp8VrrKkfkntmkSsBzW36qgHWd\",\"binary_path\":null}', 1, 0, '{\"properties\":[\"fs-tool\",\"du-tool\",\"no-file-tool\"],\"auth\":{\"fs-tool\":\"5\",\"du-tool\":\"10\",\"no-file-tool\":\"2\"},\"guest\":{\"fs-tool\":\"1\",\"du-tool\":\"5\",\"no-file-tool\":\"1\"}}', '2024-10-11 16:34:01', '2024-10-14 19:36:55'),
(49, 'image-resizer', 'App\\Tools\\ImageResizer', 'class', 'image-resizer', 66, NULL, 1, 0, '{\"properties\":[\"fs-tool\",\"du-tool\"],\"auth\":{\"fs-tool\":5,\"du-tool\":10},\"guest\":{\"fs-tool\":1,\"du-tool\":5}}', '2024-10-11 16:34:01', '2024-10-11 16:34:01'),
(50, 'meme-generator', 'App\\Tools\\MemeGenerator', 'class', 'meme-generator', 67, NULL, 0, 0, '{\"properties\":[\"fs-tool\"],\"auth\":{\"fs-tool\":\"10\"},\"guest\":{\"fs-tool\":\"5\"}}', '2024-10-11 16:34:01', '2025-10-10 20:44:25'),
(51, 'domain-age-checker', 'App\\Tools\\DomainAgeChecker', 'class', 'domain-age-checker', 47, '{\"driver\":\"WhoisDomainChecker\"}', 1, 0, '{\"properties\":[\"du-tool\",\"no-domain-tool\"],\"auth\":{\"du-tool\":10,\"no-domain-tool\":2},\"guest\":{\"du-tool\":5,\"no-domain-tool\":1}}', '2024-10-11 16:34:01', '2024-10-11 16:34:02'),
(52, 'domain-name-search', 'App\\Tools\\DomainNameSearch', 'class', 'domain-name-search', 48, '{\"driver\":\"WhoisDomainChecker\"}', 1, 0, '{\"properties\":[\"du-tool\",\"no-domain-tool\"],\"auth\":{\"du-tool\":10,\"no-domain-tool\":2},\"guest\":{\"du-tool\":5,\"no-domain-tool\":1}}', '2024-10-11 16:34:01', '2024-10-11 16:34:02'),
(53, 'domain-hosting-checker', 'App\\Tools\\DomainHostingChecker', 'class', 'domain-hosting-checker', 49, '{\"driver\":\"WhoisDomainChecker\"}', 1, 0, '{\"properties\":[\"du-tool\",\"no-domain-tool\"],\"auth\":{\"du-tool\":10,\"no-domain-tool\":2},\"guest\":{\"du-tool\":5,\"no-domain-tool\":1}}', '2024-10-11 16:34:01', '2024-10-11 16:34:02'),
(54, 'domain-authority-checker', 'App\\Tools\\DomainAuthorityChecker', 'class', 'domain-authority-checker', 50, '{\"driver\":\"mozApi\",\"moz_accessid\":\"mozscape-ykz4sJWgp8\",\"moz_secretKey\":\"xShng17CdRnbLhgOLuLhTtH4e6O1Ihlv\"}', 1, 0, '{\"properties\":[\"du-tool\",\"no-domain-tool\"],\"auth\":{\"du-tool\":\"10\",\"no-domain-tool\":\"2\"},\"guest\":{\"du-tool\":\"5\",\"no-domain-tool\":\"1\"}}', '2024-10-11 16:34:01', '2024-10-14 20:05:12'),
(55, 'domain-to-api', 'App\\Tools\\DomainToIp', 'class', 'domain-to-ip', 51, '{\"driver\":\"WhoisDomainChecker\"}', 1, 0, '{\"properties\":[\"du-tool\",\"no-domain-tool\"],\"auth\":{\"du-tool\":10,\"no-domain-tool\":2},\"guest\":{\"du-tool\":5,\"no-domain-tool\":1}}', '2024-10-11 16:34:01', '2024-10-11 16:34:02'),
(56, 'find-dns-record', 'App\\Tools\\FindDnsRecord', 'class', 'find-dns-record', 52, '{\"driver\":\"WhoisDomainChecker\"}', 1, 0, '{\"properties\":[\"du-tool\",\"no-domain-tool\"],\"auth\":{\"du-tool\":10,\"no-domain-tool\":2},\"guest\":{\"du-tool\":5,\"no-domain-tool\":1}}', '2024-10-11 16:34:01', '2024-10-11 16:34:02'),
(57, 'blacklist-check', 'App\\Tools\\BlacklistCheck', 'class', 'black-list-check', 52, NULL, 1, 0, '{\"properties\":[\"du-tool\"],\"auth\":{\"du-tool\":10},\"guest\":{\"du-tool\":5}}', '2024-10-11 16:34:01', '2024-10-11 16:34:01'),
(58, 'what-is-my-ip', 'App\\Tools\\WhatIsMyIp', 'class', 'my-ip', 12, '{\"driver\":\"IpApi\"}', 1, 0, '{\"properties\":[\"du-tool\"],\"auth\":{\"du-tool\":10},\"guest\":{\"du-tool\":5}}', '2024-10-11 16:34:01', '2024-10-11 16:34:02'),
(59, 'ip-location', 'App\\Tools\\IpLocation', 'class', 'ip-loaction', 13, '{\"driver\":\"IpApi\"}', 1, 0, '{\"properties\":[\"du-tool\",\"no-domain-tool\"],\"auth\":{\"du-tool\":10,\"no-domain-tool\":3},\"guest\":{\"du-tool\":5,\"no-domain-tool\":5}}', '2024-10-11 16:34:01', '2024-10-11 16:34:02'),
(60, 'meta-tag-analyzer', 'App\\Tools\\MetaTagAnalyzer', 'class', 'meta-tag-analyzer', 53, NULL, 1, 0, '{\"properties\":[\"du-tool\"],\"auth\":{\"du-tool\":10},\"guest\":{\"du-tool\":5}}', '2024-10-11 16:34:01', '2024-10-11 16:34:01'),
(61, 'tag-generator', 'App\\Tools\\TagGenerator', 'class', 'tag-generator', 15, NULL, 1, 0, '{\"properties\":[\"du-tool\"],\"auth\":{\"du-tool\":10},\"guest\":{\"du-tool\":5}}', '2024-10-11 16:34:01', '2024-10-11 16:34:01'),
(62, 'json-to-xml', 'App\\Tools\\JsonToXml', 'class', 'json-to-xml', 54, NULL, 1, 0, NULL, '2024-10-11 16:34:01', '2024-10-11 16:34:01'),
(63, 'json-viewer', 'App\\Tools\\JsonViewer', 'class', 'json-viewer', 55, NULL, 1, 0, NULL, '2024-10-11 16:34:01', '2024-10-11 16:34:01'),
(64, 'json-formatter', 'App\\Tools\\JsonFormatter', 'class', 'json-formatter', 56, NULL, 1, 0, NULL, '2024-10-11 16:34:01', '2024-10-11 16:34:01'),
(65, 'json-validator', 'App\\Tools\\JsonValidator', 'class', 'json-validator', 57, NULL, 1, 0, NULL, '2024-10-11 16:34:01', '2024-10-11 16:34:01'),
(66, 'json-beautifier', 'App\\Tools\\JsonBeautifier', 'class', 'json-beautifier', 58, NULL, 1, 0, NULL, '2024-10-11 16:34:01', '2024-10-11 16:34:01'),
(67, 'json-editor', 'App\\Tools\\JsonEditor', 'class', 'json-editor', 59, NULL, 1, 0, NULL, '2024-10-11 16:34:01', '2024-10-11 16:34:01'),
(68, 'xml-json', 'App\\Tools\\XmlToJson', 'class', 'xml-to-json', 60, NULL, 1, 0, NULL, '2024-10-11 16:34:01', '2024-10-11 16:34:01'),
(69, 'wordpress-theme-detector', 'App\\Tools\\WordPressThemeDetector', 'class', 'wp-theme-detector', 14, NULL, 1, 0, '{\"properties\":[\"du-tool\"],\"auth\":{\"du-tool\":10},\"guest\":{\"du-tool\":5}}', '2024-10-11 16:34:01', '2024-10-11 16:34:01'),
(70, 'twitter-card-generator', 'App\\Tools\\TwitterCardGenerator', 'class', 'twitter-card-generator', 17, NULL, 1, 0, '{\"properties\":[\"du-tool\"],\"auth\":{\"du-tool\":10},\"guest\":{\"du-tool\":5}}', '2024-10-11 16:34:01', '2024-10-11 16:34:01'),
(71, 'open-graph-generator', 'App\\Tools\\OpenGraphGenerator', 'class', 'open-graph-generator', 18, NULL, 1, 0, '{\"properties\":[\"du-tool\"],\"auth\":{\"du-tool\":10},\"guest\":{\"du-tool\":5}}', '2024-10-11 16:34:01', '2024-10-11 16:34:01'),
(72, 'html-viewer', 'App\\Tools\\HtmlViewer', 'class', 'online-html-viewer', 5, NULL, 1, 0, NULL, '2024-10-11 16:34:01', '2024-10-11 16:34:01'),
(73, 'xml-formatter', 'App\\Tools\\XmlFormatter', 'class', 'xml-formatter', 61, NULL, 1, 0, NULL, '2024-10-11 16:34:01', '2024-10-11 16:34:01'),
(74, 'seo-report', 'App\\Tools\\SEOReport', 'class', 'seo-report', 1, '{\"driver\":\"thum\",\"thumio_auth_code\":null}', 1, 0, '{\"properties\":[\"du-tool\"],\"auth\":{\"du-tool\":10},\"guest\":{\"du-tool\":5}}', '2024-10-11 16:34:01', '2024-10-11 16:34:02'),
(75, 'website-screenshot-generator', 'App\\Tools\\WebsiteScreenshotGenerator', 'class', 'website-screenshot', 1, '{\"driver\":\"thumioScreenshot\",\"screenshot_thumio_api_key\":\"72392-toolsfi.co\",\"phantomjs_node_module_path\":null,\"phantomjs_npm_path\":null,\"phantomjs_chrome_path\":null,\"phantomjs_tool_agent\":null}', 1, 0, '{\"properties\":[\"du-tool\"],\"auth\":{\"du-tool\":\"10\"},\"guest\":{\"du-tool\":\"5\"}}', '2024-10-11 16:34:01', '2024-10-14 20:21:44'),
(76, 'ping-tool', 'App\\Tools\\PingTool', 'class', 'ping-tool', 63, NULL, 1, 0, '{\"properties\":[\"du-tool\"],\"auth\":{\"du-tool\":10},\"guest\":{\"du-tool\":5}}', '2024-10-11 16:34:01', '2024-10-11 16:34:01'),
(77, 'url-encode-decode', 'App\\Tools\\UrlEncodeDecode', 'class', 'url-encode-decode', 64, NULL, 1, 0, '{\"properties\":[\"du-tool\"],\"auth\":{\"du-tool\":10},\"guest\":{\"du-tool\":5}}', '2024-10-11 16:34:01', '2024-10-11 16:34:01'),
(78, 'base64-encode-decode', 'App\\Tools\\Base64EncodeDecode', 'class', 'base64-encode-decode', 64, NULL, 1, 0, '{\"properties\":[\"du-tool\"],\"auth\":{\"du-tool\":10},\"guest\":{\"du-tool\":5}}', '2024-10-11 16:34:01', '2024-10-11 16:34:01'),
(79, 'qr-code-generator', 'App\\Tools\\QrCodeGenerator', 'class', 'qr-code-generator', 65, NULL, 1, 0, '{\"properties\":[\"du-tool\"],\"auth\":{\"du-tool\":10},\"guest\":{\"du-tool\":5}}', '2024-10-11 16:34:01', '2024-10-11 16:34:01'),
(80, 'html-editor', 'App\\Tools\\HtmlEditor', 'class', 'html-editor', 66, NULL, 1, 0, '{\"properties\":[\"du-tool\"],\"auth\":{\"du-tool\":10},\"guest\":{\"du-tool\":5}}', '2024-10-11 16:34:01', '2024-10-11 16:34:01'),
(81, 'html-minifier', 'App\\Tools\\HtmlMinify', 'class', 'html-minifier', 62, NULL, 1, 0, '{\"properties\":[\"du-tool\"],\"auth\":{\"du-tool\":10},\"guest\":{\"du-tool\":5}}', '2024-10-11 16:34:01', '2024-10-11 16:34:01'),
(82, 'js-minifier', 'App\\Tools\\JavascriptMinify', 'class', 'javascript-minifier', 62, NULL, 1, 0, '{\"properties\":[\"du-tool\"],\"auth\":{\"du-tool\":10},\"guest\":{\"du-tool\":5}}', '2024-10-11 16:34:01', '2024-10-11 16:34:01'),
(83, 'css-minifier', 'App\\Tools\\CssMinify', 'class', 'css-minifier', 62, NULL, 1, 0, '{\"properties\":[\"du-tool\"],\"auth\":{\"du-tool\":10},\"guest\":{\"du-tool\":5}}', '2024-10-11 16:34:01', '2024-10-11 16:34:01'),
(84, 'url-opener', 'App\\Tools\\UrlOpener', 'class', 'url-opener', 63, NULL, 1, 0, NULL, '2024-10-11 16:34:01', '2024-10-11 16:34:01'),
(85, 'xml-sitemap-generator', 'App\\Tools\\SitemapGenerator', 'class', 'json-to-xml', 65, NULL, 1, 0, NULL, '2024-10-11 16:34:01', '2024-10-11 16:34:01'),
(86, 'word-pdf-converter', 'App\\Tools\\WordToPdfConverter', 'class', 'word-to-pdf-tool', 14, '{\"driver\":\"ILovePdf\",\"libre_office_path\":null,\"love_pdf_public_id\":\"project_public_1f39b506f1dbc9852f3114a1f9e2e87c_Oh779bf9e617e73834f28d0f9bf1b1d89cc0e\",\"love_pdf_secret_key\":\"secret_key_a0b9b9e106313da6626ab4fac4384aab_xPZ7v8eee86636d045b87b58eb2522594f84c\"}', 1, 0, '{\"properties\":[\"fs-tool\",\"du-tool\",\"no-file-tool\"],\"auth\":{\"fs-tool\":\"5\",\"du-tool\":\"10\",\"no-file-tool\":\"5\"},\"guest\":{\"fs-tool\":\"3\",\"du-tool\":\"5\",\"no-file-tool\":\"3\"}}', '2024-10-11 16:47:53', '2025-05-05 07:47:50'),
(87, 'text-pdf-converter', 'App\\Tools\\TextToPdfConverter', 'class', 'text-to-pdf-tool', 14, '{\"driver\":\"ILovePdf\",\"libre_office_path\":null,\"love_pdf_public_id\":\"project_public_1f39b506f1dbc9852f3114a1f9e2e87c_Oh779bf9e617e73834f28d0f9bf1b1d89cc0e\",\"love_pdf_secret_key\":\"secret_key_a0b9b9e106313da6626ab4fac4384aab_xPZ7v8eee86636d045b87b58eb2522594f84c\"}', 1, 0, '{\"properties\":[\"fs-tool\",\"du-tool\",\"no-file-tool\"],\"auth\":{\"fs-tool\":\"5\",\"du-tool\":\"10\",\"no-file-tool\":\"2\"},\"guest\":{\"fs-tool\":\"1\",\"du-tool\":\"5\",\"no-file-tool\":\"1\"}}', '2024-10-11 16:47:53', '2024-10-11 19:05:30'),
(88, 'merge-pdf', 'App\\Tools\\MergePdf', 'class', 'merge-pdf-tool', 14, '{\"driver\":\"ILovePdf\",\"bin_path\":null,\"love_pdf_public_id\":\"project_public_c0680a5b22b3dfcf9099ffe6e7d595e2_2O3zva986ab40f777988a43fef618acc1f628\",\"love_pdf_secret_key\":\"secret_key_09ef449889aaaa39497bd2443fea97d7_xPu-Rc882deb7ead946c956b4b52d8990470f\"}', 1, 0, '{\"properties\":[\"fs-tool\",\"du-tool\",\"no-file-tool\"],\"auth\":{\"fs-tool\":\"5\",\"du-tool\":\"10\",\"no-file-tool\":\"2\"},\"guest\":{\"fs-tool\":\"1\",\"du-tool\":\"5\",\"no-file-tool\":\"1\"}}', '2024-10-11 16:47:53', '2024-10-14 11:46:36'),
(89, 'organize-pdf', 'App\\Tools\\OrganizePdf', 'class', 'organize-pdf-tool', 14, NULL, 0, 0, '{\"properties\":[\"fs-tool\",\"du-tool\",\"no-file-tool\"],\"auth\":{\"fs-tool\":5,\"du-tool\":10,\"no-file-tool\":2},\"guest\":{\"fs-tool\":1,\"du-tool\":5,\"no-file-tool\":1}}', '2024-10-11 16:47:53', '2025-05-05 08:41:17'),
(90, 'pdf-to-zip', 'App\\Tools\\PdfToZip', 'class', 'pdf-to-zip-tool', 14, NULL, 1, 0, '{\"properties\":[\"fs-tool\",\"du-tool\",\"no-file-tool\"],\"auth\":{\"fs-tool\":\"5\",\"du-tool\":\"10\",\"no-file-tool\":\"5\"},\"guest\":{\"fs-tool\":\"5\",\"du-tool\":\"10\",\"no-file-tool\":\"5\"}}', '2024-10-11 16:47:53', '2024-10-14 11:50:40'),
(91, 'watermark-pdf', 'App\\Tools\\WatermarkPdf', 'class', 'protect-pdf-tool', 14, NULL, 1, 0, '{\"properties\":[\"fs-tool\",\"du-tool\",\"no-file-tool\"],\"auth\":{\"fs-tool\":5,\"du-tool\":10,\"no-file-tool\":2},\"guest\":{\"fs-tool\":1,\"du-tool\":5,\"no-file-tool\":1}}', '2024-10-11 16:47:53', '2024-10-11 16:47:53'),
(92, 'lock-pdf', 'App\\Tools\\LockPdf', 'class', 'protect-pdf-tool', 14, '{\"driver\":\"ILovePdf\",\"bin_path\":null,\"love_pdf_public_id\":\"project_public_c0680a5b22b3dfcf9099ffe6e7d595e2_2O3zva986ab40f777988a43fef618acc1f628\",\"love_pdf_secret_key\":\"secret_key_09ef449889aaaa39497bd2443fea97d7_xPu-Rc882deb7ead946c956b4b52d8990470f\"}', 1, 0, '{\"properties\":[\"fs-tool\",\"du-tool\",\"no-file-tool\"],\"auth\":{\"fs-tool\":\"5\",\"du-tool\":\"10\",\"no-file-tool\":\"2\"},\"guest\":{\"fs-tool\":\"1\",\"du-tool\":\"5\",\"no-file-tool\":\"1\"}}', '2024-10-11 16:47:53', '2024-10-14 11:56:00'),
(93, 'unlock-pdf', 'App\\Tools\\UnlockPdf', 'class', 'unlock-pdf-tool', 14, '{\"driver\":\"ILovePdf\",\"bin_path\":null,\"love_pdf_public_id\":\"project_public_c0680a5b22b3dfcf9099ffe6e7d595e2_2O3zva986ab40f777988a43fef618acc1f628\",\"love_pdf_secret_key\":\"secret_key_09ef449889aaaa39497bd2443fea97d7_xPu-Rc882deb7ead946c956b4b52d8990470f\"}', 1, 0, '{\"properties\":[\"fs-tool\",\"du-tool\"],\"auth\":{\"fs-tool\":\"5\",\"du-tool\":\"10\"},\"guest\":{\"fs-tool\":\"1\",\"du-tool\":\"5\"}}', '2024-10-11 16:47:53', '2024-10-14 11:59:49'),
(94, 'jpg-to-pdf', 'App\\Tools\\JpgToPdf', 'class', 'jpg-to-pdf-tool', 14, '{\"driver\":\"ILovePdf\",\"gs_bin_path\":null,\"love_pdf_public_id\":\"project_public_c0680a5b22b3dfcf9099ffe6e7d595e2_2O3zva986ab40f777988a43fef618acc1f628\",\"love_pdf_secret_key\":\"secret_key_09ef449889aaaa39497bd2443fea97d7_xPu-Rc882deb7ead946c956b4b52d8990470f\"}', 1, 0, '{\"properties\":[\"fs-tool\",\"du-tool\",\"no-file-tool\"],\"auth\":{\"fs-tool\":\"5\",\"du-tool\":\"10\",\"no-file-tool\":\"2\"},\"guest\":{\"fs-tool\":\"1\",\"du-tool\":\"5\",\"no-file-tool\":\"1\"}}', '2024-10-11 16:47:53', '2024-10-14 12:05:19'),
(95, 'png-to-pdf', 'App\\Tools\\PngToPdf', 'class', 'png-to-pdf-tool', 14, '{\"driver\":\"ILovePdf\",\"gs_bin_path\":null,\"love_pdf_public_id\":\"project_public_c0680a5b22b3dfcf9099ffe6e7d595e2_2O3zva986ab40f777988a43fef618acc1f628\",\"love_pdf_secret_key\":\"secret_key_09ef449889aaaa39497bd2443fea97d7_xPu-Rc882deb7ead946c956b4b52d8990470f\"}', 1, 0, '{\"properties\":[\"fs-tool\",\"du-tool\",\"no-file-tool\"],\"auth\":{\"fs-tool\":\"5\",\"du-tool\":\"10\",\"no-file-tool\":\"2\"},\"guest\":{\"fs-tool\":\"1\",\"du-tool\":\"5\",\"no-file-tool\":\"1\"}}', '2024-10-11 16:47:53', '2024-10-14 12:05:49'),
(96, 'gif-to-pdf', 'App\\Tools\\GifToPdf', 'class', 'organize-pdf-tool', 14, '{\"driver\":\"ILovePdf\",\"gs_bin_path\":null,\"love_pdf_public_id\":\"project_public_c0680a5b22b3dfcf9099ffe6e7d595e2_2O3zva986ab40f777988a43fef618acc1f628\",\"love_pdf_secret_key\":\"secret_key_09ef449889aaaa39497bd2443fea97d7_xPu-Rc882deb7ead946c956b4b52d8990470f\"}', 1, 0, '{\"properties\":[\"fs-tool\",\"du-tool\",\"no-file-tool\"],\"auth\":{\"fs-tool\":\"5\",\"du-tool\":\"10\",\"no-file-tool\":\"2\"},\"guest\":{\"fs-tool\":\"1\",\"du-tool\":\"5\",\"no-file-tool\":\"1\"}}', '2024-10-11 16:47:53', '2024-10-14 12:06:15'),
(97, 'bmp-to-pdf', 'App\\Tools\\BmpToPdf', 'class', 'bmp-to-pdf-tool', 14, '{\"driver\":\"ILovePdf\",\"gs_bin_path\":null,\"love_pdf_public_id\":\"project_public_c0680a5b22b3dfcf9099ffe6e7d595e2_2O3zva986ab40f777988a43fef618acc1f628\",\"love_pdf_secret_key\":\"secret_key_09ef449889aaaa39497bd2443fea97d7_xPu-Rc882deb7ead946c956b4b52d8990470f\"}', 1, 0, '{\"properties\":[\"fs-tool\",\"du-tool\",\"no-file-tool\"],\"auth\":{\"fs-tool\":\"5\",\"du-tool\":\"10\",\"no-file-tool\":\"2\"},\"guest\":{\"fs-tool\":\"1\",\"du-tool\":\"5\",\"no-file-tool\":\"1\"}}', '2024-10-11 16:47:53', '2024-10-14 12:06:40'),
(98, 'tiff-to-pdf', 'App\\Tools\\TiffToPdf', 'class', 'tiff-to-pdf-tool', 14, '{\"driver\":\"ILovePdf\",\"gs_bin_path\":null,\"love_pdf_public_id\":\"project_public_c0680a5b22b3dfcf9099ffe6e7d595e2_2O3zva986ab40f777988a43fef618acc1f628\",\"love_pdf_secret_key\":\"secret_key_09ef449889aaaa39497bd2443fea97d7_xPu-Rc882deb7ead946c956b4b52d8990470f\"}', 1, 0, '{\"properties\":[\"fs-tool\",\"du-tool\",\"no-file-tool\"],\"auth\":{\"fs-tool\":\"5\",\"du-tool\":\"10\",\"no-file-tool\":\"2\"},\"guest\":{\"fs-tool\":\"1\",\"du-tool\":\"5\",\"no-file-tool\":\"1\"}}', '2024-10-11 16:47:53', '2024-10-14 12:07:16'),
(99, 'image-to-pdf', 'App\\Tools\\ImageToPdf', 'class', 'jpg-to-pdf-tool', 14, '{\"driver\":\"ILovePdf\",\"gs_bin_path\":null,\"love_pdf_public_id\":\"project_public_c0680a5b22b3dfcf9099ffe6e7d595e2_2O3zva986ab40f777988a43fef618acc1f628\",\"love_pdf_secret_key\":\"secret_key_09ef449889aaaa39497bd2443fea97d7_xPu-Rc882deb7ead946c956b4b52d8990470f\"}', 1, 0, '{\"properties\":[\"fs-tool\",\"du-tool\",\"no-file-tool\"],\"auth\":{\"fs-tool\":\"5\",\"du-tool\":\"10\",\"no-file-tool\":\"2\"},\"guest\":{\"fs-tool\":\"1\",\"du-tool\":\"5\",\"no-file-tool\":\"1\"}}', '2024-10-11 16:47:53', '2024-10-14 12:07:48'),
(100, 'html-to-pdf', 'App\\Tools\\HtmlToPdfConverter', 'class', 'organize-pdf-tool', 14, '{\"driver\":\"ILovePdf\",\"love_pdf_public_id\":\"project_public_c0680a5b22b3dfcf9099ffe6e7d595e2_2O3zva986ab40f777988a43fef618acc1f628\",\"love_pdf_secret_key\":\"secret_key_09ef449889aaaa39497bd2443fea97d7_xPu-Rc882deb7ead946c956b4b52d8990470f\"}', 1, 0, '{\"properties\":[\"du-tool\"],\"auth\":{\"du-tool\":\"10\"},\"guest\":{\"du-tool\":\"5\"}}', '2024-10-11 16:47:53', '2024-10-14 12:08:20'),
(101, 'ppt-to-pdf', 'App\\Tools\\PptToPdfConverter', 'class', 'power-point-to-pdf-tool', 14, '{\"driver\":\"ILovePdf\",\"libre_office_path\":null,\"love_pdf_public_id\":\"project_public_c0680a5b22b3dfcf9099ffe6e7d595e2_2O3zva986ab40f777988a43fef618acc1f628\",\"love_pdf_secret_key\":\"secret_key_09ef449889aaaa39497bd2443fea97d7_xPu-Rc882deb7ead946c956b4b52d8990470f\"}', 1, 0, '{\"properties\":[\"fs-tool\",\"du-tool\",\"no-file-tool\"],\"auth\":{\"fs-tool\":\"5\",\"du-tool\":\"10\",\"no-file-tool\":\"2\"},\"guest\":{\"fs-tool\":\"1\",\"du-tool\":\"5\",\"no-file-tool\":\"1\"}}', '2024-10-11 16:47:53', '2024-10-14 12:08:42'),
(102, 'excel-to-pdf', 'App\\Tools\\ExcelToPdfConverter', 'class', 'excel-to-pdf-tool', 14, '{\"driver\":\"ILovePdf\",\"libre_office_path\":null,\"love_pdf_public_id\":\"project_public_c0680a5b22b3dfcf9099ffe6e7d595e2_2O3zva986ab40f777988a43fef618acc1f628\",\"love_pdf_secret_key\":\"secret_key_09ef449889aaaa39497bd2443fea97d7_xPu-Rc882deb7ead946c956b4b52d8990470f\"}', 1, 0, '{\"properties\":[\"fs-tool\",\"du-tool\",\"no-file-tool\"],\"auth\":{\"fs-tool\":\"5\",\"du-tool\":\"10\",\"no-file-tool\":\"2\"},\"guest\":{\"fs-tool\":\"1\",\"du-tool\":\"5\",\"no-file-tool\":\"1\"}}', '2024-10-11 16:47:53', '2024-10-14 12:10:44'),
(103, 'pdf-to-word', 'App\\Tools\\PdfWordConverter', 'class', 'pdf-to-word-tool', 14, NULL, 0, 0, '{\"properties\":[\"fs-tool\",\"du-tool\",\"no-file-tool\"],\"auth\":{\"fs-tool\":5,\"du-tool\":10,\"no-file-tool\":2},\"guest\":{\"fs-tool\":1,\"du-tool\":5,\"no-file-tool\":1}}', '2024-10-11 16:47:53', '2025-05-05 08:24:40'),
(104, 'pdf-to-ppt', 'App\\Tools\\PdfToPpt', 'class', 'pdf-to-power-point-tool', 14, '{\"driver\":\"convertApi\",\"convert_api_secret\":\"secret_OmEFvti5Tr0bEARI\",\"convert_api_key\":\"token_m6GG3Iz8\",\"libre_office_path\":null}', 1, 0, '{\"properties\":[\"fs-tool\",\"du-tool\",\"no-file-tool\"],\"auth\":{\"fs-tool\":\"5\",\"du-tool\":\"10\",\"no-file-tool\":\"2\"},\"guest\":{\"fs-tool\":\"1\",\"du-tool\":\"5\",\"no-file-tool\":\"1\"}}', '2024-10-11 16:47:53', '2025-05-05 08:28:06'),
(105, 'pdf-to-excel', 'App\\Tools\\PdfToExcelConverter', 'class', 'organize-pdf-tool', 14, '{\"driver\":\"convertApi\",\"convert_api_secret\":\"secret_OmEFvti5Tr0bEARI\",\"convert_api_key\":\"token_m6GG3Iz8\",\"libre_office_path\":null}', 1, 0, '{\"properties\":[\"fs-tool\",\"du-tool\",\"no-file-tool\"],\"auth\":{\"fs-tool\":\"5\",\"du-tool\":\"10\",\"no-file-tool\":\"2\"},\"guest\":{\"fs-tool\":\"1\",\"du-tool\":\"5\",\"no-file-tool\":\"1\"}}', '2024-10-11 16:47:53', '2025-05-05 08:29:42'),
(106, 'pdf-to-png', 'App\\Tools\\PdfToPngConverter', 'class', 'pdf-to-png-tool', 14, '{\"driver\":\"ILovePdf\",\"gs_bin_path\":null,\"love_pdf_public_id\":\"project_public_c0680a5b22b3dfcf9099ffe6e7d595e2_2O3zva986ab40f777988a43fef618acc1f628\",\"love_pdf_secret_key\":\"secret_key_09ef449889aaaa39497bd2443fea97d7_xPu-Rc882deb7ead946c956b4b52d8990470f\"}', 1, 0, '{\"properties\":[\"fs-tool\",\"du-tool\",\"no-file-tool\"],\"auth\":{\"fs-tool\":\"5\",\"du-tool\":\"10\",\"no-file-tool\":\"2\"},\"guest\":{\"fs-tool\":\"1\",\"du-tool\":\"5\",\"no-file-tool\":\"1\"}}', '2024-10-11 16:47:53', '2024-10-14 19:16:27'),
(107, 'pdf-to-jpg', 'App\\Tools\\PdfToJpgConverter', 'class', 'pdf-to-jpg-tool', 14, '{\"driver\":\"ILovePdf\",\"gs_bin_path\":null,\"love_pdf_public_id\":\"project_public_c0680a5b22b3dfcf9099ffe6e7d595e2_2O3zva986ab40f777988a43fef618acc1f628\",\"love_pdf_secret_key\":\"secret_key_09ef449889aaaa39497bd2443fea97d7_xPu-Rc882deb7ead946c956b4b52d8990470f\"}', 1, 0, '{\"properties\":[\"fs-tool\",\"du-tool\",\"no-file-tool\"],\"auth\":{\"fs-tool\":\"5\",\"du-tool\":\"10\",\"no-file-tool\":\"2\"},\"guest\":{\"fs-tool\":\"1\",\"du-tool\":\"5\",\"no-file-tool\":\"1\"}}', '2024-10-11 16:47:53', '2024-10-14 19:18:01'),
(108, 'pdf-to-tiff', 'App\\Tools\\PdfToTiffConverter', 'class', 'pdf-to-tiff-tool', 14, '{\"driver\":\"ILovePdf\",\"gs_bin_path\":null,\"love_pdf_public_id\":\"project_public_c0680a5b22b3dfcf9099ffe6e7d595e2_2O3zva986ab40f777988a43fef618acc1f628\",\"love_pdf_secret_key\":\"secret_key_09ef449889aaaa39497bd2443fea97d7_xPu-Rc882deb7ead946c956b4b52d8990470f\"}', 1, 0, '{\"properties\":[\"fs-tool\",\"du-tool\",\"no-file-tool\"],\"auth\":{\"fs-tool\":\"5\",\"du-tool\":\"10\",\"no-file-tool\":\"2\"},\"guest\":{\"fs-tool\":\"1\",\"du-tool\":\"5\",\"no-file-tool\":\"1\"}}', '2024-10-11 16:47:53', '2024-10-14 19:18:29'),
(109, 'pdf-to-bmp', 'App\\Tools\\PdfToBmpConverter', 'class', 'pdf-to-bmp-tool', 14, '{\"driver\":\"ILovePdf\",\"gs_bin_path\":null,\"love_pdf_public_id\":\"project_public_c0680a5b22b3dfcf9099ffe6e7d595e2_2O3zva986ab40f777988a43fef618acc1f628\",\"love_pdf_secret_key\":\"secret_key_09ef449889aaaa39497bd2443fea97d7_xPu-Rc882deb7ead946c956b4b52d8990470f\"}', 1, 0, '{\"properties\":[\"fs-tool\",\"du-tool\",\"no-file-tool\"],\"auth\":{\"fs-tool\":\"5\",\"du-tool\":\"10\",\"no-file-tool\":\"2\"},\"guest\":{\"fs-tool\":\"1\",\"du-tool\":\"5\",\"no-file-tool\":\"1\"}}', '2024-10-11 16:47:53', '2024-10-14 19:18:47'),
(110, 'grayscale-pdf', 'App\\Tools\\PdfGrayscale', 'class', 'grayscale-pdf-tool', 14, NULL, 0, 0, '{\"properties\":[\"fs-tool\",\"du-tool\",\"no-file-tool\"],\"auth\":{\"fs-tool\":5,\"du-tool\":10,\"no-file-tool\":2},\"guest\":{\"fs-tool\":1,\"du-tool\":5,\"no-file-tool\":1}}', '2024-10-11 16:47:53', '2025-05-05 08:35:21'),
(111, 'pdf-compressor', 'App\\Tools\\PdfCompressor', 'class', 'compress-pdf-tool', 14, '{\"driver\":\"ILovePdf\",\"gs_bin_path\":null,\"love_pdf_public_id\":\"project_public_c0680a5b22b3dfcf9099ffe6e7d595e2_2O3zva986ab40f777988a43fef618acc1f628\",\"love_pdf_secret_key\":\"secret_key_09ef449889aaaa39497bd2443fea97d7_xPu-Rc882deb7ead946c956b4b52d8990470f\"}', 1, 0, '{\"properties\":[\"fs-tool\",\"du-tool\",\"no-file-tool\"],\"auth\":{\"fs-tool\":\"5\",\"du-tool\":\"10\",\"no-file-tool\":\"2\"},\"guest\":{\"fs-tool\":\"1\",\"du-tool\":\"5\",\"no-file-tool\":\"1\"}}', '2024-10-11 16:47:53', '2024-10-14 19:20:54'),
(112, 'remove-pdf-pages', 'App\\Tools\\PdfRemovePages', 'class', 'remove-pages-tool', 14, '{\"driver\":\"ILovePdf\",\"bin_path\":null,\"love_pdf_public_id\":\"project_public_c0680a5b22b3dfcf9099ffe6e7d595e2_2O3zva986ab40f777988a43fef618acc1f628\",\"love_pdf_secret_key\":\"secret_key_09ef449889aaaa39497bd2443fea97d7_xPu-Rc882deb7ead946c956b4b52d8990470f\"}', 1, 0, '{\"properties\":[\"du-tool\",\"fs-tool\"],\"auth\":{\"du-tool\":\"10\",\"fs-tool\":\"0\"},\"fs-tool\":5,\"guest\":{\"du-tool\":\"5\",\"fs-tool\":\"1\"}}', '2024-10-11 16:47:53', '2024-10-14 19:21:29'),
(113, 'serp-checker', 'App\\Tools\\SerpChecker', 'class', 'serp-checker', 14, '{\"driver\":\"GoogleSearchApi\",\"google_Search_apikey\":\"AIzaSyDq76iZY-CjBnha-obD3fziRRHFUBE7XbE\",\"google_Search_cx\":\"f77dd0f1ef27c440e\"}', 1, 0, '{\"properties\":[\"du-tool\"],\"auth\":{\"du-tool\":\"10\"},\"guest\":{\"du-tool\":\"5\"}}', '2024-10-11 16:47:53', '2024-10-14 11:28:04'),
(114, 'keyword-position', 'App\\Tools\\KeywordPosition', 'class', 'xml-formatter', 14, '{\"driver\":\"GoogleSearchApi\",\"google_Search_apikey\":\"AIzaSyDq76iZY-CjBnha-obD3fziRRHFUBE7XbE\",\"google_Search_cx\":\"f77dd0f1ef27c440e\"}', 1, 0, '{\"properties\":[\"du-tool\"],\"auth\":{\"du-tool\":\"10\"},\"guest\":{\"du-tool\":\"5\"}}', '2024-10-11 16:47:53', '2024-10-14 11:29:42'),
(115, 'keyword-density-checker', 'App\\Tools\\KeyWordDensityChecker', 'class', 'keyword-density-checker', 14, NULL, 1, 0, '{\"properties\":[\"du-tool\"],\"auth\":{\"du-tool\":10},\"guest\":{\"du-tool\":5}}', '2024-10-11 16:47:53', '2024-10-11 16:47:53'),
(116, 'related-keywords-finder', 'App\\Tools\\RelatedKeywordsFinder', 'class', 'related-keywords-finder', 14, NULL, 1, 0, '{\"properties\":[\"du-tool\"],\"auth\":{\"du-tool\":10},\"guest\":{\"du-tool\":5}}', '2024-10-11 16:47:53', '2024-10-11 16:47:53'),
(117, 'keyword-research-tool', 'App\\Tools\\KeywordResearchTool', 'class', 'website-tracking-tools', 14, NULL, 1, 0, '{\"properties\":[\"du-tool\"],\"auth\":{\"du-tool\":10},\"guest\":{\"du-tool\":5}}', '2024-10-11 16:47:53', '2024-10-11 16:47:53'),
(118, 'keywords-rich-domains', 'App\\Tools\\KeywordsRichDomainsSuggestionsTool', 'class', 'browser', 14, '{\"driver\":\"WhoisDomainChecker\"}', 1, 0, '{\"properties\":[\"du-tool\"],\"auth\":{\"du-tool\":\"10\"},\"guest\":{\"du-tool\":\"5\"}}', '2024-10-11 16:47:53', '2024-10-14 11:32:25'),
(119, 'mozrank-checker', 'App\\Tools\\MozRankChecker', 'class', 'analytics', 14, '{\"driver\":\"mozApi\",\"moz_token\":\"bW96c2NhcGUteWt6NHNKV2dwODp4U2huZzE3Q2RSbmJMaGdPTHVMaFR0SDRlNk8xSWhsdg==\"}', 1, 0, '{\"properties\":[\"du-tool\"],\"auth\":{\"du-tool\":\"10\"},\"guest\":{\"du-tool\":\"5\"}}', '2024-10-11 16:47:53', '2024-10-14 11:23:01'),
(120, 'google-cache-checker', 'App\\Tools\\GoogleCacheChecker', 'class', 'broom', 14, NULL, 1, 0, '{\"properties\":[\"du-tool\",\"no-domain-tool\"],\"auth\":{\"no-domain-tool\":2,\"du-tool\":10},\"guest\":{\"du-tool\":5,\"no-domain-tool\":1}}', '2024-10-11 16:47:53', '2024-10-11 16:47:53'),
(121, 'check-gzip-compression', 'App\\Tools\\CheckGzipCompression', 'class', 'zip', 14, NULL, 1, 0, '{\"properties\":[\"du-tool\"],\"auth\":{\"du-tool\":10},\"guest\":{\"du-tool\":5}}', '2024-10-11 16:47:53', '2024-10-11 16:47:53'),
(122, 'ssl-checker', 'App\\Tools\\SslChecker', 'class', 'lock', 14, NULL, 1, 0, '{\"properties\":[\"du-tool\"],\"auth\":{\"du-tool\":10},\"guest\":{\"du-tool\":5}}', '2024-10-11 16:47:53', '2024-10-11 16:47:53'),
(123, 'spider-simulator', 'App\\Tools\\SpiderSimulator', 'class', 'spider', 14, NULL, 1, 0, '{\"properties\":[\"du-tool\"],\"auth\":{\"du-tool\":10},\"guest\":{\"du-tool\":5}}', '2024-10-11 16:47:53', '2024-10-11 16:47:53'),
(124, 'what-is-my-browser', 'App\\Tools\\WhatIsMyBrowser', 'class', 'browser', 14, NULL, 1, 0, '{\"properties\":[\"du-tool\"],\"auth\":{\"du-tool\":10},\"guest\":{\"du-tool\":5}}', '2024-10-11 16:47:53', '2024-10-11 16:47:53'),
(125, 'get-http-headers', 'App\\Tools\\GetHttpHeaders', 'class', 'code-pull', 14, NULL, 1, 0, '{\"properties\":[\"du-tool\"],\"auth\":{\"du-tool\":10},\"guest\":{\"du-tool\":5}}', '2024-10-11 16:47:54', '2024-10-11 16:47:54'),
(126, 'htaccess-redirect', 'App\\Tools\\HtaccessRedirect', 'class', 'code', 14, NULL, 1, 0, '{\"properties\":[\"du-tool\"],\"auth\":{\"du-tool\":10},\"guest\":{\"du-tool\":5}}', '2024-10-11 16:47:54', '2024-10-11 16:47:54'),
(127, 'mobile-friendly-test', 'App\\Tools\\MobileFriendlyTest', 'class', 'json-viewer', 14, NULL, 1, 0, '{\"properties\":[\"du-tool\"],\"auth\":{\"du-tool\":10},\"guest\":{\"du-tool\":5}}', '2024-10-11 16:47:54', '2024-10-11 16:47:54'),
(128, 'adsense-calculator', 'App\\Tools\\AdsenseCalculator', 'class', 'sales-tax-calculator', 14, NULL, 1, 0, '{\"properties\":[\"du-tool\"],\"auth\":{\"du-tool\":10},\"guest\":{\"du-tool\":5}}', '2024-10-11 16:47:54', '2024-10-11 16:47:54'),
(129, 'webpage-screen-resultion-simulator', 'App\\Tools\\WebpageSimulator', 'class', 'website-screenshot', 14, NULL, 1, 0, '{\"properties\":[\"du-tool\"],\"auth\":{\"du-tool\":10},\"guest\":{\"du-tool\":5}}', '2024-10-11 16:47:54', '2024-10-11 16:47:54'),
(130, 'english-converter', 'App\\Tools\\EnglishConverter', 'class', 'translate-english', 14, '{\"driver\":\"OpenAiRewriter\",\"openai_apikey\":\"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\"}', 1, 0, '{\"properties\":[\"wc-tool\",\"du-tool\"],\"auth\":{\"wc-tool\":\"100\",\"du-tool\":\"10\"},\"guest\":{\"wc-tool\":\"50\",\"du-tool\":\"5\"}}', '2024-10-11 16:47:54', '2025-03-05 04:16:49'),
(131, 'paraphrased', 'App\\Tools\\Paraphrased', 'class', 'paraphrased', 14, '{\"driver\":\"OpenAiRewriter\",\"openai_apikey\":\"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\"}', 1, 0, '{\"properties\":[\"wc-tool\",\"du-tool\"],\"auth\":{\"wc-tool\":\"100\",\"du-tool\":\"10\"},\"guest\":{\"wc-tool\":\"50\",\"du-tool\":\"5\"}}', '2024-10-11 16:47:54', '2025-03-05 04:21:50'),
(132, 'email-validator', 'App\\Tools\\EmailValidator', 'class', 'spell-checker', 99, NULL, 1, 0, '{\"properties\":[\"no-domain-tool\",\"du-tool\"],\"auth\":{\"no-domain-tool\":2,\"du-tool\":10},\"guest\":{\"no-domain-tool\":1,\"du-tool\":5}}', '2024-10-11 16:47:54', '2024-10-11 16:47:54'),
(133, 'word-counter', 'App\\Tools\\WordCounter', 'class', 'word-counter', 99, NULL, 1, 0, '{\"properties\":[\"wc-tool\",\"du-tool\"],\"auth\":{\"wc-tool\":100,\"du-tool\":10},\"guest\":{\"wc-tool\":50,\"du-tool\":5}}', '2024-10-11 16:47:54', '2024-10-11 16:47:54'),
(134, 'webp-to-png', 'App\\Tools\\WebpToPngConverter', 'class', 'image-editor', 9, NULL, 1, 0, '{\"properties\":[\"fs-tool\",\"du-tool\",\"no-file-tool\"],\"auth\":{\"fs-tool\":5,\"du-tool\":10,\"no-file-tool\":2},\"guest\":{\"fs-tool\":1,\"du-tool\":5,\"no-file-tool\":1}}', '2024-10-11 16:47:54', '2024-10-11 16:47:54'),
(135, 'png-to-webp', 'App\\Tools\\PngToWebp', 'class', 'img-text', 10, NULL, 1, 0, '{\"properties\":[\"fs-tool\",\"du-tool\",\"no-file-tool\"],\"auth\":{\"fs-tool\":5,\"du-tool\":10,\"no-file-tool\":2},\"guest\":{\"fs-tool\":1,\"du-tool\":5,\"no-file-tool\":1}}', '2024-10-11 16:47:54', '2024-10-11 16:47:54'),
(136, 'number-generator', 'App\\Tools\\RandomNumberGenerator', 'class', 'word-counter', 9, NULL, 1, 0, '{\"properties\":[\"du-tool\"],\"auth\":{\"du-tool\":10},\"guest\":{\"du-tool\":5}}', '2024-10-11 16:47:54', '2024-10-11 16:47:54'),
(137, 'uuid-generator', 'App\\Tools\\UuidGenerator', 'class', 'word-counter', 9, NULL, 1, 0, '{\"properties\":[\"du-tool\"],\"auth\":{\"du-tool\":10},\"guest\":{\"du-tool\":5}}', '2024-10-11 16:47:54', '2024-10-11 16:47:54'),
(138, 'lorem-ipsum-generator', 'App\\Tools\\LoremIpsumGenerator', 'class', 'word-counter', 9, NULL, 1, 0, '{\"properties\":[\"du-tool\"],\"auth\":{\"du-tool\":10},\"guest\":{\"du-tool\":5}}', '2024-10-11 16:47:54', '2024-10-11 16:47:54'),
(139, 'comma-separator', 'App\\Tools\\CommaSeparator', 'class', 'spell-checker', 99, NULL, 1, 0, '{\"properties\":[\"du-tool\"],\"auth\":{\"du-tool\":10},\"guest\":{\"du-tool\":5}}', '2024-10-11 16:47:54', '2024-10-11 16:47:54'),
(140, 'websites-broken-link-checker', 'App\\Tools\\BrokenLinksChecker', 'class', 'spider', 99, NULL, 1, 0, '{\"properties\":[\"du-tool\"],\"auth\":{\"du-tool\":10},\"guest\":{\"du-tool\":5}}', '2024-10-11 16:47:54', '2024-10-11 16:47:54'),
(141, 'video-to-gif', 'App\\Tools\\VideoToGif', 'class', 'image-editor', 99, NULL, 0, 0, '{\"properties\":[\"fs-tool\",\"du-tool\"],\"auth\":{\"fs-tool\":5,\"du-tool\":10},\"guest\":{\"fs-tool\":1,\"du-tool\":5}}', '2024-10-11 16:47:54', '2025-03-05 06:02:10'),
(142, 'svg-converter', 'App\\Tools\\SvgConverter', 'class', 'image-editor', 99, NULL, 0, 0, '{\"properties\":[\"fs-tool\",\"du-tool\",\"no-file-tool\"],\"auth\":{\"fs-tool\":5,\"du-tool\":10,\"no-file-tool\":2},\"guest\":{\"fs-tool\":1,\"du-tool\":5,\"no-file-tool\":1}}', '2024-10-11 16:47:54', '2025-03-05 06:03:27'),
(143, 'png-to-svg', 'App\\Tools\\PngToSvg', 'class', 'image-editor', 99, NULL, 0, 0, '{\"properties\":[\"fs-tool\",\"du-tool\",\"no-file-tool\"],\"auth\":{\"fs-tool\":5,\"du-tool\":10,\"no-file-tool\":2},\"guest\":{\"fs-tool\":1,\"du-tool\":5,\"no-file-tool\":1}}', '2024-10-11 16:47:54', '2025-03-05 06:03:27'),
(144, 'jpg-to-svg', 'App\\Tools\\JpgToSvg', 'class', 'image-editor', 99, NULL, 0, 0, '{\"properties\":[\"fs-tool\",\"du-tool\",\"no-file-tool\"],\"auth\":{\"fs-tool\":5,\"du-tool\":10,\"no-file-tool\":2},\"guest\":{\"fs-tool\":1,\"du-tool\":5,\"no-file-tool\":1}}', '2024-10-11 16:47:54', '2025-03-05 06:03:27'),
(145, 'heic-to-jpg', 'App\\Tools\\HeicToJpg', 'class', 'convert-jpg', 99, NULL, 1, 0, '{\"properties\":[\"fs-tool\",\"du-tool\",\"no-file-tool\"],\"auth\":{\"fs-tool\":5,\"du-tool\":10,\"no-file-tool\":2},\"guest\":{\"fs-tool\":1,\"du-tool\":5,\"no-file-tool\":1}}', '2024-10-11 16:47:54', '2024-10-11 16:47:54'),
(146, 'heic-to-png', 'App\\Tools\\HeicToPng', 'class', 'online-png', 99, NULL, 1, 0, '{\"properties\":[\"fs-tool\",\"du-tool\",\"no-file-tool\"],\"auth\":{\"fs-tool\":5,\"du-tool\":10,\"no-file-tool\":2},\"guest\":{\"fs-tool\":1,\"du-tool\":5,\"no-file-tool\":1}}', '2024-10-11 16:47:54', '2024-10-11 16:47:54'),
(147, 'avif-to-jpg', 'App\\Tools\\AvifToJpg', 'class', 'convert-jpg', 99, NULL, 1, 0, '{\"properties\":[\"fs-tool\",\"du-tool\",\"no-file-tool\"],\"auth\":{\"fs-tool\":5,\"du-tool\":10,\"no-file-tool\":2},\"guest\":{\"fs-tool\":1,\"du-tool\":5,\"no-file-tool\":1}}', '2024-10-11 16:47:54', '2024-10-11 16:47:54'),
(148, 'avif-to-png', 'App\\Tools\\AvifToPng', 'class', 'online-png', 99, NULL, 1, 0, '{\"properties\":[\"fs-tool\",\"du-tool\",\"no-file-tool\"],\"auth\":{\"fs-tool\":5,\"du-tool\":10,\"no-file-tool\":2},\"guest\":{\"fs-tool\":1,\"du-tool\":5,\"no-file-tool\":1}}', '2024-10-11 16:47:54', '2024-10-11 16:47:54'),
(149, 'svg-to-jpg', 'App\\Tools\\SvgToJpg', 'class', 'convert-jpg', 99, NULL, 1, 0, '{\"properties\":[\"fs-tool\",\"du-tool\",\"no-file-tool\"],\"auth\":{\"fs-tool\":5,\"du-tool\":10,\"no-file-tool\":2},\"guest\":{\"fs-tool\":1,\"du-tool\":5,\"no-file-tool\":1}}', '2024-10-11 16:47:54', '2024-10-11 16:47:54'),
(150, 'svg-to-png', 'App\\Tools\\SvgToPng', 'class', 'online-png', 99, NULL, 1, 0, '{\"properties\":[\"fs-tool\",\"du-tool\",\"no-file-tool\"],\"auth\":{\"fs-tool\":5,\"du-tool\":10,\"no-file-tool\":2},\"guest\":{\"fs-tool\":1,\"du-tool\":5,\"no-file-tool\":1}}', '2024-10-11 16:47:54', '2024-10-11 16:47:54'),
(151, 'credit-card-generator', 'App\\Tools\\CreditCardGenerator', 'class', 'probability-calculator', 1, NULL, 1, 0, '{\"properties\":[\"du-tool\"],\"auth\":{\"du-tool\":10},\"guest\":{\"du-tool\":5}}', '2024-10-11 16:47:54', '2024-10-11 16:47:54'),
(152, 'fake-address-generator', 'App\\Tools\\FakeAddressGenerator', 'class', 'reverse-text-generator', 1, NULL, 1, 0, '{\"properties\":[\"du-tool\"],\"auth\":{\"du-tool\":10},\"guest\":{\"du-tool\":5}}', '2024-10-11 16:47:54', '2024-10-11 16:47:54'),
(153, 'fake-name-generator', 'App\\Tools\\FakeNameGenerator', 'class', 'reverse-text-generator', 1, NULL, 1, 0, '{\"properties\":[\"du-tool\"],\"auth\":{\"du-tool\":10},\"guest\":{\"du-tool\":5}}', '2024-10-11 16:47:54', '2024-10-11 16:47:54');

-- --------------------------------------------------------

--
-- Table structure for table `tool_properties`
--

CREATE TABLE `tool_properties` (
  `id` bigint(20) UNSIGNED NOT NULL,
  `tool_id` bigint(20) UNSIGNED NOT NULL,
  `property_id` bigint(20) UNSIGNED NOT NULL,
  `is_guest_allowed` tinyint(1) NOT NULL DEFAULT 0,
  `value` varchar(191) DEFAULT NULL,
  `created_at` timestamp NULL DEFAULT NULL,
  `updated_at` timestamp NULL DEFAULT NULL
) ENGINE=InnoDB DEFAULT CHARSET=utf8mb4 COLLATE=utf8mb4_unicode_ci;

-- --------------------------------------------------------

--
-- Table structure for table `tool_translations`
--

CREATE TABLE `tool_translations` (
  `id` bigint(20) UNSIGNED NOT NULL,
  `locale` varchar(191) NOT NULL,
  `tool_id` bigint(20) UNSIGNED NOT NULL,
  `name` varchar(191) NOT NULL,
  `description` varchar(500) DEFAULT NULL,
  `content` longtext NOT NULL,
  `index_content` longtext DEFAULT NULL,
  `meta_title` varchar(191) DEFAULT NULL,
  `meta_description` varchar(191) DEFAULT NULL,
  `og_title` varchar(191) DEFAULT NULL,
  `og_description` varchar(191) DEFAULT NULL,
  `created_at` timestamp NULL DEFAULT NULL,
  `updated_at` timestamp NULL DEFAULT NULL
) ENGINE=InnoDB DEFAULT CHARSET=utf8mb4 COLLATE=utf8mb4_unicode_ci;

--
-- Dumping data for table `tool_translations`
--

INSERT INTO `tool_translations` (`id`, `locale`, `tool_id`, `name`, `description`, `content`, `index_content`, `meta_title`, `meta_description`, `og_title`, `og_description`, `created_at`, `updated_at`) VALUES
(1, 'en', 1, 'MD5 Generator', 'This is an easy to use tool that enables you to generate the MD5 hash of a string. In order to use the tool, enter the text you want to convert to MD5 below and click on ‘Generate’ button.', 'This is an easy to use tool that enables you to generate the MD5 hash of a string. In order to use the tool, enter the text you want to convert to MD5 below and click on ‘Generate’ button. Edit me from admin panel...', NULL, NULL, NULL, NULL, NULL, '2024-10-11 16:34:00', '2024-10-11 16:34:00'),
(2, 'en', 2, 'Wordpress Password Generator', 'This is an easy to use tool that enables you to generate the WordPress hash of a string. In order to use the tool, enter the text you want to convert to WP hash below and click on ‘Generate’ button.', 'This is an easy to use tool that enables you to generate the MD5 hash of a string. In order to use the tool, enter the text you want to convert to MD5 below and click on ‘Generate’ button. Edit me from admin panel...', NULL, NULL, NULL, NULL, NULL, '2024-10-11 16:34:00', '2024-10-11 16:34:00'),
(3, 'en', 3, 'Password Strength Checker', 'Edit me from admin panel...', 'Edit me from admin panel...', NULL, NULL, NULL, NULL, NULL, '2024-10-11 16:34:00', '2024-10-11 16:34:00'),
(4, 'en', 4, 'Password Generator', 'Edit me from admin panel...', 'Edit me from admin panel...', NULL, NULL, NULL, NULL, NULL, '2024-10-11 16:34:00', '2024-10-11 16:34:00'),
(5, 'en', 5, 'Age Calculator', 'Edit me from admin panel...', 'Edit me from admin panel...', '<div class=\"raw-html-embed\"><div class=\"age-calculater-page\"><div class=\"banner-area\">\n        <div class=\"container\">\n          <div class=\"row\">\n            <div class=\"col-md-12 align-self-center text-center\">\n              <h1>Progress is impossible without content.</h1>\n              <p>Lorem ipsum dolor sit amet, consectetur adipiscing elit. In malesuada posuere metus\n                a sollicitudin. Nam a felis tellus. Sed tempor at quam sed feugiat. Nunc sodales vel\n                purus vel euismod.</p>\n              <div class=\"mt-3\">\n                <button type=\"button\" class=\"btn btn-primary rounded-pill mb-2\">Go Pro</button>\n                <button type=\"button\" class=\"btn btn-outline-primary rounded-pill mb-2\">Try it free</button>\n              </div>\n            </div>\n          </div>\n        </div>\n      </div>\n      [x-tool-form]\n      <div class=\"easy-calculate\">\n        <div class=\"container\">\n          <div class=\"row\">\n            <div class=\"col-md-4\">\n              <img class=\"w-100\" src=\"/themes/canvas/images/easy-calculate-img.svg\" alt=\"image\">\n            </div>\n            <div class=\"col-md-8 align-self-center\">\n              <div class=\"hero-title bold\">\n                <h1>Easy calculate your age</h1>\n              </div>\n              <p>Lorem Ipsum is simply dummy text of the printing and typesetting industry. Lorem Ipsum has been the\n                industry\'s standard dummy text ever since the 1500s, when an unknown printer took a galley of type and\n                scrambled it to make a type specimen book. It has survived not only five centuries, but also the leap\n                into electronic typesetting, remaining essentially unchanged. <br><br> It was popularised in the 1960s\n                with the\n                release of Letraset sheets containing Lorem Ipsum passages, and more recently with desktop publishing\n                software like Aldus PageMaker including versions of Lorem Ipsum.</p>\n              <button type=\"button\" class=\"btn btn-primary rounded-pill mb-2 px-5\">Try it free</button>\n            </div>\n          </div>\n        </div>\n      </div>\n      </div></div>', NULL, NULL, NULL, NULL, '2024-10-11 16:34:00', '2024-10-11 16:34:02'),
(6, 'en', 6, 'Percentage Calculator', 'Edit me from admin panel...', 'Edit me from admin panel...', NULL, NULL, NULL, NULL, NULL, '2024-10-11 16:34:00', '2024-10-11 16:34:00'),
(7, 'en', 7, 'Average Calculator', 'Edit me from admin panel...', 'Edit me from admin panel...', NULL, NULL, NULL, NULL, NULL, '2024-10-11 16:34:00', '2024-10-11 16:34:00'),
(8, 'en', 8, 'Sales Tax Calculator', 'Edit me from admin panel...', 'Edit me from admin panel...', NULL, NULL, NULL, NULL, NULL, '2024-10-11 16:34:00', '2024-10-11 16:34:00'),
(9, 'en', 9, 'Discount Calculator', 'Edit me from admin panel...', 'Edit me from admin panel...', NULL, NULL, NULL, NULL, NULL, '2024-10-11 16:34:00', '2024-10-11 16:34:00'),
(10, 'en', 10, 'Probability  Calculator', 'Edit me from admin panel...', 'Edit me from admin panel...', NULL, NULL, NULL, NULL, NULL, '2024-10-11 16:34:00', '2024-10-11 16:34:00'),
(11, 'en', 11, 'Rewrite Article', 'Edit me from admin panel...', 'Edit me from admin panel...', '<div class=\"raw-html-embed\"><div class=\"content-writing-page\"><div class=\"banner-area\">\n  <div class=\"container\">\n    <div class=\"row\">\n      <div class=\"col-md-6 align-self-center\">\n        <h1>Progress is impossible without content.</h1>\n        <p>Lorem ipsum dolor sit amet, consectetur adipiscing elit. In malesuada posuere metus\n          a sollicitudin. Nam a felis tellus. Sed tempor at quam sed feugiat. Nunc sodales vel\n          purus vel euismod.</p>\n        <div class=\"mt-3\">\n          <button type=\"button\" class=\"btn btn-primary rounded-pill mb-2\">Go Pro</button>\n          <button type=\"button\" class=\"btn btn-outline-primary rounded-pill mb-2\">Try it free</button>\n        </div>\n      </div>\n      <div class=\"col-md-6 text-center\">\n        <img class=\"img-fluid\" src=\"themes/canvas/images/contant-rewriting-img.svg\" alt=\"Image Converter\">\n      </div>\n    </div>\n  </div>\n</div>\n[x-tool-form]\n<div class=\"container content-writing-wrap\">\n  <div class=\"row\">\n    <div class=\"col-md-4\">\n      <div class=\"item\">\n        <div class=\"icon  align-self-center text-center\">\n          <svg viewBox=\"0 0 36 35\" xmlns=\"http://www.w3.org/2000/svg\">\n            <path\n              d=\"M2.49351 31.4141C2.07273 32.0469 0.350649 34.4688 0 35H1.56623C1.56623 35 1.87013 34.5 3.77922 32.2734C4.45714 31.5078 14.8597 29.9609 18.1558 26.7031C20.1584 24.7344 20.5636 23.9062 22.1688 21.6641C22.3948 21.3594 30.7792 18.5 34.839 8C35.1195 7.42969 36.2494 4.3125 35.9377 0C32.9455 2.39062 19.9403 4.1875 18.1558 5.64844C17.3844 6.28125 16.2935 7.49219 16.1377 7.75C16.0597 7.89062 15.5922 8.63281 15.5922 8.63281C15.5922 8.63281 15.9584 7.15625 15.8961 6.90625C15.8727 6.82812 15.8494 6.65625 15.8416 6.64062C15.826 6.61719 15.4208 6.75781 15.3195 6.79688C12.226 7.89844 9.43636 10.5469 7.58182 12.9453C6.56883 14.2578 6.96623 16.8125 6.27273 18.1016C6.07792 18.4609 6.35844 14.1406 6.09351 14.4219C4.86234 15.7578 3.8961 16.8906 3.3974 17.625C-0.296104 23.1484 2.67273 31.1562 2.49351 31.4141ZM7.2 24.9766C8.46234 23.4609 9.95065 21.5312 11.9532 19.4453C13.4494 17.8984 20.3299 11.5938 21.2182 11.5234C21.2182 11.5234 20.6805 11.9844 20.2675 12.4062C19.5429 13.125 16.9247 15.25 14.2364 17.9688C13.5974 18.6172 12.2416 19.9531 10.9247 21.4531C9.85714 22.6719 8.7974 23.9922 7.96364 25.0156C5.5013 28.0625 4.01299 30.3281 3.97403 30.4219C3.9039 30.5391 3.69351 30.4062 3.65455 29.875C3.60779 29.5156 4.34805 28.4141 7.2 24.9766Z\" />\n          </svg>\n        </div>\n        <div class=\"content\">\n          <h2 class=\"title\">Blog rewriting</h2>\n          <p>Rem ipsam distinctio beatae dolore Doloremque ut.</p>\n        </div>\n      </div>\n    </div>\n    <div class=\"col-md-4\">\n      <div class=\"item\">\n        <div class=\"icon  align-self-center text-center\">\n          <svg viewBox=\"0 0 35 38\" xmlns=\"http://www.w3.org/2000/svg\">\n            <path\n              d=\"M35 37.5034H10.2031L14.0547 31.8784H35V37.5034ZM22.4062 0.448738L2.17969 30.2847C1.44531 29.5269 0.976562 28.7691 0.84375 28.1519C0.828125 28.1284 0.859375 28.0659 0.90625 27.9956L1.00781 27.855C1.01562 27.8472 1.02344 27.8316 1.03125 27.8237C1.05469 27.7925 1.07031 27.7612 1.09375 27.7378L19.25 0.9253C19.5703 0.448738 20.0312 0.159675 20.625 0.0503003C21.1641 -0.0746997 21.7188 0.0346753 22.2734 0.3628L22.4062 0.448738ZM27.0625 6.03468L8.82812 32.855C8.66406 33.0659 8.5625 33.2456 8.21875 33.23C8.14844 33.2222 8.05469 33.23 7.96094 33.23C7.26562 33.2144 6.38281 32.9487 5.65625 32.6597L26.0156 2.72218L26.4922 3.10499C26.9531 3.44874 27.2422 3.90186 27.3672 4.45655C27.4687 5.03468 27.3672 5.56593 27.0625 6.03468ZM1.84375 34.6675C1.83594 34.4097 2.0625 31.9487 2.0625 31.9487C1.54688 31.5425 0.96875 30.7066 0.335938 29.4566L0 37.5034L7.33594 34.2066C6.03125 34.0972 5.07812 33.8394 4.49219 33.4409C4.49219 33.4409 2.65625 34.4253 1.84375 34.6675ZM25.3594 2.34718L4.99219 32.3237C4.71875 32.1831 4.4375 32.0269 4.14844 31.8472C4.14844 31.8472 4.14062 31.8472 4.13281 31.8394L4.125 31.8316C4.11719 31.8237 4.10938 31.8237 4.10156 31.8159C4.00781 31.7534 3.82031 31.6362 3.76562 31.5972C3.75781 31.5972 3.75781 31.5894 3.75 31.5894H3.74219C3.5 31.4253 2.96875 31.0347 2.75 30.8628L23.0312 0.847175L24.1484 1.56593L24.2109 1.60499L24.6016 1.85499L25.3594 2.34718Z\" />\n          </svg>\n        </div>\n        <div class=\"content\">\n          <h2 class=\"title\">Content rewriting</h2>\n          <p>Rem ipsam distinctio beatae dolore Doloremque ut.</p>\n        </div>\n      </div>\n    </div>\n    <div class=\"col-md-4\">\n      <div class=\"item\">\n        <div class=\"icon  align-self-center text-center\">\n          <svg viewBox=\"0 0 28 38\" xmlns=\"http://www.w3.org/2000/svg\">\n            <path\n              d=\"M16.625 5.43068C8.12589 17.7008 9.23705 16.3654 0.729464 28.6356C0.0848213 29.5678 0 37.6219 0 37.6219C0 37.6219 7.53214 34.6992 8.1683 33.7754C16.871 21.2281 24.0723 10.5621 24.0723 10.5621L16.625 5.43068ZM27.8214 9.79787L20.3911 20.086C20.1366 20.4639 19.5513 20.5563 19.1781 20.2959C18.8134 20.0356 18.7116 19.4561 18.983 19.0781L25.9129 9.49553L25.1665 8.95803L24.5388 9.87346L17.1 4.74201L20.3571 0.0556841C20.5692 -0.238261 22.4013 0.660372 24.4625 2.07131C26.5237 3.48225 28.025 4.86799 27.8214 5.17033L26.1504 7.55549C26.1929 7.58068 26.6594 7.91662 27.6263 8.61369C27.8045 8.73967 27.9402 8.94123 27.9741 9.15119V9.15959C28.025 9.37795 27.9656 9.61311 27.8214 9.79787Z\" />\n          </svg>\n        </div>\n        <div class=\"content\">\n          <h2 class=\"title\">Content rewriting</h2>\n          <p>Rem ipsam distinctio beatae dolore Doloremque ut.</p>\n        </div>\n      </div>\n    </div>\n  </div>\n</div>\n<div class=\"one-solution section-padding bg-light dark-mode-light-bg\">\n  <div class=\"container\">\n    <div class=\"row\">\n      <div class=\"col-md-4\">\n        <div class=\"content sticky-md-top sticky-lg-top sticky-xl-top\">\n          <div class=\"hero-title bold pt-5\">\n            <h2 class=\"title\"> One Solution for your all needs</h2>\n            <p>Rem ipsam distinctio beatae dolore. Doloremque\n              ut fugit molestiae accusamus optio maxime.\n              Vel illo in qui laboriosam possimus ad rerum.\n              <br><br>\n              Rem ipsam distinctio beatae dolore. Doloremque\n              ut fugit molestiae accusamus optio maxime.\n              Vel illo in qui laboriosam possimus ad rerum.\n              Rem ipsam distinctio beatae dolore. Doloremque\n              ut fugit molestiae accusamus optio maxime.\n              Vel illo in qui laboriosam possimus ad rerum.\n              <br><br>\n              Rem ipsam distinctio beatae dolore. Doloremque\n              ut fugit molestiae accusamus optio maxime.\n              Vel illo in qui laboriosam possimus ad rerum.\n            </p>\n          </div>\n\n        </div>\n      </div>\n      <div class=\"col-md-8\">\n        <div class=\"row\">\n          <div class=\"col-md-6 mb-3\">\n            <div class=\"item\">\n              <div class=\"icon\">\n                <svg width=\"57\" height=\"50\" viewBox=\"0 0 57 50\" fill=\"none\" xmlns=\"http://www.w3.org/2000/svg\">\n                  <g clip-path=\"url(#clip0_753_3671)\">\n                    <path\n                      d=\"M40.3711 3.18359C41.3184 3.18359 42.1094 3.87695 42.1094 4.85352V41.709C42.1094 42.793 41.3086 43.4277 40.3711 43.4277C39.0137 43.4277 37.4609 40.4883 37.2266 40.127C36.5234 39.1309 35.7715 38.1934 34.9609 37.334C32.5391 34.6973 30.0977 33.1641 27.6465 32.7539C24.3066 32.1387 20.4688 31.7285 16.1328 31.5039V35.6738C16.1328 36.7871 15.498 37.1777 15.3613 37.2559L14.5508 39.5996C14.2969 40.4395 14.707 42.1387 15.9668 42.1387C16.8848 42.1387 16.9141 42.4316 16.8555 43.0176L16.4551 46.1035C16.3965 46.6895 16.1328 46.9824 15.6445 46.9824H6.86523C5.3418 46.9824 5.43945 46.1621 5.57617 45.1367L7.43164 34.6387C7.61719 33.6426 6.93359 31.8359 5.61523 31.5137C5.3418 31.4551 2.70508 31.0645 1.57227 30.7422C0.644531 30.459 0 29.6094 0 28.6328V17.3145C0 16.1133 0.976562 15.1367 2.17773 15.1367H5.78125C6.16211 14.2773 6.77734 13.8477 7.63672 13.8477H14.9121C15.9961 13.8477 16.4355 14.502 16.6504 14.9707C16.6504 14.9707 23.9746 14.6094 27.6465 13.8477C30.0879 13.3398 32.5391 11.875 34.9609 9.26758C35.7715 8.4082 37.5879 5.91797 38.2324 4.85352C38.8477 3.74023 39.5605 3.18359 40.3711 3.18359ZM45.0977 27.5977V19.0137C45.0977 18.7598 45 18.5547 44.8145 18.3887C44.6289 18.2227 44.4238 18.1348 44.209 18.1348H43.6426C43.3984 18.1348 43.1934 18.2227 43.0371 18.3887C42.8711 18.5547 42.793 18.7598 42.793 19.0137V27.5977C42.793 27.8711 42.8711 28.0859 43.0371 28.2227C43.2031 28.3887 43.3984 28.4766 43.6426 28.4766H44.209C44.4238 28.4766 44.6289 28.3887 44.8145 28.2227C45 28.0859 45.0977 27.8809 45.0977 27.5977ZM47.1191 11.4746C47.0117 11.582 46.875 11.6406 46.7188 11.6406C46.5332 11.6699 46.3672 11.6113 46.2305 11.4746C46.1523 11.3672 46.1133 11.2207 46.1133 11.0547C46.1133 10.8887 46.1523 10.752 46.2305 10.6348L49.1797 7.2168C49.3164 7.12891 49.4727 7.08984 49.668 7.08984C49.8047 7.03125 49.9414 7.08008 50.0684 7.2168C50.2051 7.35352 50.2734 7.49023 50.2734 7.63672C50.2734 7.83203 50.2051 7.99805 50.0684 8.13477L47.1191 11.4746ZM50.0684 34.6777C50.2051 34.8145 50.2734 34.9805 50.2734 35.1758C50.2734 35.3418 50.2051 35.4785 50.0684 35.5957C49.9316 35.7031 49.7949 35.7617 49.668 35.7617C49.4824 35.7617 49.3164 35.6738 49.1797 35.5078L46.2305 32.1777C46.1523 32.0703 46.1133 31.9238 46.1133 31.7578C46.1133 31.6211 46.1523 31.4844 46.2305 31.3379C46.3672 31.2012 46.5234 31.1328 46.7188 31.1328C46.8848 31.1621 47.0117 31.2305 47.1191 31.3379L50.0684 34.6777ZM49.3848 15.6836C49.3848 15.4102 49.5215 15.2148 49.7852 15.0977L53.8281 13.4277C53.9941 13.3691 54.1504 13.3691 54.3164 13.4277C54.4824 13.4863 54.5898 13.5938 54.6387 13.7598C54.6875 13.9258 54.6875 14.082 54.6387 14.2188C54.5605 14.3848 54.4531 14.4922 54.3164 14.5508L50.1953 16.2598C50.0586 16.3184 49.9121 16.2988 49.7461 16.2207C49.6094 16.1621 49.4922 16.0547 49.3848 15.8887V15.6836ZM54.3066 28.2617C54.4434 28.3203 54.5508 28.418 54.6289 28.5547C54.6777 28.75 54.6777 28.916 54.6289 29.0527C54.5703 29.1895 54.4629 29.3066 54.3066 29.3848C54.1406 29.4434 53.9844 29.4434 53.8184 29.3848L49.7754 27.7148C49.502 27.627 49.375 27.4512 49.375 27.1777V26.9727C49.4824 26.7773 49.5996 26.6406 49.7363 26.5527C49.9023 26.4941 50.0488 26.4941 50.1856 26.5527L54.3066 28.2617ZM55.6445 20.8105C55.8105 20.8105 55.9375 20.8691 56.0449 20.9766C56.1816 21.084 56.25 21.2305 56.25 21.3965C56.25 21.5918 56.1816 21.748 56.0449 21.8555C55.9375 21.9629 55.8008 22.0215 55.6445 22.0215H51.2012C51.0645 22.0215 50.9277 21.9629 50.8008 21.8555C50.6641 21.748 50.5957 21.5918 50.5957 21.3965C50.5957 21.2305 50.6641 21.0938 50.8008 20.9766C50.9375 20.8691 51.0742 20.8105 51.2012 20.8105H55.6445Z\" />\n                  </g>\n                  <defs>\n                    <clipPath id=\"clip0_753_3671\">\n                      <rect width=\"56.25\" height=\"50\" fill=\"white\" />\n                    </clipPath>\n                  </defs>\n                </svg>\n              </div>\n              <div class=\"contant\">\n                <h2> Digital content</h2>\n                <p>Lorem Ipsum is simply dummy text of the printing and typesetting industry Lorem Ipsum.</p>\n              </div>\n            </div>\n          </div>\n          <div class=\"col-md-6 mb-3\">\n            <div class=\"item\">\n              <div class=\"icon\">\n                <svg width=\"47\" height=\"50\" viewBox=\"0 0 47 50\" fill=\"none\" xmlns=\"http://www.w3.org/2000/svg\">\n                  <g clip-path=\"url(#clip0_753_3677)\">\n                    <path\n                      d=\"M19.3759 41.4844C19.8154 41.4844 20.2842 41.9531 20.2842 42.3926C20.2842 43.0566 19.747 43.3008 19.3759 43.3008C19.0049 43.3008 18.4677 43.0664 18.4677 42.3926C18.4775 41.9434 18.9463 41.4844 19.3759 41.4844ZM19.3759 37.8906C16.9638 37.8906 14.8935 39.9707 14.8935 42.3828C14.8935 44.9805 16.9638 46.875 19.3759 46.875C21.7881 46.875 23.8584 44.9707 23.8584 42.3828C23.8681 39.9707 21.7978 37.8906 19.3759 37.8906ZM32.3056 41.4844C32.7451 41.4844 33.2138 41.9531 33.2138 42.3926C33.2138 43.0566 32.6767 43.3008 32.3056 43.3008C31.9345 43.3008 31.3974 43.0664 31.3974 42.3926C31.4072 41.9434 31.8759 41.4844 32.3056 41.4844ZM32.3056 37.8906C29.8935 37.8906 27.8232 39.9707 27.8232 42.3828C27.8232 44.9805 29.8935 46.875 32.3056 46.875C34.7177 46.875 36.7881 44.9707 36.7881 42.3828C36.8076 39.9707 34.7373 37.8906 32.3056 37.8906ZM43.1845 25.2148L42.1396 29.7461H11.6904L5.14743 7.65625H2.26657C1.75876 7.65625 1.29001 7.49023 0.918918 7.20703C0.538059 6.92383 0.24509 6.52344 0.0986059 6.03516C-0.340847 4.58984 0.743137 3.125 2.26657 3.125H6.82712C7.93064 3.125 8.80954 3.90625 9.03415 4.87305V4.88281L15.0693 25.2051H43.1845V25.2148ZM44.5029 6.08398H14.7373C13.1455 6.08398 11.9931 7.62695 12.4521 9.16016C12.6084 9.6875 16.3291 22.1289 16.3291 22.1289H43.917C43.917 22.1289 46.622 9.67773 46.7783 9.16016C47.2373 7.61719 46.0849 6.08398 44.5029 6.08398ZM40.9482 35.0098C40.6748 36.0156 39.7666 36.7285 38.7217 36.7285H13.7509L13.0674 34.375H18.7998L18.3408 32.832H41.4756V32.8223C41.4756 32.8223 41.2217 33.9844 40.9482 35.0098Z\" />\n                  </g>\n                  <defs>\n                    <clipPath id=\"clip0_753_3677\">\n                      <rect width=\"46.875\" height=\"50\" />\n                    </clipPath>\n                  </defs>\n                </svg>\n              </div>\n              <div class=\"contant\">\n                <h2>eCommerce content</h2>\n                <p>Lorem Ipsum is simply dummy text of the printing and typesetting industry Lorem Ipsum.</p>\n              </div>\n            </div>\n          </div>\n          <div class=\"col-md-6 mb-3\">\n            <div class=\"item\">\n              <div class=\"icon\">\n                <svg width=\"46\" height=\"50\" viewBox=\"0 0 46 50\" fill=\"none\" xmlns=\"http://www.w3.org/2000/svg\">\n                  <path\n                    d=\"M42.6094 38.9258C42.6094 43.3203 39.0645 46.875 34.6797 46.875C30.2949 46.875 26.75 43.3203 26.75 38.9258C26.75 38.6328 26.7695 38.3398 26.7988 38.0566L15.8027 31.1719C14.4355 32.2852 12.6973 32.9492 10.8125 32.9492C6.42773 32.9492 2.88281 29.3945 2.88281 25C2.88281 20.6055 6.42773 17.0508 10.8125 17.0508C12.6973 17.0508 14.4355 17.7051 15.8027 18.8184L26.8086 11.9336C26.7793 11.6504 26.7695 11.3574 26.7695 11.0742C26.7695 6.67969 30.3145 3.125 34.6992 3.125C39.084 3.125 42.6289 6.67969 42.6289 11.0742C42.6289 15.4688 39.084 19.0234 34.6992 19.0234C32.5801 19.0234 30.6465 18.1836 29.2207 16.8262L18.5859 23.457C18.6836 23.9551 18.7324 24.4629 18.7324 25C18.7324 25.5176 18.6836 26.0254 18.5859 26.5234L29.2109 33.1738C30.6367 31.8164 32.5508 30.9863 34.6797 30.9863C39.0645 30.9766 42.6094 34.5312 42.6094 38.9258Z\" />\n                </svg>\n              </div>\n              <div class=\"contant\">\n                <h2>Social Media content</h2>\n                <p>Lorem Ipsum is simply dummy text of the printing and typesetting industry Lorem Ipsum.</p>\n              </div>\n            </div>\n          </div>\n          <div class=\"col-md-6 mb-3\">\n            <div class=\"item\">\n              <div class=\"icon\">\n                <svg width=\"55\" height=\"50\" viewBox=\"0 0 55 50\" fill=\"none\" xmlns=\"http://www.w3.org/2000/svg\">\n                  <path\n                    d=\"M33.1641 43.2617H21.3281V45.6934H16.5918V48.125H37.9199V45.6934H33.1836L33.1641 43.2617ZM0 2.36328V39.9512C0 40.2246 0.214844 40.4395 0.488281 40.4395H54.0039C54.2773 40.4395 54.4922 40.2246 54.4922 39.9512V2.36328C54.4922 2.08984 54.2773 1.875 54.0039 1.875H0.488281C0.214844 1.875 0 2.08984 0 2.36328ZM49.0039 39.6973C48.2617 39.6973 47.666 39.082 47.666 38.3105C47.666 37.5488 48.2617 36.9238 49.0039 36.9238C49.7363 36.9238 50.3418 37.5391 50.3418 38.3105C50.3418 39.0723 49.7461 39.6973 49.0039 39.6973ZM52.1191 35.957H2.37305V4.31641H52.1289V35.957H52.1191ZM49.7754 6.66016H4.7168V33.623H49.7852L49.7754 6.66016Z\" />\n                </svg>\n              </div>\n              <div class=\"contant\">\n                <h2>Website content</h2>\n                <p>Lorem Ipsum is simply dummy text of the printing and typesetting industry Lorem Ipsum.</p>\n              </div>\n            </div>\n          </div>\n          <div class=\"col-md-6 mb-3\">\n            <div class=\"item\">\n              <div class=\"icon\">\n                <svg width=\"44\" height=\"50\" viewBox=\"0 0 44 50\" fill=\"none\" xmlns=\"http://www.w3.org/2000/svg\">\n                  <path\n                    d=\"M40.9082 3.125H2.83203C1.26953 3.125 0 4.38477 0 5.94727V34.5508C0 36.1133 1.26953 37.373 2.83203 37.373H7.11914L6.14258 43.7988C5.83008 46.3477 8.90625 47.8711 10.7617 46.0938L21.6016 37.3828H40.918C42.4805 37.3828 43.75 36.123 43.75 34.5605V5.95703C43.75 4.38477 42.4805 3.125 40.9082 3.125ZM32.1777 26.6699H18.9551V22.2266H32.1777V26.6699ZM32.1875 18.3887H11.8848V13.9453H32.1875V18.3887Z\" />\n                </svg>\n              </div>\n              <div class=\"contant\">\n                <h2>Blog content</h2>\n                <p>Lorem Ipsum is simply dummy text of the printing and typesetting industry Lorem Ipsum.</p>\n              </div>\n            </div>\n          </div>\n          <div class=\"col-md-6 mb-3\">\n            <div class=\"item\">\n              <div class=\"icon\">\n                <svg width=\"47\" height=\"50\" viewBox=\"0 0 47 50\" fill=\"none\" xmlns=\"http://www.w3.org/2000/svg\">\n                  <path\n                    d=\"M46.8561 20.9375L46.319 13.252C45.9283 7.69532 41.6608 3.19337 36.1627 2.53907L28.4967 1.6211C26.0748 1.32813 23.6627 2.13868 21.8951 3.8379L0.830688 24.0723C-0.24353 25.1074 -0.282593 26.8067 0.752563 27.8906L19.4928 47.5977C20.5182 48.6816 22.2272 48.7109 23.2916 47.6758L44.3658 27.4414C46.1041 25.752 47.0221 23.3789 46.8561 20.9375ZM41.1627 7.95899C43.1647 10.0684 43.0963 13.4082 40.9967 15.4199C38.8971 17.4316 35.5768 17.3633 33.5748 15.2539C31.5729 13.1445 31.6412 9.8047 33.7408 7.79298C35.8307 5.78126 39.1608 5.84962 41.1627 7.95899Z\" />\n                </svg>\n              </div>\n              <div class=\"contant\">\n                <h2>Sales content</h2>\n                <p>Lorem Ipsum is simply dummy text of the printing and typesetting industry Lorem Ipsum.</p>\n              </div>\n            </div>\n          </div>\n        </div>\n      </div>\n    </div>\n  </div>\n</div></div></div>', NULL, NULL, NULL, NULL, '2024-10-11 16:34:00', '2024-10-11 16:34:02'),
(12, 'en', 12, 'Case Converter', 'Edit me from admin panel...', 'Edit me from admin panel...', NULL, NULL, NULL, NULL, NULL, '2024-10-11 16:34:00', '2024-10-11 16:34:00'),
(13, 'en', 13, 'Reverse Text Generator', 'Edit me from admin panel...', 'Edit me from admin panel...', NULL, NULL, NULL, NULL, NULL, '2024-10-11 16:34:00', '2024-10-11 16:34:00'),
(14, 'en', 14, 'JPG To Word', 'Online JPG to Word converter allows you to turn jpg image into word documents in a few seconds.', 'Edit me from admin panel...', NULL, NULL, NULL, NULL, NULL, '2024-10-11 16:34:00', '2024-10-11 16:34:00'),
(15, 'en', 15, 'Image to Text Converter', 'To extract text from image, we introduce a free online OCR (Optical Character Recognition) service. Upload a photo to the image to text converter online, click on convert and get your text file instantly.', 'Edit me from admin panel...', '<div class=\"raw-html-embed\"><div class=\"content-writing-page\"><div class=\"banner-area\">\n        <div class=\"container\">\n          <div class=\"row\">\n            <div class=\"col-md-6 align-self-center\">\n              <h1>Image to Text Converter.</h1>\n              <p>Lorem ipsum dolor sit amet, consectetur adipiscing elit. In malesuada posuere metus\n                a sollicitudin. Nam a felis tellus. Sed tempor at quam sed feugiat. Nunc sodales vel\n                purus vel euismod.</p>\n              <div class=\"mt-3\">\n                <button type=\"button\" class=\"btn btn-primary rounded-pill mb-2\">Go Pro</button>\n                <button type=\"button\" class=\"btn btn-outline-primary rounded-pill mb-2\">Try it free</button>\n              </div>\n            </div>\n            <div class=\"col-md-6 text-center\">\n              <img class=\"img-fluid\" src=\"themes/canvas/images/img-to-text.svg\" alt=\"Image Converter\">\n            </div>\n          </div>\n        </div>\n      </div>\n      [x-tool-form]\n      <div class=\"container text-to-image-wrap section-padding\">\n        <div class=\"row\">\n          <div class=\"col-md-12\">\n            <div class=\"hero-title center bold\">\n              <h1>How to use the text to image converter.</h1>\n              <p>Lorem ipsum dolor sit amet, consectetur adipiscing elit. Pellentesque in leo quis neque aliquet\n                interdum.\n                Suspendisse potenti. Nunc aliquet porttitor auctor..</p>\n            </div>\n          </div>\n          <div class=\"col-md-4\">\n            <div class=\"item text-center\">\n              <img class=\"mb-3\" src=\"themes/canvas/images/image-text-use1.svg\" alt=\"\">\n              <h2 class=\"title\">Scan Document</h2>\n              <p>Lorem ipsum dolor sit amet.</p>\n            </div>\n          </div>\n          <div class=\"col-md-4\">\n            <div class=\"item text-center\">\n              <img class=\"mb-3\" src=\"themes/canvas/images/image-text-use2.svg\" alt=\"\">\n              <h2 class=\"title\">Upload Image</h2>\n              <p>Lorem ipsum dolor sit amet.</p>\n            </div>\n          </div>\n          <div class=\"col-md-4\">\n            <div class=\"item text-center\">\n              <img class=\"mb-3\" src=\"themes/canvas/images/image-text-use3.svg\" alt=\"\">\n              <h2 class=\"title\">Convert to text</h2>\n              <p>Lorem ipsum dolor sit amet.</p>\n            </div>\n          </div>\n        </div>\n      </div>\n      <div class=\"easy-convert section-padding\">\n        <div class=\"container\">\n          <div class=\"row\">\n            <div class=\"col-md-6\">\n              <img class=\"w-100 px-5\" src=\"themes/canvas/images/img-to-text-file.svg\" alt=\"image\">\n            </div>\n            <div class=\"col-md-6 align-self-center\">\n              <div class=\"hero-title bold\">\n                <h1>Easy convert images in to text</h1>\n                <p>Lorem Ipsum is simply dummy text of the printing and typesetting industry. Lorem Ipsum has been\n                  the\n                  industry\'s standard dummy text ever since the 1500s, when an unknown printer took a galley of type\n                  and\n                  scrambled it to make a type specimen book. It has survived not only five centuries, but also the\n                  leap\n                  into electronic typesetting, remaining essentially unchanged. <br><br> It was popularised in the\n                  1960s\n                  with the\n                  release of Letraset sheets containing Lorem Ipsum passages, and more recently with desktop\n                  publishing\n                  software like Aldus PageMaker including versions of Lorem Ipsum.</p>\n                <button type=\"button\" class=\"btn btn-primary rounded-pill mb-2 px-5\">Try it free</button>\n              </div>\n            </div>\n          </div>\n        </div>\n      </div></div></div>', NULL, NULL, NULL, NULL, '2024-10-11 16:34:00', '2024-10-11 16:34:02'),
(16, 'en', 16, 'Online Text Editor', 'Edit me from admin panel...', '<p>Edit me from admin panel...</p>', NULL, NULL, NULL, NULL, NULL, '2024-10-11 16:34:00', '2025-03-05 03:59:06'),
(17, 'en', 17, 'RGB to Hex Converter', 'Edit me from admin panel...', 'Edit me from admin panel...', NULL, NULL, NULL, NULL, NULL, '2024-10-11 16:34:00', '2024-10-11 16:34:00'),
(18, 'en', 18, 'Small Text Generator', 'Edit me from admin panel...', 'Edit me from admin panel...', NULL, NULL, NULL, NULL, NULL, '2024-10-11 16:34:00', '2024-10-11 16:34:00'),
(19, 'en', 19, 'Word Combiner', 'Edit me from admin panel...', 'Edit me from admin panel...', NULL, NULL, NULL, NULL, NULL, '2024-10-11 16:34:00', '2024-10-11 16:34:00'),
(20, 'en', 20, 'Power Converter', 'Edit me from admin panel...', 'Edit me from admin panel...', NULL, NULL, NULL, NULL, NULL, '2024-10-11 16:34:00', '2024-10-11 16:34:00'),
(21, 'en', 21, 'Weight Converter', 'Edit me from admin panel...', 'Edit me from admin panel...', NULL, NULL, NULL, NULL, NULL, '2024-10-11 16:34:00', '2024-10-11 16:34:00'),
(22, 'en', 22, 'Temperature Converter', 'Edit me from admin panel...', 'Edit me from admin panel...', NULL, NULL, NULL, NULL, NULL, '2024-10-11 16:34:00', '2024-10-11 16:34:00'),
(23, 'en', 23, 'Electric / Voltage Converter', 'Edit me from admin panel...', 'Edit me from admin panel...', NULL, NULL, NULL, NULL, NULL, '2024-10-11 16:34:00', '2024-10-11 16:34:00'),
(24, 'en', 24, 'Area Converter', 'Edit me from admin panel...', 'Edit me from admin panel...', NULL, NULL, NULL, NULL, NULL, '2024-10-11 16:34:00', '2024-10-11 16:34:00'),
(25, 'en', 25, 'Length Converter', 'Edit me from admin panel...', 'Edit me from admin panel...', NULL, NULL, NULL, NULL, NULL, '2024-10-11 16:34:01', '2024-10-11 16:34:01'),
(26, 'en', 26, 'Byte/Bit Converter', 'Edit me from admin panel...', 'Edit me from admin panel...', NULL, NULL, NULL, NULL, NULL, '2024-10-11 16:34:01', '2024-10-11 16:34:01'),
(27, 'en', 27, 'Time Converter', 'Edit me from admin panel...', 'Edit me from admin panel...', NULL, NULL, NULL, NULL, NULL, '2024-10-11 16:34:01', '2024-10-11 16:34:01'),
(28, 'en', 28, 'Pressure Converter', 'Edit me from admin panel...', 'Edit me from admin panel...', NULL, NULL, NULL, NULL, NULL, '2024-10-11 16:34:01', '2024-10-11 16:34:01'),
(29, 'en', 29, 'Speed Converter', 'Edit me from admin panel...', 'Edit me from admin panel...', NULL, NULL, NULL, NULL, NULL, '2024-10-11 16:34:01', '2024-10-11 16:34:01'),
(30, 'en', 30, 'Volume Converter', 'Edit me from admin panel...', 'Edit me from admin panel...', NULL, NULL, NULL, NULL, NULL, '2024-10-11 16:34:01', '2024-10-11 16:34:01'),
(31, 'en', 31, 'Torque Converter', 'Edit me from admin panel...', 'Edit me from admin panel...', NULL, NULL, NULL, NULL, NULL, '2024-10-11 16:34:01', '2024-10-11 16:34:01'),
(32, 'en', 32, 'Text To Binary', 'Edit me from admin panel...', 'Edit me from admin panel...', NULL, NULL, NULL, NULL, NULL, '2024-10-11 16:34:01', '2024-10-11 16:34:01'),
(33, 'en', 33, 'Binary To Text', 'Edit me from admin panel...', 'Edit me from admin panel...', NULL, NULL, NULL, NULL, NULL, '2024-10-11 16:34:01', '2024-10-11 16:34:01'),
(34, 'en', 34, 'Binary To HEx', 'Edit me from admin panel...', 'Edit me from admin panel...', NULL, NULL, NULL, NULL, NULL, '2024-10-11 16:34:01', '2024-10-11 16:34:01'),
(35, 'en', 35, 'Hex To Binary', 'Edit me from admin panel...', 'Edit me from admin panel...', NULL, NULL, NULL, NULL, NULL, '2024-10-11 16:34:01', '2024-10-11 16:34:01'),
(36, 'en', 36, 'Binary To ASCII', 'Edit me from admin panel...', 'Edit me from admin panel...', NULL, NULL, NULL, NULL, NULL, '2024-10-11 16:34:01', '2024-10-11 16:34:01'),
(37, 'en', 37, 'ASCII To Binary', 'Edit me from admin panel...', 'Edit me from admin panel...', NULL, NULL, NULL, NULL, NULL, '2024-10-11 16:34:01', '2024-10-11 16:34:01'),
(38, 'en', 38, 'Binary To Decimal', 'Edit me from admin panel...', 'Edit me from admin panel...', NULL, NULL, NULL, NULL, NULL, '2024-10-11 16:34:01', '2024-10-11 16:34:01'),
(39, 'en', 39, 'Decimal To Binary', 'Edit me from admin panel...', 'Edit me from admin panel...', NULL, NULL, NULL, NULL, NULL, '2024-10-11 16:34:01', '2024-10-11 16:34:01'),
(40, 'en', 40, 'Text To ASCII', 'Edit me from admin panel...', 'Edit me from admin panel...', NULL, NULL, NULL, NULL, NULL, '2024-10-11 16:34:01', '2024-10-11 16:34:01'),
(41, 'en', 41, 'Decimal To Hex', 'Age calculator online helps you find your age from date of birth or interval between two dates. Calculate age in years, months, weeks, days, hours, minutes, and seconds.', 'Edit me from admin panel...', NULL, NULL, NULL, NULL, NULL, '2024-10-11 16:34:01', '2024-10-11 16:34:01'),
(42, 'en', 42, 'Png to JPG Converter', 'Edit me from admin panel...', '<p>Edit me from admin panel...</p>', NULL, NULL, NULL, NULL, NULL, '2024-10-11 16:34:01', '2024-10-11 21:18:40'),
(43, 'en', 43, 'JPG to PNG Converter', 'Edit me from admin panel...', 'Edit me from admin panel...', NULL, NULL, NULL, NULL, NULL, '2024-10-11 16:34:01', '2024-10-11 16:34:01'),
(44, 'en', 44, 'Reverse Image Search', 'Edit me from admin panel...', 'Edit me from admin panel...', NULL, NULL, NULL, NULL, NULL, '2024-10-11 16:34:01', '2024-10-11 16:34:01'),
(45, 'en', 45, 'Text To Image', 'Edit me from admin panel...', 'Edit me from admin panel...', NULL, NULL, NULL, NULL, NULL, '2024-10-11 16:34:01', '2024-10-11 16:34:01'),
(46, 'en', 46, 'Jpg Converter', 'Edit me from admin panel...', 'Edit me from admin panel...', NULL, NULL, NULL, NULL, NULL, '2024-10-11 16:34:01', '2024-10-11 16:34:01'),
(47, 'en', 47, 'Favicon Generator', 'Edit me from admin panel...', 'Edit me from admin panel...', NULL, NULL, NULL, NULL, NULL, '2024-10-11 16:34:01', '2024-10-11 16:34:01'),
(48, 'en', 48, 'Image Compressor', 'Edit me from admin panel...', '<p>Edit me from admin panel...</p>', '<div class=\"raw-html-embed\"><div class=\"image-converter\">\r\n  <div class=\"banner-area\">\r\n    <div class=\"container\">\r\n      <div class=\"row\">\r\n        <div class=\"col-md-6 align-self-center\">\r\n          <h1>Image Converter</h1>\r\n          <p>Lorem ipsum dolor sit amet, consectetur adipiscing elit. In malesuada posuere metus\r\n            a sollicitudin. Nam a felis tellus. Sed tempor at quam sed feugiat. Nunc sodales vel\r\n            purus vel euismod.</p>\r\n          <div class=\"mt-3\">\r\n            <a href=\"/plans\" class=\"btn btn-primary rounded-pill mb-2\">Go Pro</a>\r\n            <a href=\"#try-it-free\" class=\"btn btn-outline-primary rounded-pill mb-2\">Try it free</a>\r\n          </div>\r\n        </div>\r\n        <div class=\"col-md-6\">\r\n          <img class=\"img-fluid\" src=\"/themes/canvas/images/main-image-converter.svg\" alt=\"Image Converter\">\r\n        </div>\r\n      </div>\r\n    </div>\r\n  </div>\r\n  [x-tool-form]\r\n  <div class=\"container pt-5\">\r\n    <div class=\"row image-converter-wrap\">\r\n      <div class=\"col-md-4\">\r\n        <div class=\"item\">\r\n          <i class=\"an an-reload\"></i>\r\n          <h2 class=\"title\">Fast conversion</h2>\r\n          <p>Lorem ipsum dolor sit amet, consectetur adipiscing elit. Fusce eu rutrum tellus. Sed iaculis, tortor\r\n            tempus blandit interdum,\r\n            ipsum augue feugiat nisi,\r\n          </p>\r\n        </div>\r\n      </div>\r\n      <div class=\"col-md-4\">\r\n        <div class=\"item\">\r\n          <i class=\"an an-browser\"></i>\r\n          <h2 class=\"title\">Works online</h2>\r\n          <p>Lorem ipsum dolor sit amet, consectetur adipiscing elit. Fusce eu rutrum tellus. Sed iaculis, tortor\r\n            tempus blandit interdum,\r\n            ipsum augue feugiat nisi,\r\n          </p>\r\n        </div>\r\n      </div>\r\n      <div class=\"col-md-4\">\r\n        <div class=\"item\">\r\n          <i class=\"an an-image\"></i>\r\n          <h2 class=\"title\">Support any format</h2>\r\n          <p>Lorem ipsum dolor sit amet, consectetur adipiscing elit. Fusce eu rutrum tellus. Sed iaculis, tortor\r\n            tempus blandit interdum,\r\n            ipsum augue feugiat nisi,\r\n          </p>\r\n        </div>\r\n      </div>\r\n      <div class=\"col-md-4\">\r\n        <div class=\"item\">\r\n          <i class=\"an an-thumbs-up\"></i>\r\n          <h2 class=\"title\">User-friendly</h2>\r\n          <p>Lorem ipsum dolor sit amet, consectetur adipiscing elit. Fusce eu rutrum tellus. Sed iaculis, tortor\r\n            tempus blandit interdum,\r\n            ipsum augue feugiat nisi,\r\n          </p>\r\n        </div>\r\n      </div>\r\n      <div class=\"col-md-4\">\r\n        <div class=\"item\">\r\n          <i class=\"an an-cog\"></i>\r\n          <h2 class=\"title\">How to convert</h2>\r\n          <p>Lorem ipsum dolor sit amet, consectetur adipiscing elit. Fusce eu rutrum tellus. Sed iaculis, tortor\r\n            tempus blandit interdum,\r\n            ipsum augue feugiat nisi,\r\n          </p>\r\n        </div>\r\n      </div>\r\n      <div class=\"col-md-4\">\r\n        <div class=\"item\">\r\n          <i class=\"an an-shield-sword\"></i>\r\n          <h2 class=\"title\">Secure converter</h2>\r\n          <p>Lorem ipsum dolor sit amet, consectetur adipiscing elit. Fusce eu rutrum tellus. Sed iaculis, tortor\r\n            tempus blandit interdum,\r\n            ipsum augue feugiat nisi,\r\n          </p>\r\n        </div>\r\n      </div>\r\n    </div>\r\n  </div>\r\n  <div class=\"container pt-5\">\r\n    <div class=\"hero-title center\">\r\n      <h2>Supported Formats</h2>\r\n      <p>Lorem ipsum dolor sit amet, consectetur adipiscing elit. Pellentesque in leo quis neque aliquet interdum.\r\n        Suspendisse potenti. Nunc aliquet porttitor auctor..</p>\r\n    </div>\r\n    <table class=\"table table-style\">\r\n      <thead>\r\n        <tr>\r\n          <th scope=\"col\">Format</th>\r\n          <th scope=\"col\">Description</th>\r\n          <th scope=\"col\">Conversions</th>\r\n          <th scope=\"col\"></th>\r\n        </tr>\r\n      </thead>\r\n      <tbody>\r\n        <tr>\r\n          <td><span class=\"ps-2\">JPG</span></td>\r\n          <td>Joint Photographic Group</td>\r\n          <td>JPG Converter</td>\r\n          <td>\r\n            <button class=\"btn btn-outline-primary rounded-circle\" type=\"button\" id=\"button\" data-toggle=\"tooltip\" aria-label=\"Convert Now\">\r\n              <i class=\"an an-long-arrow-down an-rotate-270\"></i>\r\n            </button>\r\n          </td>\r\n        </tr>\r\n        <tr>\r\n          <td><span class=\"ps-2\">JPEG</span></td>\r\n          <td>Joint Photographic Experts Group</td>\r\n          <td>JPEG Converter</td>\r\n          <td>\r\n            <button class=\"btn btn-outline-primary rounded-circle\" type=\"button\" id=\"button\" data-toggle=\"tooltip\" aria-label=\"Convert Now\">\r\n              <i class=\"an an-long-arrow-down an-rotate-270\"></i>\r\n            </button>\r\n          </td>\r\n        </tr>\r\n        <tr>\r\n          <td><span class=\"ps-2\">PNG</span></td>\r\n          <td>Portable Network Graphic</td>\r\n          <td>PNG Converter</td>\r\n          <td>\r\n            <button class=\"btn btn-outline-primary rounded-circle\" type=\"button\" id=\"button\" data-toggle=\"tooltip\" aria-label=\"Convert Now\">\r\n              <i class=\"an an-long-arrow-down an-rotate-270\"></i>\r\n            </button>\r\n          </td>\r\n        </tr>\r\n        <tr>\r\n          <td><span class=\"ps-2\">GIF</span></td>\r\n          <td>Graphics Interchange Format</td>\r\n          <td>GIF Maker</td>\r\n          <td>\r\n            <button class=\"btn btn-outline-primary rounded-circle\" type=\"button\" id=\"button\" data-toggle=\"tooltip\" aria-label=\"Convert Now\">\r\n              <i class=\"an an-long-arrow-down an-rotate-270\"></i>\r\n            </button>\r\n          </td>\r\n        </tr>\r\n      </tbody>\r\n    </table>\r\n  </div>\r\n</div></div>', NULL, NULL, NULL, NULL, '2024-10-11 16:34:01', '2024-10-14 19:36:55'),
(49, 'en', 49, 'Image Resizer', 'Image Resizer online allows you to resize image in seconds. Simply Upload your photo, set your required dimensions, click on the \'Resize Image\' button, and download.', 'Image Resizer online allows you to resize image in seconds. Simply Upload your photo, set your required dimensions, click on the \'Resize Image\' button, and download.', '<div class=\"raw-html-embed\"><div class=\"resize-image-page\"><div class=\"banner-area\">\n  <div class=\"container\">\n    <div class=\"row\">\n      <div class=\"col-md-6 align-self-center\">\n        <h1>Resize online your image easy and fast.</h1>\n        <p>Lorem ipsum dolor sit amet, consectetur adipiscing elit. In malesuada posuere metus\n          a sollicitudin. Nam a felis tellus. Sed tempor at quam sed feugiat. Nunc sodales vel\n          purus vel euismod.</p>\n        <div class=\"mt-3\">\n          <button type=\"button\" class=\"btn btn-primary rounded-pill mb-2\">Go Pro</button>\n          <button type=\"button\" class=\"btn btn-outline-primary rounded-pill mb-2\">Try it free</button>\n        </div>\n      </div>\n      <div class=\"col-md-6 text-center\">\n        <img class=\"img-fluid\" src=\"themes/canvas/images/resize-image.svg\" alt=\"Image Converter\">\n      </div>\n    </div>\n  </div>\n</div>\n[x-tool-form]\n<div class=\"container image-resize-wrap section-padding\">\n  <div class=\"row\">\n    <div class=\"col-md-12\">\n      <div class=\"hero-title center bold\">\n        <h1>How to use the picture resizer.</h1>\n        <p>Lorem ipsum dolor sit amet, consectetur adipiscing elit. Pellentesque in leo quis neque aliquet\n          interdum.\n          Suspendisse potenti. Nunc aliquet porttitor auctor..</p>\n      </div>\n    </div>\n    <div class=\"col-md-4\">\n      <div class=\"item text-center\">\n        <img class=\"mb-3\" src=\"themes/canvas/images/how-to-use1.svg\" alt=\"\">\n        <h2 class=\"title\">Select</h2>\n        <p>Upload your image for resize.</p>\n      </div>\n    </div>\n    <div class=\"col-md-4\">\n      <div class=\"item text-center\">\n        <img class=\"mb-3\" src=\"themes/canvas/images/how-to-use2.svg\" alt=\"\">\n        <h2 class=\"title\">Resize</h2>\n        <p>Resize image your own.</p>\n      </div>\n    </div>\n    <div class=\"col-md-4\">\n      <div class=\"item text-center\">\n        <img class=\"mb-3\" src=\"themes/canvas/images/how-to-use3.svg\" alt=\"\">\n        <h2 class=\"title\">Download</h2>\n        <p>Download your resized image.</p>\n      </div>\n    </div>\n  </div>\n</div>\n<div class=\"easy-resizing section-padding\">\n  <div class=\"container\">\n    <div class=\"row\">\n      <div class=\"col-md-6\">\n        <img class=\"w-100\" src=\"themes/canvas/images/easy-resizing-img.svg\" alt=\"image\">\n      </div>\n      <div class=\"col-md-6 align-self-center\">\n        <div class=\"hero-title bold\">\n          <h1>Easy Image Resizing for Any Purpose</h1>\n          <p>Lorem Ipsum is simply dummy text of the printing and typesetting industry. Lorem Ipsum has been the\n            industry\'s standard dummy text ever since the 1500s, when an unknown printer took a galley of type and\n            scrambled it to make a type specimen book. It has survived not only five centuries, but also the leap\n            into electronic typesetting, remaining essentially unchanged. <br><br> It was popularised in the 1960s\n            with the\n            release of Letraset sheets containing Lorem Ipsum passages, and more recently with desktop publishing\n            software like Aldus PageMaker including versions of Lorem Ipsum.</p>\n          <button type=\"button\" class=\"btn btn-primary rounded-pill mb-2 px-5\">Try it free</button>\n        </div>\n      </div>\n    </div>\n  </div>\n</div></div></div> ', NULL, NULL, NULL, NULL, '2024-10-11 16:34:01', '2024-10-11 16:34:02'),
(50, 'en', 50, 'Meme Generator', 'Create awesome looking memes insanely fast. Our online meme generator lets you create your own memes, add your own images to create custom memes.', '<p>Create awesome looking memes insanely fast. Our online meme generator lets you create your own memes, add your own images to create custom memes.</p>', NULL, NULL, NULL, NULL, NULL, '2024-10-11 16:34:01', '2025-03-05 04:35:46'),
(51, 'en', 51, 'Domain Age Checker', 'Find out the age and history of any domain with our Domain Age Checker. Simply enter the domain name to see its registration and expiration dates, as well as its age in years, months, and days.', 'Edit me from admin panel...', NULL, NULL, NULL, NULL, NULL, '2024-10-11 16:34:01', '2024-10-11 16:34:01'),
(52, 'en', 52, 'Domain Name Search', 'Edit me from admin panel...', 'Edit me from admin panel...', NULL, NULL, NULL, NULL, NULL, '2024-10-11 16:34:01', '2024-10-11 16:34:01'),
(53, 'en', 53, 'Domain Hosting Checker', 'Edit me from admin panel...', 'Edit me from admin panel...', NULL, NULL, NULL, NULL, NULL, '2024-10-11 16:34:01', '2024-10-11 16:34:01'),
(54, 'en', 54, 'Domain Authority Checker', 'Edit me from admin panel...', '<p>Edit me from admin panel...</p>', NULL, NULL, NULL, NULL, NULL, '2024-10-11 16:34:01', '2024-10-14 19:54:36'),
(55, 'en', 55, 'Domain To IP', 'Edit me from admin panel...', 'Edit me from admin panel...', NULL, NULL, NULL, NULL, NULL, '2024-10-11 16:34:01', '2024-10-11 16:34:01'),
(56, 'en', 56, 'Find DNS Record', 'Edit me from admin panel...', 'Edit me from admin panel...', NULL, NULL, NULL, NULL, NULL, '2024-10-11 16:34:01', '2024-10-11 16:34:01'),
(57, 'en', 57, 'Blacklist Checker', 'Edit me from admin panel...', 'Edit me from admin panel...', NULL, NULL, NULL, NULL, NULL, '2024-10-11 16:34:01', '2024-10-11 16:34:01'),
(58, 'en', 58, 'What Is My IP', 'Edit me from admin panel...', 'Edit me from admin panel...', NULL, NULL, NULL, NULL, NULL, '2024-10-11 16:34:01', '2024-10-11 16:34:01'),
(59, 'en', 59, 'IP Address Location', 'Edit me from admin panel...', 'Edit me from admin panel...', NULL, NULL, NULL, NULL, NULL, '2024-10-11 16:34:01', '2024-10-11 16:34:01'),
(60, 'en', 60, 'Meta Tag Analyzer', 'Edit me from admin panel...', 'Edit me from admin panel...', NULL, NULL, NULL, NULL, NULL, '2024-10-11 16:34:01', '2024-10-11 16:34:01'),
(61, 'en', 61, 'Meta Tag Generator', 'Edit me from admin panel...', 'Edit me from admin panel...', NULL, NULL, NULL, NULL, NULL, '2024-10-11 16:34:01', '2024-10-11 16:34:01'),
(62, 'en', 62, 'JSON to XML', 'Edit me from admin panel...', 'Edit me from admin panel...', NULL, NULL, NULL, NULL, NULL, '2024-10-11 16:34:01', '2024-10-11 16:34:01'),
(63, 'en', 63, 'JSON Viewer', 'Edit me from admin panel...', 'Edit me from admin panel...', NULL, NULL, NULL, NULL, NULL, '2024-10-11 16:34:01', '2024-10-11 16:34:01'),
(64, 'en', 64, 'JSON Formatter', 'Edit me from admin panel...', 'Edit me from admin panel...', NULL, NULL, NULL, NULL, NULL, '2024-10-11 16:34:01', '2024-10-11 16:34:01'),
(65, 'en', 65, 'JSON Validator', 'Edit me from admin panel...', 'Edit me from admin panel...', NULL, NULL, NULL, NULL, NULL, '2024-10-11 16:34:01', '2024-10-11 16:34:01'),
(66, 'en', 66, 'JSON Beautifier', 'Edit me from admin panel...', 'Edit me from admin panel...', NULL, NULL, NULL, NULL, NULL, '2024-10-11 16:34:01', '2024-10-11 16:34:01'),
(67, 'en', 67, 'JSON Editor', 'Edit me from admin panel...', 'Edit me from admin panel...', NULL, NULL, NULL, NULL, NULL, '2024-10-11 16:34:01', '2024-10-11 16:34:01'),
(68, 'en', 68, 'Xml to JSON', 'Edit me from admin panel...', 'Edit me from admin panel...', NULL, NULL, NULL, NULL, NULL, '2024-10-11 16:34:01', '2024-10-11 16:34:01');
INSERT INTO `tool_translations` (`id`, `locale`, `tool_id`, `name`, `description`, `content`, `index_content`, `meta_title`, `meta_description`, `og_title`, `og_description`, `created_at`, `updated_at`) VALUES
(69, 'en', 69, 'WordPress Theme Detector', 'Want to know what WordPress theme a website is using? Did you see a nice website and want to know how it was constructed? Just enter the website URL and our WordPress theme detector will do the rest. ', 'Edit me from admin panel...', '<div class=\"raw-html-embed\"><div class=\"wordpress-detector\">\n  <div class=\"banner-area\">\n    <div class=\"container\">\n      <div class=\"row\">\n        <div class=\"col-md-6 align-self-center\">\n          <h1>WrdPress Theme Detector</h1>\n          <p>Want to check which WordPress theme a website is using? Use our free WordPress theme detector tool\n            to find out what WordPress theme your competitor\'s website is using.</p>\n          <div class=\"mt-3\">\n            <a href=\"/plans\" class=\"btn btn-primary rounded-pill mb-2\">Go Pro</a>\n            <a href=\"#try-it-free\" class=\"btn btn-outline-primary rounded-pill mb-2\">Try it free</a>\n          </div>\n        </div>\n        <div class=\"col-md-6\">\n          <img class=\"img-fluid\" src=\"/themes/canvas/images/wp-main-img.svg\" alt=\"WrdPress Theme Detector\">\n        </div>\n      </div>\n    </div>\n  </div>\n  [x-tool-form]\n  <div class=\"container\">\n    <div class=\"row theme-detector-wrap mt-5\">\n      <div class=\"col-md-6\">\n        <div class=\"img-wrap\">\n          <img class=\"img-fluid\" src=\"/themes/canvas/images/wp-themes.svg\" alt=\"img\">\n        </div>\n      </div>\n      <div class=\"col-md-6 align-self-center\">\n        <div class=\"hero-title\">\n          <h2>WordPress Theme Detector</h2>\n        </div>\n        <p>Lorem ipsum dolor sit amet, consectetur adipiscing elit. Fusce eu rutrum tellus. Sed iaculis, tortor\n          tempus blandit interdum,\n          ipsum augue feugiat nisi, sit amet vehicula nulla lectus nec risus. Aenean convallis massa facilisis,\n          dignissim ligula in, imp\n          erdiet massa. Praesent laoreet risus nunc. Sed finibus ligula ac nisi finibus facilisis. Phasellus\n          sollicitudin gravida arcu, ac\n          luctus lectus finibus sed. Suspendisse fermentum tristique libero et vestibulum. Vivamus condimentum\n          egestas sollicitudin.\n          Curabitur ac nibh eget leo accumsan elementum at vel libero. Orci varius natoque penatibus et magnis dis\n          parturient montes,\n          nascetur ridiculus mus.</p>\n      </div>\n    </div>\n  </div>\n  <div class=\"img-wrap\">\n    <img class=\"img-fluid\" src=\"/themes/canvas/images/lines-back.svg\" alt=\"img\">\n  </div>\n  <div class=\"container\">\n    <div class=\"row theme-detector-wrap\">\n      <div class=\"col-md-6 align-self-center\">\n        <div class=\"hero-title\">\n          <h2>Wordpress plugins Detector</h2>\n        </div>\n        <p>Lorem ipsum dolor sit amet, consectetur adipiscing elit. Fusce eu rutrum tellus. Sed iaculis, tortor\n          tempus blandit interdum,\n          ipsum augue feugiat nisi, sit amet vehicula nulla lectus nec risus. Aenean convallis massa facilisis,\n          dignissim ligula in, imp\n          erdiet massa. Praesent laoreet risus nunc. Sed finibus ligula ac nisi finibus facilisis. Phasellus\n          sollicitudin gravida arcu, ac\n          luctus lectus finibus sed. Suspendisse fermentum tristique libero et vestibulum. Vivamus condimentum\n          egestas sollicitudin.\n          Curabitur ac nibh eget leo accumsan elementum at vel libero. Orci varius natoque penatibus et magnis dis\n          parturient montes,\n          nascetur ridiculus mus.</p>\n      </div>\n      <div class=\"col-md-6\">\n        <div class=\"img-wrap\">\n          <img class=\"img-fluid\" src=\"/themes/canvas/images/wp-plugins.svg\" alt=\"img\">\n        </div>\n      </div>\n    </div>\n  </div>\n</div></div>', NULL, NULL, NULL, NULL, '2024-10-11 16:34:01', '2024-10-11 16:34:02'),
(70, 'en', 70, 'Twitter Card Generator', 'Edit me from admin panel...', 'Edit me from admin panel...', NULL, NULL, NULL, NULL, NULL, '2024-10-11 16:34:01', '2024-10-11 16:34:01'),
(71, 'en', 71, 'Open Graph Generator', 'Edit me from admin panel...', 'Edit me from admin panel...', NULL, NULL, NULL, NULL, NULL, '2024-10-11 16:34:01', '2024-10-11 16:34:01'),
(72, 'en', 72, 'Online HTML Viewer', 'A web-based HTML viewer that allows users to enter and view HTML code in real time. Perfect for testing and debugging HTML code, or for learning how different HTML elements and attributes are displayed in the browser.', 'Edit me from admin panel...', NULL, NULL, NULL, NULL, NULL, '2024-10-11 16:34:01', '2024-10-11 16:34:01'),
(73, 'en', 73, 'Xml Formatter', 'Edit me from admin panel...', 'Edit me from admin panel...', NULL, NULL, NULL, NULL, NULL, '2024-10-11 16:34:01', '2024-10-11 16:34:01'),
(74, 'en', 74, 'Website SEO Score Checker', 'Want to boost the SEO performance of your webpages? Our report can help! These comprehensive, user-friendly reports provide key metrics and are designed to help you optimize and improve your website\'s performance. So why wait? Start improving your website\'s SEO today with the help of our powerful tool.', 'Want to boost the SEO performance of your webpages? Our report can help! These comprehensive, user-friendly reports provide key metrics and are designed to help you optimize and improve your website\'s performance. So why wait? Start improving your website\'s SEO today with the help of our powerful tool.', '<div class=\"raw-html-embed\"><div class=\"seo-analysis\"><div class=\"banner-area\">\n  <div class=\"container\">\n    <div class=\"row\">\n      <div class=\"col-md-6 align-self-center\">\n        <h1>Advanced SEO Analysis platform</h1>\n        <p>Rewrite any given text into readable text along. To use this Article Rewriter, please copy and paste\n          your content into the text box below.</p>\n        <div class=\"mt-3\">\n          <a href=\"/plans\" class=\"btn btn-primary rounded-pill mb-2\">Go Pro</a>\n          <a href=\"#try-it-free\" class=\"btn btn-outline-primary rounded-pill mb-2\">Try it free</a>\n        </div>\n      </div>\n      <div class=\"col-md-6\">\n        <img class=\"img-fluid\" src=\"/themes/canvas/images/seo-main-img.svg\" alt=\"Advanced SEO Analysis platform\">\n      </div>\n    </div>\n  </div>\n</div>\n[x-tool-form]\n<div class=\"container pt-5\">\n  <div class=\"row\">\n    <div class=\"col-md-4 d-flex justify-content-center pt-5 pb-5\">\n      <div class=\"img-wrap\">\n        <img src=\"/themes/canvas/images/historical-keywords.svg\" alt=\"img\">\n      </div>\n      <div class=\"contant ps-3\">\n        <h3>+1.5 billions</h3>\n        <p>Historical keywords</p>\n      </div>\n    </div>\n    <div class=\"col-md-4 d-flex justify-content-center pt-5 pb-5\">\n      <div class=\"img-wrap\">\n        <img src=\"/themes/canvas/images/seo-analysis.svg\" alt=\"img\">\n      </div>\n      <div class=\"contant ps-3\">\n        <h3>+10 milions</h3>\n        <p>Of SEO Analysis every year</p>\n      </div>\n    </div>\n    <div class=\"col-md-4 d-flex justify-content-center pt-5 pb-5\">\n      <div class=\"img-wrap\">\n        <img src=\"/themes/canvas/images/glob.svg\" alt=\"img\">\n      </div>\n      <div class=\"contant ps-3\">\n        <h3>+500K users</h3>\n        <p>All around the world</p>\n      </div>\n    </div>\n  </div>\n</div>\n<div class=\"container pt-5\">\n  <div class=\"row seo-img-wrap\">\n    <div class=\"col-md-6\">\n      <div class=\"img-wrap\">\n        <img class=\"img-fluid\" src=\"/themes/canvas/images/seo-audit.svg\" alt=\"img\">\n      </div>\n    </div>\n    <div class=\"col-md-6 align-self-center\">\n      <div class=\"hero-title\">\n        <h2>Seo Audit</h2>\n      </div>\n      <p>Lorem ipsum dolor sit amet, consectetur adipiscing elit. Fusce eu rutrum tellus. Sed iaculis, tortor\n        tempus blandit interdum,\n        ipsum augue feugiat nisi, sit amet vehicula nulla lectus nec risus. Aenean convallis massa facilisis,\n        dignissim ligula in, imp\n        erdiet massa. Praesent laoreet risus nunc. Sed finibus ligula ac nisi finibus facilisis. Phasellus\n        sollicitudin gravida arcu, ac\n        luctus lectus finibus sed. Suspendisse fermentum tristique libero et vestibulum. Vivamus condimentum\n        egestas sollicitudin.\n        Curabitur ac nibh eget leo accumsan elementum at vel libero. Orci varius natoque penatibus et magnis dis\n        parturient montes,\n        nascetur ridiculus mus.</p>\n    </div>\n  </div>\n</div>\n<div class=\"img-wrap\">\n  <img class=\"img-fluid\" src=\"/themes/canvas/images/lines-back.svg\" alt=\"img\">\n</div>\n<div class=\"container\">\n  <div class=\"row seo-img-wrap\">\n    <div class=\"col-md-6 align-self-center\">\n      <div class=\"hero-title\">\n        <h2>Page quality</h2>\n      </div>\n      <p>Lorem ipsum dolor sit amet, consectetur adipiscing elit. Fusce eu rutrum tellus. Sed iaculis, tortor\n        tempus blandit interdum,\n        ipsum augue feugiat nisi, sit amet vehicula nulla lectus nec risus. Aenean convallis massa facilisis,\n        dignissim ligula in, imp\n        erdiet massa. Praesent laoreet risus nunc. Sed finibus ligula ac nisi finibus facilisis. Phasellus\n        sollicitudin gravida arcu, ac\n        luctus lectus finibus sed. Suspendisse fermentum tristique libero et vestibulum. Vivamus condimentum\n        egestas sollicitudin.\n        Curabitur ac nibh eget leo accumsan elementum at vel libero. Orci varius natoque penatibus et magnis dis\n        parturient montes,\n        nascetur ridiculus mus.</p>\n    </div>\n    <div class=\"col-md-6\">\n      <div class=\"img-wrap\">\n        <img class=\"img-fluid\" src=\"/themes/canvas/images/page-quality.svg\" alt=\"img\">\n      </div>\n    </div>\n  </div>\n</div>\n<div class=\"img-wrap\">\n  <img class=\"img-fluid\" src=\"/themes/canvas/images/lines back.svg\" alt=\"img\">\n</div>\n<div class=\"container\">\n  <div class=\"row seo-img-wrap\">\n    <div class=\"col-md-6\">\n      <div class=\"img-wrap\">\n        <img class=\"img-fluid\" src=\"/themes/canvas/images/meta-information.svg\" alt=\"img\">\n      </div>\n    </div>\n    <div class=\"col-md-6 align-self-center\">\n      <div class=\"hero-title\">\n        <h2>Meta information</h2>\n      </div>\n      <p>Lorem ipsum dolor sit amet, consectetur adipiscing elit. Fusce eu rutrum tellus. Sed iaculis, tortor\n        tempus blandit interdum,\n        ipsum augue feugiat nisi, sit amet vehicula nulla lectus nec risus. Aenean convallis massa facilisis,\n        dignissim ligula in, imp\n        erdiet massa. Praesent laoreet risus nunc. Sed finibus ligula ac nisi finibus facilisis. Phasellus\n        sollicitudin gravida arcu, ac\n        luctus lectus finibus sed. Suspendisse fermentum tristique libero et vestibulum. Vivamus condimentum\n        egestas sollicitudin.\n        Curabitur ac nibh eget leo accumsan elementum at vel libero. Orci varius natoque penatibus et magnis dis\n        parturient montes,\n        nascetur ridiculus mus.</p>\n    </div>\n  </div>\n</div>\n<div class=\"container\">\n  <div class=\"row seo-img-wrap mt-5\">\n    <div class=\"col-md-6 align-self-center\">\n      <div class=\"hero-title\">\n        <h2>Page and link structure</h2>\n      </div>\n      <p>Lorem ipsum dolor sit amet, consectetur adipiscing elit. Fusce eu rutrum tellus. Sed iaculis, tortor\n        tempus blandit interdum,\n        ipsum augue feugiat nisi, sit amet vehicula nulla lectus nec risus. Aenean convallis massa facilisis,\n        dignissim ligula in, imp\n        erdiet massa. Praesent laoreet risus nunc. Sed finibus ligula ac nisi finibus facilisis. Phasellus\n        sollicitudin gravida arcu, ac\n        luctus lectus finibus sed. Suspendisse fermentum tristique libero et vestibulum. Vivamus condimentum\n        egestas sollicitudin.\n        Curabitur ac nibh eget leo accumsan elementum at vel libero. Orci varius natoque penatibus et magnis dis\n        parturient montes,\n        nascetur ridiculus mus.</p>\n    </div>\n    <div class=\"col-md-6\">\n      <div class=\"img-wrap\">\n        <img class=\"img-fluid\" src=\"/themes/canvas/images/link-structure.svg\" alt=\"img\">\n      </div>\n    </div>\n  </div>\n</div></div></div>', NULL, NULL, NULL, NULL, '2024-10-11 16:34:01', '2024-10-11 16:34:02'),
(75, 'en', 75, 'Website Screenshot Generator', 'Take stunning website screenshots with just a few clicks! Our website screenshot generator allows you to capture the perfect image of any webpage in high resolution. Whether you\'re a designer, developer, or marketer, our tool makes it easy to showcase your work or showcase your products online. So why wait? Try our website screenshot generator today and start creating beautiful website images!', '<p>Take stunning website screenshots with just a few clicks! Our website screenshot generator allows you to capture the perfect image of any webpage in high resolution. Whether you\'re a designer, developer, or marketer, our tool makes it easy to showcase your work or showcase your products online. So why wait? Try our website screenshot generator today and start creating beautiful website images!</p>', NULL, NULL, NULL, NULL, NULL, '2024-10-11 16:34:01', '2024-10-14 20:21:44'),
(76, 'en', 76, 'Online Ping Website Tool', 'Edit me from admin panel...', 'Edit me from admin panel...', NULL, NULL, NULL, NULL, NULL, '2024-10-11 16:34:01', '2024-10-11 16:34:01'),
(77, 'en', 77, 'URL Encoder Decoder', 'Edit me from admin panel...', 'Edit me from admin panel...', NULL, NULL, NULL, NULL, NULL, '2024-10-11 16:34:01', '2024-10-11 16:34:01'),
(78, 'en', 78, 'Base64 Encode Decode', 'Edit me from admin panel...', 'Edit me from admin panel...', NULL, NULL, NULL, NULL, NULL, '2024-10-11 16:34:01', '2024-10-11 16:34:01'),
(79, 'en', 79, 'QR Code Generator', 'Create custom QR codes with the QR Code Generator. Simply enter your data and choose your design to generate professional QR codes in seconds. Perfect for marketing and sharing information.', 'Edit me from admin panel...', NULL, NULL, NULL, NULL, NULL, '2024-10-11 16:34:01', '2024-10-11 16:34:01'),
(80, 'en', 80, 'HTML Editor', 'HTML Minifier is a tool that optimizes your website\'s HTML code, resulting in faster loading times and improved performance. Simply click to remove excess characters and improve your website\'s efficiency. Try it out now!', 'Edit me from admin panel...', NULL, NULL, NULL, NULL, NULL, '2024-10-11 16:34:01', '2024-10-11 16:34:01'),
(81, 'en', 81, 'HTML Minifier', 'Edit me from admin panel...', 'Edit me from admin panel...', NULL, NULL, NULL, NULL, NULL, '2024-10-11 16:34:01', '2024-10-11 16:34:01'),
(82, 'en', 82, 'Javascript Minifier', 'Edit me from admin panel...', 'Edit me from admin panel...', NULL, NULL, NULL, NULL, NULL, '2024-10-11 16:34:01', '2024-10-11 16:34:01'),
(83, 'en', 83, 'CSS Minifier', 'Edit me from admin panel...', 'Edit me from admin panel...', '<div class=\"raw-html-embed\">\n<div class=\"cssmin-max-wrap\">\n<div class=\"banner-area\">\n  <div class=\"container\">\n    <div class=\"row\">\n      <div class=\"col-md-6 align-self-center\">\n        <h1>CSS Minifier</h1>\n        <p>Lorem ipsum dolor sit amet, consectetur adipiscing elit. In malesuada posuere metus\n          a sollicitudin. Nam a felis tellus. Sed tempor at quam sed feugiat. Nunc sodales vel\n          purus vel euismod.</p>\n        <div class=\"mt-3\">\n          <button type=\"button\" class=\"btn btn-primary rounded-pill mb-2\">Go Pro</button>\n          <button type=\"button\" class=\"btn btn-outline-primary rounded-pill mb-2\">Try it free</button>\n        </div>\n      </div>\n      <div class=\"col-md-6 text-center\">\n        <img class=\"img-fluid\" src=\"/themes/canvas/images/css-minifier.svg\" alt=\"CSS Minifier\">\n      </div>\n    </div>\n  </div>\n</div>\n[x-tool-form]\n<div class=\"container image-resize-wrap section-padding\">\n  <div class=\"row\">\n    <div class=\"col-md-12\">\n      <div class=\"hero-title center bold\">\n        <h1>How to use the picture resizer.</h1>\n        <p>Lorem ipsum dolor sit amet, consectetur adipiscing elit. Pellentesque in leo quis neque aliquet\n          interdum.\n          Suspendisse potenti. Nunc aliquet porttitor auctor..</p>\n      </div>\n    </div>\n    <div class=\"col-md-4\">\n      <div class=\"item text-center\">\n        <img class=\"mb-3\" src=\"/themes/canvas/images/css-text-use1.svg\" alt=\"\">\n        <h2 class=\"title\">Select</h2>\n        <p>Upload your image for resize.</p>\n      </div>\n    </div>\n    <div class=\"col-md-4\">\n      <div class=\"item text-center\">\n        <img class=\"mb-3\" src=\"/themes/canvas/images/css-text-use2.svg\" alt=\"\">\n        <h2 class=\"title\">Resize</h2>\n        <p>Resize image your own.</p>\n      </div>\n    </div>\n    <div class=\"col-md-4\">\n      <div class=\"item text-center\">\n        <img class=\"mb-3\" src=\"/themes/canvas/images/css-text-use3.svg\" alt=\"\">\n        <h2 class=\"title\">Download</h2>\n        <p>Download your resized image.</p>\n      </div>\n    </div>\n  </div>\n</div>\n<div class=\"easy-convert section-padding\">\n<div class=\"container\">\n  <div class=\"row\">\n    <div class=\"col-md-6\">\n      <img class=\"text-center img-fluid\" src=\"/themes/canvas/images/minifier-img.svg\" alt=\"image\">\n    </div>\n    <div class=\"col-md-6 align-self-center\">\n      <div class=\"hero-title bold\">\n        <h1>Easily convert your code</h1>\n        <p>Lorem Ipsum is simply dummy text of the printing and typesetting industry. Lorem Ipsum has been the\n          industry\'s standard dummy text ever since the 1500s, when an unknown printer took a galley of type and\n          scrambled it to make a type specimen book. It has survived not only five centuries, but also the leap\n          into electronic typesetting, remaining essentially unchanged. <br><br> It was popularised in the 1960s\n          with the\n          release of Letraset sheets containing Lorem Ipsum passages, and more recently with desktop publishing\n          software like Aldus PageMaker including versions of Lorem Ipsum.</p>\n        <button type=\"button\" class=\"btn btn-primary rounded-pill mb-2 px-5\">Try it free</button>\n      </div>\n    </div>\n  </div>\n</div>\n</div></div></div>', NULL, NULL, NULL, NULL, '2024-10-11 16:34:01', '2024-10-11 16:34:02'),
(84, 'en', 84, 'URL Opener', 'Edit me from admin panel...', 'Edit me from admin panel...', NULL, NULL, NULL, NULL, NULL, '2024-10-11 16:34:01', '2024-10-11 16:34:01'),
(85, 'en', 85, 'XML Sitemap Generator', 'Effortlessly create an XML sitemap for your website with our free generator. Notify search engines about your web pages and changes, and ensure accurate indexing. Get started now!', 'Effortlessly create an XML sitemap for your website with our free generator. Notify search engines about your web pages and changes, and ensure accurate indexing. Get started now!', NULL, NULL, NULL, NULL, NULL, '2024-10-11 16:34:01', '2024-10-11 16:34:01'),
(86, 'en', 86, 'Word To PDF', 'Edit me from admin panel...', '<p>Edit me from admin panel...</p>', NULL, NULL, NULL, NULL, NULL, '2024-10-11 16:47:53', '2024-10-11 16:54:04'),
(87, 'en', 87, 'Text To PDF', 'Edit me from admin panel...', '<p>Edit me from admin panel...</p>', NULL, NULL, NULL, NULL, NULL, '2024-10-11 16:47:53', '2024-10-11 19:05:30'),
(88, 'en', 88, 'Merge PDF', 'Edit me from admin panel...', '<p>Edit me from admin panel...</p>', NULL, NULL, NULL, NULL, NULL, '2024-10-11 16:47:53', '2024-10-14 11:46:36'),
(89, 'en', 89, 'Organize PDF', 'Edit me from admin panel...', 'Edit me from admin panel...', NULL, NULL, NULL, NULL, NULL, '2024-10-11 16:47:53', '2024-10-11 16:47:53'),
(90, 'en', 90, 'PDF to ZIP', 'Edit me from admin panel...', '<p>Edit me from admin panel...</p>', NULL, NULL, NULL, NULL, NULL, '2024-10-11 16:47:53', '2024-10-14 11:50:40'),
(91, 'en', 91, 'Watermark PDF', 'Edit me from admin panel...', 'Edit me from admin panel...', NULL, NULL, NULL, NULL, NULL, '2024-10-11 16:47:53', '2024-10-11 16:47:53'),
(92, 'en', 92, 'Lock PDF', 'Edit me from admin panel...', '<p>Edit me from admin panel...</p>', NULL, NULL, NULL, NULL, NULL, '2024-10-11 16:47:53', '2024-10-14 11:56:00'),
(93, 'en', 93, 'Unlock PDF', 'Edit me from admin panel...', '<p>Edit me from admin panel...</p>', NULL, NULL, NULL, NULL, NULL, '2024-10-11 16:47:53', '2024-10-14 11:59:49'),
(94, 'en', 94, 'JPG To PDF', 'Edit me from admin panel...', '<p>Edit me from admin panel...</p>', NULL, NULL, NULL, NULL, NULL, '2024-10-11 16:47:53', '2024-10-14 12:05:19'),
(95, 'en', 95, 'PNG To PDF', 'Edit me from admin panel...', '<p>Edit me from admin panel...</p>', NULL, NULL, NULL, NULL, NULL, '2024-10-11 16:47:53', '2024-10-14 12:05:49'),
(96, 'en', 96, 'GIF To PDF', 'Edit me from admin panel...', '<p>Edit me from admin panel...</p>', NULL, NULL, NULL, NULL, NULL, '2024-10-11 16:47:53', '2024-10-14 12:06:15'),
(97, 'en', 97, 'BMP To PDF', 'Edit me from admin panel...', '<p>Edit me from admin panel...</p>', NULL, NULL, NULL, NULL, NULL, '2024-10-11 16:47:53', '2024-10-14 12:06:40'),
(98, 'en', 98, 'TIFF To PDF', 'Edit me from admin panel...', '<p>Edit me from admin panel...</p>', NULL, NULL, NULL, NULL, NULL, '2024-10-11 16:47:53', '2024-10-14 12:07:16'),
(99, 'en', 99, 'Image To PDF', 'Edit me from admin panel...', '<p>Edit me from admin panel...</p>', NULL, NULL, NULL, NULL, NULL, '2024-10-11 16:47:53', '2024-10-14 12:07:48'),
(100, 'en', 100, 'HTML To PDF', 'Edit me from admin panel...', '<p>Edit me from admin panel...</p>', NULL, NULL, NULL, NULL, NULL, '2024-10-11 16:47:53', '2024-10-14 12:08:20'),
(101, 'en', 101, 'PPT To PDF', 'Edit me from admin panel...', '<p>Edit me from admin panel...</p>', NULL, NULL, NULL, NULL, NULL, '2024-10-11 16:47:53', '2024-10-14 12:08:42'),
(102, 'en', 102, 'Excel To PDF', 'Edit me from admin panel...', '<p>Edit me from admin panel...</p>', NULL, NULL, NULL, NULL, NULL, '2024-10-11 16:47:53', '2024-10-14 12:10:44'),
(103, 'en', 103, 'PDF to Word', 'Edit me from admin panel...', 'Edit me from admin panel...', NULL, NULL, NULL, NULL, NULL, '2024-10-11 16:47:53', '2024-10-11 16:47:53'),
(104, 'en', 104, 'PDF to PPT', 'Edit me from admin panel...', '<p>Edit me from admin panel...</p>', NULL, NULL, NULL, NULL, NULL, '2024-10-11 16:47:53', '2024-10-14 19:09:51'),
(105, 'en', 105, 'PDF to Excel', 'Edit me from admin panel...', '<p>Edit me from admin panel...</p>', NULL, NULL, NULL, NULL, NULL, '2024-10-11 16:47:53', '2024-10-14 19:16:01'),
(106, 'en', 106, 'PDF to PNG', 'Edit me from admin panel...', '<p>Edit me from admin panel...</p>', NULL, NULL, NULL, NULL, NULL, '2024-10-11 16:47:53', '2024-10-14 19:16:27'),
(107, 'en', 107, 'PDF to JPG', 'Edit me from admin panel...', '<p>Edit me from admin panel...</p>', NULL, NULL, NULL, NULL, NULL, '2024-10-11 16:47:53', '2024-10-14 19:18:01'),
(108, 'en', 108, 'PDF to TIFF', 'Edit me from admin panel...', '<p>Edit me from admin panel...</p>', NULL, NULL, NULL, NULL, NULL, '2024-10-11 16:47:53', '2024-10-14 19:18:29'),
(109, 'en', 109, 'PDF to BMP', 'Edit me from admin panel...', '<p>Edit me from admin panel...</p>', NULL, NULL, NULL, NULL, NULL, '2024-10-11 16:47:53', '2024-10-14 19:18:47'),
(110, 'en', 110, 'Grayscale PDF', 'Edit me from admin panel...', 'Edit me from admin panel...', NULL, NULL, NULL, NULL, NULL, '2024-10-11 16:47:53', '2024-10-11 16:47:53'),
(111, 'en', 111, 'PDF Compressor', 'Edit me from admin panel...', '<p>Edit me from admin panel...</p>', NULL, NULL, NULL, NULL, NULL, '2024-10-11 16:47:53', '2024-10-14 19:20:54'),
(112, 'en', 112, 'Remove PDF Pages', 'Edit me from admin panel...', '<p>Edit me from admin panel...</p>', NULL, NULL, NULL, NULL, NULL, '2024-10-11 16:47:53', '2024-10-14 19:21:29'),
(113, 'en', 113, 'SERP Checker', 'Edit me from admin panel...', '<p>Edit me from admin panel...</p>', NULL, NULL, NULL, NULL, NULL, '2024-10-11 16:47:53', '2024-10-14 11:28:04'),
(114, 'en', 114, 'Keyword Position', 'Edit me from admin panel...', '<p>Edit me from admin panel...</p>', NULL, NULL, NULL, NULL, NULL, '2024-10-11 16:47:53', '2024-10-14 11:29:42'),
(115, 'en', 115, 'Keyword Density Checker', 'Edit me from admin panel...', 'Edit me from admin panel...', NULL, NULL, NULL, NULL, NULL, '2024-10-11 16:47:53', '2024-10-11 16:47:53'),
(116, 'en', 116, 'Related Keywords Finder', 'Edit me from admin panel...', 'Edit me from admin panel...', NULL, NULL, NULL, NULL, NULL, '2024-10-11 16:47:53', '2024-10-11 16:47:53'),
(117, 'en', 117, 'Keyword Research Tool', 'Edit me from admin panel...', 'Edit me from admin panel...', NULL, NULL, NULL, NULL, NULL, '2024-10-11 16:47:53', '2024-10-11 16:47:53'),
(118, 'en', 118, 'Keywords Rich Domains', 'Edit me from admin panel...', '<p>Edit me from admin panel...</p>', NULL, NULL, NULL, NULL, NULL, '2024-10-11 16:47:53', '2024-10-14 11:32:25'),
(119, 'en', 119, 'Mozrank Checker', 'Edit me from admin panel...', '<p>Edit me from admin panel...</p>', NULL, NULL, NULL, NULL, NULL, '2024-10-11 16:47:53', '2024-10-14 11:23:01'),
(120, 'en', 120, 'Google Cache Checker', 'Edit me from admin panel...', 'Edit me from admin panel...', NULL, NULL, NULL, NULL, NULL, '2024-10-11 16:47:53', '2024-10-11 16:47:53'),
(121, 'en', 121, 'Check GZIP Compression', 'Edit me from admin panel...', 'Edit me from admin panel...', NULL, NULL, NULL, NULL, NULL, '2024-10-11 16:47:53', '2024-10-11 16:47:53'),
(122, 'en', 122, 'SSL Checker', 'Edit me from admin panel...', 'Edit me from admin panel...', NULL, NULL, NULL, NULL, NULL, '2024-10-11 16:47:53', '2024-10-11 16:47:53'),
(123, 'en', 123, 'Spider Simulator', 'Edit me from admin panel...', 'Edit me from admin panel...', NULL, NULL, NULL, NULL, NULL, '2024-10-11 16:47:53', '2024-10-11 16:47:53'),
(124, 'en', 124, 'What is My Browser', 'Edit me from admin panel...', 'Edit me from admin panel...', NULL, NULL, NULL, NULL, NULL, '2024-10-11 16:47:53', '2024-10-11 16:47:53'),
(125, 'en', 125, 'Get HTTP Header', 'Edit me from admin panel...', 'Edit me from admin panel...', NULL, NULL, NULL, NULL, NULL, '2024-10-11 16:47:54', '2024-10-11 16:47:54'),
(126, 'en', 126, 'Htaccess Redirect', 'Edit me from admin panel...', 'Edit me from admin panel...', NULL, NULL, NULL, NULL, NULL, '2024-10-11 16:47:54', '2024-10-11 16:47:54'),
(127, 'en', 127, 'Mobile Friendly Test', 'Edit me from admin panel...', 'Edit me from admin panel...', NULL, NULL, NULL, NULL, NULL, '2024-10-11 16:47:54', '2024-10-11 16:47:54'),
(128, 'en', 128, 'Adsense Calculator', 'Edit me from admin panel...', 'Edit me from admin panel...', NULL, NULL, NULL, NULL, NULL, '2024-10-11 16:47:54', '2024-10-11 16:47:54'),
(129, 'en', 129, 'Screen Resolution Simulator', 'Edit me from admin panel...', 'Edit me from admin panel...', NULL, NULL, NULL, NULL, NULL, '2024-10-11 16:47:54', '2024-10-11 16:47:54'),
(130, 'en', 130, 'English Converter', 'Edit me from admin panel...', '<p>Edit me from admin panel...</p>', NULL, NULL, NULL, NULL, NULL, '2024-10-11 16:47:54', '2025-03-05 04:16:49'),
(131, 'en', 131, 'Paraphrased', 'Edit me from admin panel...', '<p>Edit me from admin panel...</p>', NULL, NULL, NULL, NULL, NULL, '2024-10-11 16:47:54', '2025-03-05 04:21:50'),
(132, 'en', 132, 'Bulk Email Validator', 'Edit me from admin panel...', 'Edit me from admin panel...', NULL, NULL, NULL, NULL, NULL, '2024-10-11 16:47:54', '2024-10-11 16:47:54'),
(133, 'en', 133, 'Word Counter', 'Edit me from admin panel...', 'Edit me from admin panel...', NULL, NULL, NULL, NULL, NULL, '2024-10-11 16:47:54', '2024-10-11 16:47:54'),
(134, 'en', 134, 'WEBP to PNG Converter', 'Edit me from admin panel...', 'Edit me from admin panel...', NULL, NULL, NULL, NULL, NULL, '2024-10-11 16:47:54', '2024-10-11 16:47:54'),
(135, 'en', 135, 'PNG to WEBP Converter', 'Edit me from admin panel...', 'Edit me from admin panel...', NULL, NULL, NULL, NULL, NULL, '2024-10-11 16:47:54', '2024-10-11 16:47:54'),
(136, 'en', 136, 'Random Number Generator', 'Edit me from admin panel...', 'Edit me from admin panel...', NULL, NULL, NULL, NULL, NULL, '2024-10-11 16:47:54', '2024-10-11 16:47:54'),
(137, 'en', 137, 'UUID Generator', 'Edit me from admin panel...', 'Edit me from admin panel...', NULL, NULL, NULL, NULL, NULL, '2024-10-11 16:47:54', '2024-10-11 16:47:54'),
(138, 'en', 138, 'Lorem Ipsum Generator', 'Edit me from admin panel...', 'Edit me from admin panel...', NULL, NULL, NULL, NULL, NULL, '2024-10-11 16:47:54', '2024-10-11 16:47:54'),
(139, 'en', 139, 'Comma Separator', 'Edit me from admin panel...', 'Edit me from admin panel...', NULL, NULL, NULL, NULL, NULL, '2024-10-11 16:47:54', '2024-10-11 16:47:54'),
(140, 'en', 140, 'Websites Broken Link Checker', 'Edit me from admin panel...', 'Edit me from admin panel...', NULL, NULL, NULL, NULL, NULL, '2024-10-11 16:47:54', '2024-10-11 16:47:54'),
(141, 'en', 141, 'Video to GIF Converter', 'Edit me from admin panel...', 'Edit me from admin panel...', NULL, NULL, NULL, NULL, NULL, '2024-10-11 16:47:54', '2024-10-11 16:47:54'),
(142, 'en', 142, 'SVG Converter', 'Edit me from admin panel...', 'Edit me from admin panel...', NULL, NULL, NULL, NULL, NULL, '2024-10-11 16:47:54', '2024-10-11 16:47:54'),
(143, 'en', 143, 'PNG to SVG', 'Edit me from admin panel...', 'Edit me from admin panel...', NULL, NULL, NULL, NULL, NULL, '2024-10-11 16:47:54', '2024-10-11 16:47:54'),
(144, 'en', 144, 'JPG to SVG', 'Edit me from admin panel...', 'Edit me from admin panel...', NULL, NULL, NULL, NULL, NULL, '2024-10-11 16:47:54', '2024-10-11 16:47:54'),
(145, 'en', 145, 'HEIC to JPG', 'Edit me from admin panel...', 'Edit me from admin panel...', NULL, NULL, NULL, NULL, NULL, '2024-10-11 16:47:54', '2024-10-11 16:47:54'),
(146, 'en', 146, 'HEIC to PNG', 'Edit me from admin panel...', 'Edit me from admin panel...', NULL, NULL, NULL, NULL, NULL, '2024-10-11 16:47:54', '2024-10-11 16:47:54'),
(147, 'en', 147, 'AVIF to JPG', 'Edit me from admin panel...', 'Edit me from admin panel...', NULL, NULL, NULL, NULL, NULL, '2024-10-11 16:47:54', '2024-10-11 16:47:54'),
(148, 'en', 148, 'AVIF to PNG', 'Edit me from admin panel...', 'Edit me from admin panel...', NULL, NULL, NULL, NULL, NULL, '2024-10-11 16:47:54', '2024-10-11 16:47:54'),
(149, 'en', 149, 'SVG to JPG', 'Edit me from admin panel...', 'Edit me from admin panel...', NULL, NULL, NULL, NULL, NULL, '2024-10-11 16:47:54', '2024-10-11 16:47:54'),
(150, 'en', 150, 'SVG to PNG', 'Edit me from admin panel...', 'Edit me from admin panel...', NULL, NULL, NULL, NULL, NULL, '2024-10-11 16:47:54', '2024-10-11 16:47:54'),
(151, 'en', 151, 'Credit Card Generator', 'Edit me from admin panel...', 'Edit me from admin panel...', NULL, NULL, NULL, NULL, NULL, '2024-10-11 16:47:54', '2024-10-11 16:47:54'),
(152, 'en', 152, 'Fake Address Generator', 'Edit me from admin panel...', 'Edit me from admin panel...', NULL, NULL, NULL, NULL, NULL, '2024-10-11 16:47:54', '2024-10-11 16:47:54'),
(153, 'en', 153, 'Fake Name Generator', 'Edit me from admin panel...', 'Edit me from admin panel...', NULL, NULL, NULL, NULL, NULL, '2024-10-11 16:47:54', '2024-10-11 16:47:54');

-- --------------------------------------------------------

--
-- Table structure for table `transactions`
--

CREATE TABLE `transactions` (
  `id` bigint(20) UNSIGNED NOT NULL,
  `user_id` int(11) NOT NULL,
  `first_name` varchar(191) NOT NULL,
  `last_name` varchar(191) NOT NULL,
  `company` varchar(191) DEFAULT NULL,
  `phone` varchar(191) DEFAULT NULL,
  `email` varchar(191) NOT NULL,
  `address_lane_1` varchar(191) DEFAULT NULL,
  `address_lane_2` varchar(191) DEFAULT NULL,
  `postal_code` varchar(191) DEFAULT NULL,
  `country_code` varchar(191) DEFAULT NULL,
  `state` varchar(191) DEFAULT NULL,
  `city` varchar(191) DEFAULT NULL,
  `payment_gateway` varchar(191) DEFAULT NULL,
  `amount` varchar(191) DEFAULT NULL,
  `currency` varchar(191) DEFAULT NULL,
  `plan_id` varchar(191) DEFAULT NULL,
  `plan_type` varchar(191) DEFAULT NULL,
  `transaction_id` varchar(191) DEFAULT NULL,
  `response` varchar(191) DEFAULT NULL,
  `status` int(11) NOT NULL DEFAULT 0,
  `expiry_date` datetime DEFAULT NULL,
  `created_at` timestamp NULL DEFAULT NULL,
  `updated_at` timestamp NULL DEFAULT NULL
) ENGINE=InnoDB DEFAULT CHARSET=utf8mb4 COLLATE=utf8mb4_unicode_ci;

-- --------------------------------------------------------

--
-- Table structure for table `views`
--

CREATE TABLE `views` (
  `id` bigint(20) UNSIGNED NOT NULL,
  `viewable_type` varchar(191) NOT NULL,
  `viewable_id` bigint(20) UNSIGNED NOT NULL,
  `visitor` text DEFAULT NULL,
  `collection` varchar(191) DEFAULT NULL,
  `viewed_at` timestamp NOT NULL DEFAULT current_timestamp()
) ENGINE=InnoDB DEFAULT CHARSET=utf8mb4 COLLATE=utf8mb4_unicode_ci;

--
-- Dumping data for table `views`
--

INSERT INTO `views` (`id`, `viewable_type`, `viewable_id`, `visitor`, `collection`, `viewed_at`) VALUES
(1, 'App\\Models\\Tool', 53, 'vFPOBLqzN366j79Wd2we25XnuJlFD4WWI2rA29ignOekFYSCYrqdVrCjuAARCbThXv3TKHQ0dmHO4sRg', NULL, '2024-10-11 16:43:18'),
(2, 'App\\Models\\Tool', 42, 'GsdJWMZGRJNiALdcgUNFuuZIf4PC6bunPpwKI2RloyzuaeAL1d8rJd98HN5mrRlY2Qo5EXcY5JfcQaQg', NULL, '2024-10-11 16:48:30'),
(3, 'App\\Models\\Tool', 86, 'GsdJWMZGRJNiALdcgUNFuuZIf4PC6bunPpwKI2RloyzuaeAL1d8rJd98HN5mrRlY2Qo5EXcY5JfcQaQg', NULL, '2024-10-11 16:54:09'),
(4, 'App\\Models\\Tool', 42, 'XvpuVzOqsJWxJLvRzUlvN7pnJCXqafOSFkP3YpNT7gcxQGpeFYiIVfbWeryRziGJh56q1qOC7jGYpMc5', NULL, '2024-10-11 16:58:15'),
(5, 'App\\Models\\Tool', 86, 'YDPHIK1EiPeBDbnmPZ7PXX2kSlFKb3fklw5W7WcBPhg8vvVr0nwRyV15c3qqSMR9pQf22SUtuTiSiqH1', NULL, '2024-10-11 18:13:59'),
(6, 'App\\Models\\Tool', 42, 'YDPHIK1EiPeBDbnmPZ7PXX2kSlFKb3fklw5W7WcBPhg8vvVr0nwRyV15c3qqSMR9pQf22SUtuTiSiqH1', NULL, '2024-10-11 18:15:47'),
(7, 'App\\Models\\Tool', 87, 'XvpuVzOqsJWxJLvRzUlvN7pnJCXqafOSFkP3YpNT7gcxQGpeFYiIVfbWeryRziGJh56q1qOC7jGYpMc5', NULL, '2024-10-11 19:04:38'),
(8, 'App\\Models\\Tool', 87, 'GsdJWMZGRJNiALdcgUNFuuZIf4PC6bunPpwKI2RloyzuaeAL1d8rJd98HN5mrRlY2Qo5EXcY5JfcQaQg', NULL, '2024-10-11 19:05:35'),
(9, 'App\\Models\\Tool', 86, 'ksF0uPYCMA8fAHgsISbFadR2w6AniLyNlRa1EjXpcoNvGyLaJbOqx4kFkWW8LiUKgOH83QtTaK8OjwCJ', NULL, '2024-10-11 19:25:35'),
(10, 'App\\Models\\Tool', 42, 'ksF0uPYCMA8fAHgsISbFadR2w6AniLyNlRa1EjXpcoNvGyLaJbOqx4kFkWW8LiUKgOH83QtTaK8OjwCJ', NULL, '2024-10-11 19:26:44'),
(11, 'App\\Models\\Tool', 86, 'L0jglF3UVyIQ0pPfBa8O19dX4WgZnIh6GFrQtN0KAxc8UNuxI4fZ2F2Q5CBbWQxNEMEcX54Rej5ODWZ3', NULL, '2024-10-11 21:07:04'),
(12, 'App\\Models\\Tool', 87, 'L0jglF3UVyIQ0pPfBa8O19dX4WgZnIh6GFrQtN0KAxc8UNuxI4fZ2F2Q5CBbWQxNEMEcX54Rej5ODWZ3', NULL, '2024-10-11 21:15:44'),
(13, 'App\\Models\\Tool', 42, 'L0jglF3UVyIQ0pPfBa8O19dX4WgZnIh6GFrQtN0KAxc8UNuxI4fZ2F2Q5CBbWQxNEMEcX54Rej5ODWZ3', NULL, '2024-10-11 21:16:29'),
(14, 'App\\Models\\Tool', 42, 'YDPHIK1EiPeBDbnmPZ7PXX2kSlFKb3fklw5W7WcBPhg8vvVr0nwRyV15c3qqSMR9pQf22SUtuTiSiqH1', NULL, '2024-10-11 21:17:06'),
(15, 'App\\Models\\Tool', 43, 'PgMaULyG601raf8GgNH5UMq8chSbgKOvsC6fjRrMi2Sc9xNRwCf4VVhGGoRLUZq2je0nC9fMYccIj5rk', NULL, '2024-10-11 21:29:26'),
(16, 'App\\Models\\Tool', 43, 'iM37i5Ifz45RYSMbl8yqbt8sJy4kQKqVOT10hTKGauJN71JQ2x5uVcMwxwDwwRrONqZS4COieWmcrjqy', NULL, '2024-10-12 02:54:07'),
(17, 'App\\Models\\Tool', 86, 'BpTb2IMe7KSajKj6IDxirsbStbLAzNHRKMv1PFRH2CoefMEHxv8JOlCRvFHY8YRdvQgPnbVjbngBYWBK', NULL, '2024-10-12 03:32:39'),
(18, 'App\\Models\\Tool', 86, 'GsdJWMZGRJNiALdcgUNFuuZIf4PC6bunPpwKI2RloyzuaeAL1d8rJd98HN5mrRlY2Qo5EXcY5JfcQaQg', NULL, '2024-10-12 04:07:12'),
(19, 'App\\Models\\Tool', 42, 'YDPHIK1EiPeBDbnmPZ7PXX2kSlFKb3fklw5W7WcBPhg8vvVr0nwRyV15c3qqSMR9pQf22SUtuTiSiqH1', NULL, '2024-10-12 04:09:52'),
(20, 'App\\Models\\Tool', 42, 'xaaJhlBHpIOQfEzOY43PaLl2ZskNS9co6ZP0bVprbjv9sqGyCBCoVBpuIpVuXnEceUvNwUER9IkhHs1u', NULL, '2024-10-14 02:57:20'),
(21, 'App\\Models\\Tool', 86, 'xaaJhlBHpIOQfEzOY43PaLl2ZskNS9co6ZP0bVprbjv9sqGyCBCoVBpuIpVuXnEceUvNwUER9IkhHs1u', NULL, '2024-10-14 03:00:12'),
(22, 'App\\Models\\Tool', 139, '4d4vgi0COdHvPsbnSfEmf75KTRzCDpzEpuLuJ3zPqcGjVqciNnjy9nrEHC9shMyb7rji9Je5ydlGBg7r', NULL, '2024-10-14 11:20:45'),
(23, 'App\\Models\\Tool', 119, '4d4vgi0COdHvPsbnSfEmf75KTRzCDpzEpuLuJ3zPqcGjVqciNnjy9nrEHC9shMyb7rji9Je5ydlGBg7r', NULL, '2024-10-14 11:23:06'),
(24, 'App\\Models\\Tool', 120, '4d4vgi0COdHvPsbnSfEmf75KTRzCDpzEpuLuJ3zPqcGjVqciNnjy9nrEHC9shMyb7rji9Je5ydlGBg7r', NULL, '2024-10-14 11:24:23'),
(25, 'App\\Models\\Tool', 121, '4d4vgi0COdHvPsbnSfEmf75KTRzCDpzEpuLuJ3zPqcGjVqciNnjy9nrEHC9shMyb7rji9Je5ydlGBg7r', NULL, '2024-10-14 11:24:47'),
(26, 'App\\Models\\Tool', 122, '4d4vgi0COdHvPsbnSfEmf75KTRzCDpzEpuLuJ3zPqcGjVqciNnjy9nrEHC9shMyb7rji9Je5ydlGBg7r', NULL, '2024-10-14 11:25:02'),
(27, 'App\\Models\\Tool', 123, '4d4vgi0COdHvPsbnSfEmf75KTRzCDpzEpuLuJ3zPqcGjVqciNnjy9nrEHC9shMyb7rji9Je5ydlGBg7r', NULL, '2024-10-14 11:25:13'),
(28, 'App\\Models\\Tool', 124, '4d4vgi0COdHvPsbnSfEmf75KTRzCDpzEpuLuJ3zPqcGjVqciNnjy9nrEHC9shMyb7rji9Je5ydlGBg7r', NULL, '2024-10-14 11:25:34'),
(29, 'App\\Models\\Tool', 140, '4d4vgi0COdHvPsbnSfEmf75KTRzCDpzEpuLuJ3zPqcGjVqciNnjy9nrEHC9shMyb7rji9Je5ydlGBg7r', NULL, '2024-10-14 11:25:38'),
(30, 'App\\Models\\Tool', 113, '4d4vgi0COdHvPsbnSfEmf75KTRzCDpzEpuLuJ3zPqcGjVqciNnjy9nrEHC9shMyb7rji9Je5ydlGBg7r', NULL, '2024-10-14 11:25:56'),
(31, 'App\\Models\\Tool', 114, '4d4vgi0COdHvPsbnSfEmf75KTRzCDpzEpuLuJ3zPqcGjVqciNnjy9nrEHC9shMyb7rji9Je5ydlGBg7r', NULL, '2024-10-14 11:28:39'),
(32, 'App\\Models\\Tool', 115, '4d4vgi0COdHvPsbnSfEmf75KTRzCDpzEpuLuJ3zPqcGjVqciNnjy9nrEHC9shMyb7rji9Je5ydlGBg7r', NULL, '2024-10-14 11:30:22'),
(33, 'App\\Models\\Tool', 116, '4d4vgi0COdHvPsbnSfEmf75KTRzCDpzEpuLuJ3zPqcGjVqciNnjy9nrEHC9shMyb7rji9Je5ydlGBg7r', NULL, '2024-10-14 11:30:48'),
(34, 'App\\Models\\Tool', 117, '4d4vgi0COdHvPsbnSfEmf75KTRzCDpzEpuLuJ3zPqcGjVqciNnjy9nrEHC9shMyb7rji9Je5ydlGBg7r', NULL, '2024-10-14 11:31:28'),
(35, 'App\\Models\\Tool', 118, '4d4vgi0COdHvPsbnSfEmf75KTRzCDpzEpuLuJ3zPqcGjVqciNnjy9nrEHC9shMyb7rji9Je5ydlGBg7r', NULL, '2024-10-14 11:31:38'),
(36, 'App\\Models\\Tool', 86, '4d4vgi0COdHvPsbnSfEmf75KTRzCDpzEpuLuJ3zPqcGjVqciNnjy9nrEHC9shMyb7rji9Je5ydlGBg7r', NULL, '2024-10-14 11:33:32'),
(37, 'App\\Models\\Tool', 90, 'AP4FwcfGpWQszAaQTJaWxouwFPnNahN75MLwNhnZF4dZhoSTHLI5WjDNH9bMn53HMSMQHcCefXVQFBnk', NULL, '2024-10-14 11:49:13'),
(38, 'App\\Models\\Tool', 91, 'AP4FwcfGpWQszAaQTJaWxouwFPnNahN75MLwNhnZF4dZhoSTHLI5WjDNH9bMn53HMSMQHcCefXVQFBnk', NULL, '2024-10-14 11:53:37'),
(39, 'App\\Models\\Tool', 92, 'AP4FwcfGpWQszAaQTJaWxouwFPnNahN75MLwNhnZF4dZhoSTHLI5WjDNH9bMn53HMSMQHcCefXVQFBnk', NULL, '2024-10-14 11:55:28'),
(40, 'App\\Models\\Tool', 93, 'AP4FwcfGpWQszAaQTJaWxouwFPnNahN75MLwNhnZF4dZhoSTHLI5WjDNH9bMn53HMSMQHcCefXVQFBnk', NULL, '2024-10-14 11:59:07'),
(41, 'App\\Models\\Tool', 88, 'AP4FwcfGpWQszAaQTJaWxouwFPnNahN75MLwNhnZF4dZhoSTHLI5WjDNH9bMn53HMSMQHcCefXVQFBnk', NULL, '2024-10-14 12:02:26'),
(42, 'App\\Models\\Tool', 89, 'AP4FwcfGpWQszAaQTJaWxouwFPnNahN75MLwNhnZF4dZhoSTHLI5WjDNH9bMn53HMSMQHcCefXVQFBnk', NULL, '2024-10-14 12:03:40'),
(43, 'App\\Models\\Tool', 11, '8RUWQg2ZpbF7aShsLrhg0xw5NYI9IarmtZMQPJYsJekWuLvRxJXlQ3fHDDwfxSh4fijPAHqJMLeRWrqQ', NULL, '2024-10-14 17:55:22'),
(44, 'App\\Models\\Tool', 12, '8RUWQg2ZpbF7aShsLrhg0xw5NYI9IarmtZMQPJYsJekWuLvRxJXlQ3fHDDwfxSh4fijPAHqJMLeRWrqQ', NULL, '2024-10-14 17:55:23'),
(45, 'App\\Models\\Tool', 13, '8RUWQg2ZpbF7aShsLrhg0xw5NYI9IarmtZMQPJYsJekWuLvRxJXlQ3fHDDwfxSh4fijPAHqJMLeRWrqQ', NULL, '2024-10-14 17:55:23'),
(46, 'App\\Models\\Tool', 14, '8RUWQg2ZpbF7aShsLrhg0xw5NYI9IarmtZMQPJYsJekWuLvRxJXlQ3fHDDwfxSh4fijPAHqJMLeRWrqQ', NULL, '2024-10-14 17:55:24'),
(47, 'App\\Models\\Tool', 15, '8RUWQg2ZpbF7aShsLrhg0xw5NYI9IarmtZMQPJYsJekWuLvRxJXlQ3fHDDwfxSh4fijPAHqJMLeRWrqQ', NULL, '2024-10-14 17:55:24'),
(48, 'App\\Models\\Tool', 16, '8RUWQg2ZpbF7aShsLrhg0xw5NYI9IarmtZMQPJYsJekWuLvRxJXlQ3fHDDwfxSh4fijPAHqJMLeRWrqQ', NULL, '2024-10-14 17:55:25'),
(49, 'App\\Models\\Tool', 17, '8RUWQg2ZpbF7aShsLrhg0xw5NYI9IarmtZMQPJYsJekWuLvRxJXlQ3fHDDwfxSh4fijPAHqJMLeRWrqQ', NULL, '2024-10-14 17:55:25'),
(50, 'App\\Models\\Tool', 18, '8RUWQg2ZpbF7aShsLrhg0xw5NYI9IarmtZMQPJYsJekWuLvRxJXlQ3fHDDwfxSh4fijPAHqJMLeRWrqQ', NULL, '2024-10-14 17:55:26'),
(51, 'App\\Models\\Tool', 19, '8RUWQg2ZpbF7aShsLrhg0xw5NYI9IarmtZMQPJYsJekWuLvRxJXlQ3fHDDwfxSh4fijPAHqJMLeRWrqQ', NULL, '2024-10-14 17:55:26'),
(52, 'App\\Models\\Tool', 130, '8RUWQg2ZpbF7aShsLrhg0xw5NYI9IarmtZMQPJYsJekWuLvRxJXlQ3fHDDwfxSh4fijPAHqJMLeRWrqQ', NULL, '2024-10-14 17:55:27'),
(53, 'App\\Models\\Tool', 131, '8RUWQg2ZpbF7aShsLrhg0xw5NYI9IarmtZMQPJYsJekWuLvRxJXlQ3fHDDwfxSh4fijPAHqJMLeRWrqQ', NULL, '2024-10-14 17:55:27'),
(54, 'App\\Models\\Tool', 133, '8RUWQg2ZpbF7aShsLrhg0xw5NYI9IarmtZMQPJYsJekWuLvRxJXlQ3fHDDwfxSh4fijPAHqJMLeRWrqQ', NULL, '2024-10-14 17:55:28'),
(55, 'App\\Models\\Tool', 139, '8RUWQg2ZpbF7aShsLrhg0xw5NYI9IarmtZMQPJYsJekWuLvRxJXlQ3fHDDwfxSh4fijPAHqJMLeRWrqQ', NULL, '2024-10-14 17:55:28'),
(56, 'App\\Models\\Tool', 119, '8RUWQg2ZpbF7aShsLrhg0xw5NYI9IarmtZMQPJYsJekWuLvRxJXlQ3fHDDwfxSh4fijPAHqJMLeRWrqQ', NULL, '2024-10-14 17:55:29'),
(57, 'App\\Models\\Tool', 120, '8RUWQg2ZpbF7aShsLrhg0xw5NYI9IarmtZMQPJYsJekWuLvRxJXlQ3fHDDwfxSh4fijPAHqJMLeRWrqQ', NULL, '2024-10-14 17:55:30'),
(58, 'App\\Models\\Tool', 121, '8RUWQg2ZpbF7aShsLrhg0xw5NYI9IarmtZMQPJYsJekWuLvRxJXlQ3fHDDwfxSh4fijPAHqJMLeRWrqQ', NULL, '2024-10-14 17:55:30'),
(59, 'App\\Models\\Tool', 122, '8RUWQg2ZpbF7aShsLrhg0xw5NYI9IarmtZMQPJYsJekWuLvRxJXlQ3fHDDwfxSh4fijPAHqJMLeRWrqQ', NULL, '2024-10-14 17:55:31'),
(60, 'App\\Models\\Tool', 123, '8RUWQg2ZpbF7aShsLrhg0xw5NYI9IarmtZMQPJYsJekWuLvRxJXlQ3fHDDwfxSh4fijPAHqJMLeRWrqQ', NULL, '2024-10-14 17:55:31'),
(61, 'App\\Models\\Tool', 124, '8RUWQg2ZpbF7aShsLrhg0xw5NYI9IarmtZMQPJYsJekWuLvRxJXlQ3fHDDwfxSh4fijPAHqJMLeRWrqQ', NULL, '2024-10-14 17:55:32'),
(62, 'App\\Models\\Tool', 140, '8RUWQg2ZpbF7aShsLrhg0xw5NYI9IarmtZMQPJYsJekWuLvRxJXlQ3fHDDwfxSh4fijPAHqJMLeRWrqQ', NULL, '2024-10-14 17:55:32'),
(63, 'App\\Models\\Tool', 113, '8RUWQg2ZpbF7aShsLrhg0xw5NYI9IarmtZMQPJYsJekWuLvRxJXlQ3fHDDwfxSh4fijPAHqJMLeRWrqQ', NULL, '2024-10-14 17:55:33'),
(64, 'App\\Models\\Tool', 114, '8RUWQg2ZpbF7aShsLrhg0xw5NYI9IarmtZMQPJYsJekWuLvRxJXlQ3fHDDwfxSh4fijPAHqJMLeRWrqQ', NULL, '2024-10-14 17:55:34'),
(65, 'App\\Models\\Tool', 115, '8RUWQg2ZpbF7aShsLrhg0xw5NYI9IarmtZMQPJYsJekWuLvRxJXlQ3fHDDwfxSh4fijPAHqJMLeRWrqQ', NULL, '2024-10-14 17:55:34'),
(66, 'App\\Models\\Tool', 116, '8RUWQg2ZpbF7aShsLrhg0xw5NYI9IarmtZMQPJYsJekWuLvRxJXlQ3fHDDwfxSh4fijPAHqJMLeRWrqQ', NULL, '2024-10-14 17:55:35'),
(67, 'App\\Models\\Tool', 117, '8RUWQg2ZpbF7aShsLrhg0xw5NYI9IarmtZMQPJYsJekWuLvRxJXlQ3fHDDwfxSh4fijPAHqJMLeRWrqQ', NULL, '2024-10-14 17:55:35'),
(68, 'App\\Models\\Tool', 118, '8RUWQg2ZpbF7aShsLrhg0xw5NYI9IarmtZMQPJYsJekWuLvRxJXlQ3fHDDwfxSh4fijPAHqJMLeRWrqQ', NULL, '2024-10-14 17:55:36'),
(69, 'App\\Models\\Tool', 86, '8RUWQg2ZpbF7aShsLrhg0xw5NYI9IarmtZMQPJYsJekWuLvRxJXlQ3fHDDwfxSh4fijPAHqJMLeRWrqQ', NULL, '2024-10-14 17:55:37'),
(70, 'App\\Models\\Tool', 87, '8RUWQg2ZpbF7aShsLrhg0xw5NYI9IarmtZMQPJYsJekWuLvRxJXlQ3fHDDwfxSh4fijPAHqJMLeRWrqQ', NULL, '2024-10-14 17:55:37'),
(71, 'App\\Models\\Tool', 88, '8RUWQg2ZpbF7aShsLrhg0xw5NYI9IarmtZMQPJYsJekWuLvRxJXlQ3fHDDwfxSh4fijPAHqJMLeRWrqQ', NULL, '2024-10-14 17:55:38'),
(72, 'App\\Models\\Tool', 89, '8RUWQg2ZpbF7aShsLrhg0xw5NYI9IarmtZMQPJYsJekWuLvRxJXlQ3fHDDwfxSh4fijPAHqJMLeRWrqQ', NULL, '2024-10-14 17:55:38'),
(73, 'App\\Models\\Tool', 90, '8RUWQg2ZpbF7aShsLrhg0xw5NYI9IarmtZMQPJYsJekWuLvRxJXlQ3fHDDwfxSh4fijPAHqJMLeRWrqQ', NULL, '2024-10-14 17:55:39'),
(74, 'App\\Models\\Tool', 91, '8RUWQg2ZpbF7aShsLrhg0xw5NYI9IarmtZMQPJYsJekWuLvRxJXlQ3fHDDwfxSh4fijPAHqJMLeRWrqQ', NULL, '2024-10-14 17:55:39'),
(75, 'App\\Models\\Tool', 92, '8RUWQg2ZpbF7aShsLrhg0xw5NYI9IarmtZMQPJYsJekWuLvRxJXlQ3fHDDwfxSh4fijPAHqJMLeRWrqQ', NULL, '2024-10-14 17:55:40'),
(76, 'App\\Models\\Tool', 93, '8RUWQg2ZpbF7aShsLrhg0xw5NYI9IarmtZMQPJYsJekWuLvRxJXlQ3fHDDwfxSh4fijPAHqJMLeRWrqQ', NULL, '2024-10-14 17:55:40'),
(77, 'App\\Models\\Tool', 94, '8RUWQg2ZpbF7aShsLrhg0xw5NYI9IarmtZMQPJYsJekWuLvRxJXlQ3fHDDwfxSh4fijPAHqJMLeRWrqQ', NULL, '2024-10-14 17:55:41'),
(78, 'App\\Models\\Tool', 95, '8RUWQg2ZpbF7aShsLrhg0xw5NYI9IarmtZMQPJYsJekWuLvRxJXlQ3fHDDwfxSh4fijPAHqJMLeRWrqQ', NULL, '2024-10-14 17:55:41'),
(79, 'App\\Models\\Tool', 96, '8RUWQg2ZpbF7aShsLrhg0xw5NYI9IarmtZMQPJYsJekWuLvRxJXlQ3fHDDwfxSh4fijPAHqJMLeRWrqQ', NULL, '2024-10-14 17:55:42'),
(80, 'App\\Models\\Tool', 97, '8RUWQg2ZpbF7aShsLrhg0xw5NYI9IarmtZMQPJYsJekWuLvRxJXlQ3fHDDwfxSh4fijPAHqJMLeRWrqQ', NULL, '2024-10-14 17:55:42'),
(81, 'App\\Models\\Tool', 98, '8RUWQg2ZpbF7aShsLrhg0xw5NYI9IarmtZMQPJYsJekWuLvRxJXlQ3fHDDwfxSh4fijPAHqJMLeRWrqQ', NULL, '2024-10-14 17:55:43'),
(82, 'App\\Models\\Tool', 99, '8RUWQg2ZpbF7aShsLrhg0xw5NYI9IarmtZMQPJYsJekWuLvRxJXlQ3fHDDwfxSh4fijPAHqJMLeRWrqQ', NULL, '2024-10-14 17:55:43'),
(83, 'App\\Models\\Tool', 100, '8RUWQg2ZpbF7aShsLrhg0xw5NYI9IarmtZMQPJYsJekWuLvRxJXlQ3fHDDwfxSh4fijPAHqJMLeRWrqQ', NULL, '2024-10-14 17:55:44'),
(84, 'App\\Models\\Tool', 101, '8RUWQg2ZpbF7aShsLrhg0xw5NYI9IarmtZMQPJYsJekWuLvRxJXlQ3fHDDwfxSh4fijPAHqJMLeRWrqQ', NULL, '2024-10-14 17:55:44'),
(85, 'App\\Models\\Tool', 102, '8RUWQg2ZpbF7aShsLrhg0xw5NYI9IarmtZMQPJYsJekWuLvRxJXlQ3fHDDwfxSh4fijPAHqJMLeRWrqQ', NULL, '2024-10-14 17:55:45'),
(86, 'App\\Models\\Tool', 103, '8RUWQg2ZpbF7aShsLrhg0xw5NYI9IarmtZMQPJYsJekWuLvRxJXlQ3fHDDwfxSh4fijPAHqJMLeRWrqQ', NULL, '2024-10-14 17:55:45'),
(87, 'App\\Models\\Tool', 104, '8RUWQg2ZpbF7aShsLrhg0xw5NYI9IarmtZMQPJYsJekWuLvRxJXlQ3fHDDwfxSh4fijPAHqJMLeRWrqQ', NULL, '2024-10-14 17:55:46'),
(88, 'App\\Models\\Tool', 105, '8RUWQg2ZpbF7aShsLrhg0xw5NYI9IarmtZMQPJYsJekWuLvRxJXlQ3fHDDwfxSh4fijPAHqJMLeRWrqQ', NULL, '2024-10-14 17:55:46'),
(89, 'App\\Models\\Tool', 106, '8RUWQg2ZpbF7aShsLrhg0xw5NYI9IarmtZMQPJYsJekWuLvRxJXlQ3fHDDwfxSh4fijPAHqJMLeRWrqQ', NULL, '2024-10-14 17:55:47'),
(90, 'App\\Models\\Tool', 107, '8RUWQg2ZpbF7aShsLrhg0xw5NYI9IarmtZMQPJYsJekWuLvRxJXlQ3fHDDwfxSh4fijPAHqJMLeRWrqQ', NULL, '2024-10-14 17:55:47'),
(91, 'App\\Models\\Tool', 108, '8RUWQg2ZpbF7aShsLrhg0xw5NYI9IarmtZMQPJYsJekWuLvRxJXlQ3fHDDwfxSh4fijPAHqJMLeRWrqQ', NULL, '2024-10-14 17:55:48'),
(92, 'App\\Models\\Tool', 109, '8RUWQg2ZpbF7aShsLrhg0xw5NYI9IarmtZMQPJYsJekWuLvRxJXlQ3fHDDwfxSh4fijPAHqJMLeRWrqQ', NULL, '2024-10-14 17:55:48'),
(93, 'App\\Models\\Tool', 110, '8RUWQg2ZpbF7aShsLrhg0xw5NYI9IarmtZMQPJYsJekWuLvRxJXlQ3fHDDwfxSh4fijPAHqJMLeRWrqQ', NULL, '2024-10-14 17:55:49'),
(94, 'App\\Models\\Tool', 111, '8RUWQg2ZpbF7aShsLrhg0xw5NYI9IarmtZMQPJYsJekWuLvRxJXlQ3fHDDwfxSh4fijPAHqJMLeRWrqQ', NULL, '2024-10-14 17:55:49'),
(95, 'App\\Models\\Tool', 112, '8RUWQg2ZpbF7aShsLrhg0xw5NYI9IarmtZMQPJYsJekWuLvRxJXlQ3fHDDwfxSh4fijPAHqJMLeRWrqQ', NULL, '2024-10-14 17:55:50'),
(96, 'App\\Models\\Tool', 151, '8RUWQg2ZpbF7aShsLrhg0xw5NYI9IarmtZMQPJYsJekWuLvRxJXlQ3fHDDwfxSh4fijPAHqJMLeRWrqQ', NULL, '2024-10-14 17:55:51'),
(97, 'App\\Models\\Tool', 152, '8RUWQg2ZpbF7aShsLrhg0xw5NYI9IarmtZMQPJYsJekWuLvRxJXlQ3fHDDwfxSh4fijPAHqJMLeRWrqQ', NULL, '2024-10-14 17:55:51'),
(98, 'App\\Models\\Tool', 153, '8RUWQg2ZpbF7aShsLrhg0xw5NYI9IarmtZMQPJYsJekWuLvRxJXlQ3fHDDwfxSh4fijPAHqJMLeRWrqQ', NULL, '2024-10-14 17:55:52'),
(99, 'App\\Models\\Tool', 1, '8RUWQg2ZpbF7aShsLrhg0xw5NYI9IarmtZMQPJYsJekWuLvRxJXlQ3fHDDwfxSh4fijPAHqJMLeRWrqQ', NULL, '2024-10-14 17:55:53'),
(100, 'App\\Models\\Tool', 2, '8RUWQg2ZpbF7aShsLrhg0xw5NYI9IarmtZMQPJYsJekWuLvRxJXlQ3fHDDwfxSh4fijPAHqJMLeRWrqQ', NULL, '2024-10-14 17:55:53'),
(101, 'App\\Models\\Tool', 3, '8RUWQg2ZpbF7aShsLrhg0xw5NYI9IarmtZMQPJYsJekWuLvRxJXlQ3fHDDwfxSh4fijPAHqJMLeRWrqQ', NULL, '2024-10-14 17:55:54'),
(102, 'App\\Models\\Tool', 4, '8RUWQg2ZpbF7aShsLrhg0xw5NYI9IarmtZMQPJYsJekWuLvRxJXlQ3fHDDwfxSh4fijPAHqJMLeRWrqQ', NULL, '2024-10-14 17:55:54'),
(103, 'App\\Models\\Tool', 136, '8RUWQg2ZpbF7aShsLrhg0xw5NYI9IarmtZMQPJYsJekWuLvRxJXlQ3fHDDwfxSh4fijPAHqJMLeRWrqQ', NULL, '2024-10-14 17:55:55'),
(104, 'App\\Models\\Tool', 5, '8RUWQg2ZpbF7aShsLrhg0xw5NYI9IarmtZMQPJYsJekWuLvRxJXlQ3fHDDwfxSh4fijPAHqJMLeRWrqQ', NULL, '2024-10-14 17:55:56'),
(105, 'App\\Models\\Tool', 6, '8RUWQg2ZpbF7aShsLrhg0xw5NYI9IarmtZMQPJYsJekWuLvRxJXlQ3fHDDwfxSh4fijPAHqJMLeRWrqQ', NULL, '2024-10-14 17:55:56'),
(106, 'App\\Models\\Tool', 7, '8RUWQg2ZpbF7aShsLrhg0xw5NYI9IarmtZMQPJYsJekWuLvRxJXlQ3fHDDwfxSh4fijPAHqJMLeRWrqQ', NULL, '2024-10-14 17:55:57'),
(107, 'App\\Models\\Tool', 8, '8RUWQg2ZpbF7aShsLrhg0xw5NYI9IarmtZMQPJYsJekWuLvRxJXlQ3fHDDwfxSh4fijPAHqJMLeRWrqQ', NULL, '2024-10-14 17:55:57'),
(108, 'App\\Models\\Tool', 9, '8RUWQg2ZpbF7aShsLrhg0xw5NYI9IarmtZMQPJYsJekWuLvRxJXlQ3fHDDwfxSh4fijPAHqJMLeRWrqQ', NULL, '2024-10-14 17:55:58'),
(109, 'App\\Models\\Tool', 10, '8RUWQg2ZpbF7aShsLrhg0xw5NYI9IarmtZMQPJYsJekWuLvRxJXlQ3fHDDwfxSh4fijPAHqJMLeRWrqQ', NULL, '2024-10-14 17:55:58'),
(110, 'App\\Models\\Tool', 20, '8RUWQg2ZpbF7aShsLrhg0xw5NYI9IarmtZMQPJYsJekWuLvRxJXlQ3fHDDwfxSh4fijPAHqJMLeRWrqQ', NULL, '2024-10-14 17:55:59'),
(111, 'App\\Models\\Tool', 21, '8RUWQg2ZpbF7aShsLrhg0xw5NYI9IarmtZMQPJYsJekWuLvRxJXlQ3fHDDwfxSh4fijPAHqJMLeRWrqQ', NULL, '2024-10-14 17:56:00'),
(112, 'App\\Models\\Tool', 22, '8RUWQg2ZpbF7aShsLrhg0xw5NYI9IarmtZMQPJYsJekWuLvRxJXlQ3fHDDwfxSh4fijPAHqJMLeRWrqQ', NULL, '2024-10-14 17:56:00'),
(113, 'App\\Models\\Tool', 23, '8RUWQg2ZpbF7aShsLrhg0xw5NYI9IarmtZMQPJYsJekWuLvRxJXlQ3fHDDwfxSh4fijPAHqJMLeRWrqQ', NULL, '2024-10-14 17:56:01'),
(114, 'App\\Models\\Tool', 24, '8RUWQg2ZpbF7aShsLrhg0xw5NYI9IarmtZMQPJYsJekWuLvRxJXlQ3fHDDwfxSh4fijPAHqJMLeRWrqQ', NULL, '2024-10-14 17:56:01'),
(115, 'App\\Models\\Tool', 25, '8RUWQg2ZpbF7aShsLrhg0xw5NYI9IarmtZMQPJYsJekWuLvRxJXlQ3fHDDwfxSh4fijPAHqJMLeRWrqQ', NULL, '2024-10-14 17:56:02'),
(116, 'App\\Models\\Tool', 26, '8RUWQg2ZpbF7aShsLrhg0xw5NYI9IarmtZMQPJYsJekWuLvRxJXlQ3fHDDwfxSh4fijPAHqJMLeRWrqQ', NULL, '2024-10-14 17:56:02'),
(117, 'App\\Models\\Tool', 27, '8RUWQg2ZpbF7aShsLrhg0xw5NYI9IarmtZMQPJYsJekWuLvRxJXlQ3fHDDwfxSh4fijPAHqJMLeRWrqQ', NULL, '2024-10-14 17:56:03'),
(118, 'App\\Models\\Tool', 28, '8RUWQg2ZpbF7aShsLrhg0xw5NYI9IarmtZMQPJYsJekWuLvRxJXlQ3fHDDwfxSh4fijPAHqJMLeRWrqQ', NULL, '2024-10-14 17:56:03'),
(119, 'App\\Models\\Tool', 29, '8RUWQg2ZpbF7aShsLrhg0xw5NYI9IarmtZMQPJYsJekWuLvRxJXlQ3fHDDwfxSh4fijPAHqJMLeRWrqQ', NULL, '2024-10-14 17:56:04'),
(120, 'App\\Models\\Tool', 30, '8RUWQg2ZpbF7aShsLrhg0xw5NYI9IarmtZMQPJYsJekWuLvRxJXlQ3fHDDwfxSh4fijPAHqJMLeRWrqQ', NULL, '2024-10-14 17:56:04'),
(121, 'App\\Models\\Tool', 31, '8RUWQg2ZpbF7aShsLrhg0xw5NYI9IarmtZMQPJYsJekWuLvRxJXlQ3fHDDwfxSh4fijPAHqJMLeRWrqQ', NULL, '2024-10-14 17:56:05'),
(122, 'App\\Models\\Tool', 42, '8RUWQg2ZpbF7aShsLrhg0xw5NYI9IarmtZMQPJYsJekWuLvRxJXlQ3fHDDwfxSh4fijPAHqJMLeRWrqQ', NULL, '2024-10-14 17:56:06'),
(123, 'App\\Models\\Tool', 43, '8RUWQg2ZpbF7aShsLrhg0xw5NYI9IarmtZMQPJYsJekWuLvRxJXlQ3fHDDwfxSh4fijPAHqJMLeRWrqQ', NULL, '2024-10-14 17:56:06'),
(124, 'App\\Models\\Tool', 134, '8RUWQg2ZpbF7aShsLrhg0xw5NYI9IarmtZMQPJYsJekWuLvRxJXlQ3fHDDwfxSh4fijPAHqJMLeRWrqQ', NULL, '2024-10-14 17:56:07'),
(125, 'App\\Models\\Tool', 135, '8RUWQg2ZpbF7aShsLrhg0xw5NYI9IarmtZMQPJYsJekWuLvRxJXlQ3fHDDwfxSh4fijPAHqJMLeRWrqQ', NULL, '2024-10-14 17:56:07'),
(126, 'App\\Models\\Tool', 44, '8RUWQg2ZpbF7aShsLrhg0xw5NYI9IarmtZMQPJYsJekWuLvRxJXlQ3fHDDwfxSh4fijPAHqJMLeRWrqQ', NULL, '2024-10-14 17:56:08'),
(127, 'App\\Models\\Tool', 45, '8RUWQg2ZpbF7aShsLrhg0xw5NYI9IarmtZMQPJYsJekWuLvRxJXlQ3fHDDwfxSh4fijPAHqJMLeRWrqQ', NULL, '2024-10-14 17:56:08'),
(128, 'App\\Models\\Tool', 46, '8RUWQg2ZpbF7aShsLrhg0xw5NYI9IarmtZMQPJYsJekWuLvRxJXlQ3fHDDwfxSh4fijPAHqJMLeRWrqQ', NULL, '2024-10-14 17:56:09'),
(129, 'App\\Models\\Tool', 47, '8RUWQg2ZpbF7aShsLrhg0xw5NYI9IarmtZMQPJYsJekWuLvRxJXlQ3fHDDwfxSh4fijPAHqJMLeRWrqQ', NULL, '2024-10-14 17:56:09'),
(130, 'App\\Models\\Tool', 48, '8RUWQg2ZpbF7aShsLrhg0xw5NYI9IarmtZMQPJYsJekWuLvRxJXlQ3fHDDwfxSh4fijPAHqJMLeRWrqQ', NULL, '2024-10-14 17:56:10'),
(131, 'App\\Models\\Tool', 49, '8RUWQg2ZpbF7aShsLrhg0xw5NYI9IarmtZMQPJYsJekWuLvRxJXlQ3fHDDwfxSh4fijPAHqJMLeRWrqQ', NULL, '2024-10-14 17:56:10'),
(132, 'App\\Models\\Tool', 50, '8RUWQg2ZpbF7aShsLrhg0xw5NYI9IarmtZMQPJYsJekWuLvRxJXlQ3fHDDwfxSh4fijPAHqJMLeRWrqQ', NULL, '2024-10-14 17:56:11'),
(133, 'App\\Models\\Tool', 141, '8RUWQg2ZpbF7aShsLrhg0xw5NYI9IarmtZMQPJYsJekWuLvRxJXlQ3fHDDwfxSh4fijPAHqJMLeRWrqQ', NULL, '2024-10-14 17:56:11'),
(134, 'App\\Models\\Tool', 142, '8RUWQg2ZpbF7aShsLrhg0xw5NYI9IarmtZMQPJYsJekWuLvRxJXlQ3fHDDwfxSh4fijPAHqJMLeRWrqQ', NULL, '2024-10-14 17:56:12'),
(135, 'App\\Models\\Tool', 143, '8RUWQg2ZpbF7aShsLrhg0xw5NYI9IarmtZMQPJYsJekWuLvRxJXlQ3fHDDwfxSh4fijPAHqJMLeRWrqQ', NULL, '2024-10-14 17:56:13'),
(136, 'App\\Models\\Tool', 144, '8RUWQg2ZpbF7aShsLrhg0xw5NYI9IarmtZMQPJYsJekWuLvRxJXlQ3fHDDwfxSh4fijPAHqJMLeRWrqQ', NULL, '2024-10-14 17:56:13'),
(137, 'App\\Models\\Tool', 145, '8RUWQg2ZpbF7aShsLrhg0xw5NYI9IarmtZMQPJYsJekWuLvRxJXlQ3fHDDwfxSh4fijPAHqJMLeRWrqQ', NULL, '2024-10-14 17:56:14'),
(138, 'App\\Models\\Tool', 146, '8RUWQg2ZpbF7aShsLrhg0xw5NYI9IarmtZMQPJYsJekWuLvRxJXlQ3fHDDwfxSh4fijPAHqJMLeRWrqQ', NULL, '2024-10-14 17:56:14'),
(139, 'App\\Models\\Tool', 147, '8RUWQg2ZpbF7aShsLrhg0xw5NYI9IarmtZMQPJYsJekWuLvRxJXlQ3fHDDwfxSh4fijPAHqJMLeRWrqQ', NULL, '2024-10-14 17:56:15'),
(140, 'App\\Models\\Tool', 148, '8RUWQg2ZpbF7aShsLrhg0xw5NYI9IarmtZMQPJYsJekWuLvRxJXlQ3fHDDwfxSh4fijPAHqJMLeRWrqQ', NULL, '2024-10-14 17:56:15'),
(141, 'App\\Models\\Tool', 149, '8RUWQg2ZpbF7aShsLrhg0xw5NYI9IarmtZMQPJYsJekWuLvRxJXlQ3fHDDwfxSh4fijPAHqJMLeRWrqQ', NULL, '2024-10-14 17:56:16'),
(142, 'App\\Models\\Tool', 150, '8RUWQg2ZpbF7aShsLrhg0xw5NYI9IarmtZMQPJYsJekWuLvRxJXlQ3fHDDwfxSh4fijPAHqJMLeRWrqQ', NULL, '2024-10-14 17:56:16'),
(143, 'App\\Models\\Tool', 58, '8RUWQg2ZpbF7aShsLrhg0xw5NYI9IarmtZMQPJYsJekWuLvRxJXlQ3fHDDwfxSh4fijPAHqJMLeRWrqQ', NULL, '2024-10-14 17:56:17'),
(144, 'App\\Models\\Tool', 59, '8RUWQg2ZpbF7aShsLrhg0xw5NYI9IarmtZMQPJYsJekWuLvRxJXlQ3fHDDwfxSh4fijPAHqJMLeRWrqQ', NULL, '2024-10-14 17:56:18'),
(145, 'App\\Models\\Tool', 51, '8RUWQg2ZpbF7aShsLrhg0xw5NYI9IarmtZMQPJYsJekWuLvRxJXlQ3fHDDwfxSh4fijPAHqJMLeRWrqQ', NULL, '2024-10-14 17:56:18'),
(146, 'App\\Models\\Tool', 52, '8RUWQg2ZpbF7aShsLrhg0xw5NYI9IarmtZMQPJYsJekWuLvRxJXlQ3fHDDwfxSh4fijPAHqJMLeRWrqQ', NULL, '2024-10-14 17:56:19'),
(147, 'App\\Models\\Tool', 53, '8RUWQg2ZpbF7aShsLrhg0xw5NYI9IarmtZMQPJYsJekWuLvRxJXlQ3fHDDwfxSh4fijPAHqJMLeRWrqQ', NULL, '2024-10-14 17:56:19'),
(148, 'App\\Models\\Tool', 54, '8RUWQg2ZpbF7aShsLrhg0xw5NYI9IarmtZMQPJYsJekWuLvRxJXlQ3fHDDwfxSh4fijPAHqJMLeRWrqQ', NULL, '2024-10-14 17:56:20'),
(149, 'App\\Models\\Tool', 55, '8RUWQg2ZpbF7aShsLrhg0xw5NYI9IarmtZMQPJYsJekWuLvRxJXlQ3fHDDwfxSh4fijPAHqJMLeRWrqQ', NULL, '2024-10-14 17:56:20'),
(150, 'App\\Models\\Tool', 56, '8RUWQg2ZpbF7aShsLrhg0xw5NYI9IarmtZMQPJYsJekWuLvRxJXlQ3fHDDwfxSh4fijPAHqJMLeRWrqQ', NULL, '2024-10-14 17:56:21'),
(151, 'App\\Models\\Tool', 57, '8RUWQg2ZpbF7aShsLrhg0xw5NYI9IarmtZMQPJYsJekWuLvRxJXlQ3fHDDwfxSh4fijPAHqJMLeRWrqQ', NULL, '2024-10-14 17:56:21'),
(152, 'App\\Models\\Tool', 32, '8RUWQg2ZpbF7aShsLrhg0xw5NYI9IarmtZMQPJYsJekWuLvRxJXlQ3fHDDwfxSh4fijPAHqJMLeRWrqQ', NULL, '2024-10-14 17:56:22'),
(153, 'App\\Models\\Tool', 33, '8RUWQg2ZpbF7aShsLrhg0xw5NYI9IarmtZMQPJYsJekWuLvRxJXlQ3fHDDwfxSh4fijPAHqJMLeRWrqQ', NULL, '2024-10-14 17:56:23'),
(154, 'App\\Models\\Tool', 34, '8RUWQg2ZpbF7aShsLrhg0xw5NYI9IarmtZMQPJYsJekWuLvRxJXlQ3fHDDwfxSh4fijPAHqJMLeRWrqQ', NULL, '2024-10-14 17:56:23'),
(155, 'App\\Models\\Tool', 35, '8RUWQg2ZpbF7aShsLrhg0xw5NYI9IarmtZMQPJYsJekWuLvRxJXlQ3fHDDwfxSh4fijPAHqJMLeRWrqQ', NULL, '2024-10-14 17:56:24'),
(156, 'App\\Models\\Tool', 36, '8RUWQg2ZpbF7aShsLrhg0xw5NYI9IarmtZMQPJYsJekWuLvRxJXlQ3fHDDwfxSh4fijPAHqJMLeRWrqQ', NULL, '2024-10-14 17:56:24'),
(157, 'App\\Models\\Tool', 37, '8RUWQg2ZpbF7aShsLrhg0xw5NYI9IarmtZMQPJYsJekWuLvRxJXlQ3fHDDwfxSh4fijPAHqJMLeRWrqQ', NULL, '2024-10-14 17:56:25'),
(158, 'App\\Models\\Tool', 38, '8RUWQg2ZpbF7aShsLrhg0xw5NYI9IarmtZMQPJYsJekWuLvRxJXlQ3fHDDwfxSh4fijPAHqJMLeRWrqQ', NULL, '2024-10-14 17:56:25'),
(159, 'App\\Models\\Tool', 39, '8RUWQg2ZpbF7aShsLrhg0xw5NYI9IarmtZMQPJYsJekWuLvRxJXlQ3fHDDwfxSh4fijPAHqJMLeRWrqQ', NULL, '2024-10-14 17:56:26'),
(160, 'App\\Models\\Tool', 40, '8RUWQg2ZpbF7aShsLrhg0xw5NYI9IarmtZMQPJYsJekWuLvRxJXlQ3fHDDwfxSh4fijPAHqJMLeRWrqQ', NULL, '2024-10-14 17:56:26'),
(161, 'App\\Models\\Tool', 41, '8RUWQg2ZpbF7aShsLrhg0xw5NYI9IarmtZMQPJYsJekWuLvRxJXlQ3fHDDwfxSh4fijPAHqJMLeRWrqQ', NULL, '2024-10-14 17:56:27'),
(162, 'App\\Models\\Tool', 137, '8RUWQg2ZpbF7aShsLrhg0xw5NYI9IarmtZMQPJYsJekWuLvRxJXlQ3fHDDwfxSh4fijPAHqJMLeRWrqQ', NULL, '2024-10-14 17:56:28'),
(163, 'App\\Models\\Tool', 138, '8RUWQg2ZpbF7aShsLrhg0xw5NYI9IarmtZMQPJYsJekWuLvRxJXlQ3fHDDwfxSh4fijPAHqJMLeRWrqQ', NULL, '2024-10-14 17:56:28'),
(164, 'App\\Models\\Tool', 62, '8RUWQg2ZpbF7aShsLrhg0xw5NYI9IarmtZMQPJYsJekWuLvRxJXlQ3fHDDwfxSh4fijPAHqJMLeRWrqQ', NULL, '2024-10-14 17:56:29'),
(165, 'App\\Models\\Tool', 63, '8RUWQg2ZpbF7aShsLrhg0xw5NYI9IarmtZMQPJYsJekWuLvRxJXlQ3fHDDwfxSh4fijPAHqJMLeRWrqQ', NULL, '2024-10-14 17:56:32'),
(166, 'App\\Models\\Tool', 64, '8RUWQg2ZpbF7aShsLrhg0xw5NYI9IarmtZMQPJYsJekWuLvRxJXlQ3fHDDwfxSh4fijPAHqJMLeRWrqQ', NULL, '2024-10-14 17:56:34'),
(167, 'App\\Models\\Tool', 65, '8RUWQg2ZpbF7aShsLrhg0xw5NYI9IarmtZMQPJYsJekWuLvRxJXlQ3fHDDwfxSh4fijPAHqJMLeRWrqQ', NULL, '2024-10-14 17:56:37'),
(168, 'App\\Models\\Tool', 66, '8RUWQg2ZpbF7aShsLrhg0xw5NYI9IarmtZMQPJYsJekWuLvRxJXlQ3fHDDwfxSh4fijPAHqJMLeRWrqQ', NULL, '2024-10-14 17:56:41'),
(169, 'App\\Models\\Tool', 67, '8RUWQg2ZpbF7aShsLrhg0xw5NYI9IarmtZMQPJYsJekWuLvRxJXlQ3fHDDwfxSh4fijPAHqJMLeRWrqQ', NULL, '2024-10-14 17:56:45'),
(170, 'App\\Models\\Tool', 68, '8RUWQg2ZpbF7aShsLrhg0xw5NYI9IarmtZMQPJYsJekWuLvRxJXlQ3fHDDwfxSh4fijPAHqJMLeRWrqQ', NULL, '2024-10-14 17:56:48'),
(171, 'App\\Models\\Tool', 74, '8RUWQg2ZpbF7aShsLrhg0xw5NYI9IarmtZMQPJYsJekWuLvRxJXlQ3fHDDwfxSh4fijPAHqJMLeRWrqQ', NULL, '2024-10-14 17:56:52'),
(172, 'App\\Models\\Tool', 75, '8RUWQg2ZpbF7aShsLrhg0xw5NYI9IarmtZMQPJYsJekWuLvRxJXlQ3fHDDwfxSh4fijPAHqJMLeRWrqQ', NULL, '2024-10-14 17:56:52'),
(173, 'App\\Models\\Tool', 72, '8RUWQg2ZpbF7aShsLrhg0xw5NYI9IarmtZMQPJYsJekWuLvRxJXlQ3fHDDwfxSh4fijPAHqJMLeRWrqQ', NULL, '2024-10-14 17:56:53'),
(174, 'App\\Models\\Tool', 69, '8RUWQg2ZpbF7aShsLrhg0xw5NYI9IarmtZMQPJYsJekWuLvRxJXlQ3fHDDwfxSh4fijPAHqJMLeRWrqQ', NULL, '2024-10-14 17:56:53'),
(175, 'App\\Models\\Tool', 125, '8RUWQg2ZpbF7aShsLrhg0xw5NYI9IarmtZMQPJYsJekWuLvRxJXlQ3fHDDwfxSh4fijPAHqJMLeRWrqQ', NULL, '2024-10-14 17:56:54'),
(176, 'App\\Models\\Tool', 126, '8RUWQg2ZpbF7aShsLrhg0xw5NYI9IarmtZMQPJYsJekWuLvRxJXlQ3fHDDwfxSh4fijPAHqJMLeRWrqQ', NULL, '2024-10-14 17:56:54'),
(177, 'App\\Models\\Tool', 127, '8RUWQg2ZpbF7aShsLrhg0xw5NYI9IarmtZMQPJYsJekWuLvRxJXlQ3fHDDwfxSh4fijPAHqJMLeRWrqQ', NULL, '2024-10-14 17:56:55'),
(178, 'App\\Models\\Tool', 128, '8RUWQg2ZpbF7aShsLrhg0xw5NYI9IarmtZMQPJYsJekWuLvRxJXlQ3fHDDwfxSh4fijPAHqJMLeRWrqQ', NULL, '2024-10-14 17:56:55'),
(179, 'App\\Models\\Tool', 129, '8RUWQg2ZpbF7aShsLrhg0xw5NYI9IarmtZMQPJYsJekWuLvRxJXlQ3fHDDwfxSh4fijPAHqJMLeRWrqQ', NULL, '2024-10-14 17:56:56'),
(180, 'App\\Models\\Tool', 70, '8RUWQg2ZpbF7aShsLrhg0xw5NYI9IarmtZMQPJYsJekWuLvRxJXlQ3fHDDwfxSh4fijPAHqJMLeRWrqQ', NULL, '2024-10-14 17:56:56'),
(181, 'App\\Models\\Tool', 71, '8RUWQg2ZpbF7aShsLrhg0xw5NYI9IarmtZMQPJYsJekWuLvRxJXlQ3fHDDwfxSh4fijPAHqJMLeRWrqQ', NULL, '2024-10-14 17:56:57'),
(182, 'App\\Models\\Tool', 73, '8RUWQg2ZpbF7aShsLrhg0xw5NYI9IarmtZMQPJYsJekWuLvRxJXlQ3fHDDwfxSh4fijPAHqJMLeRWrqQ', NULL, '2024-10-14 17:56:57'),
(183, 'App\\Models\\Tool', 81, '8RUWQg2ZpbF7aShsLrhg0xw5NYI9IarmtZMQPJYsJekWuLvRxJXlQ3fHDDwfxSh4fijPAHqJMLeRWrqQ', NULL, '2024-10-14 17:56:58'),
(184, 'App\\Models\\Tool', 82, '8RUWQg2ZpbF7aShsLrhg0xw5NYI9IarmtZMQPJYsJekWuLvRxJXlQ3fHDDwfxSh4fijPAHqJMLeRWrqQ', NULL, '2024-10-14 17:56:58'),
(185, 'App\\Models\\Tool', 83, '8RUWQg2ZpbF7aShsLrhg0xw5NYI9IarmtZMQPJYsJekWuLvRxJXlQ3fHDDwfxSh4fijPAHqJMLeRWrqQ', NULL, '2024-10-14 17:56:59'),
(186, 'App\\Models\\Tool', 76, '8RUWQg2ZpbF7aShsLrhg0xw5NYI9IarmtZMQPJYsJekWuLvRxJXlQ3fHDDwfxSh4fijPAHqJMLeRWrqQ', NULL, '2024-10-14 17:56:59'),
(187, 'App\\Models\\Tool', 84, '8RUWQg2ZpbF7aShsLrhg0xw5NYI9IarmtZMQPJYsJekWuLvRxJXlQ3fHDDwfxSh4fijPAHqJMLeRWrqQ', NULL, '2024-10-14 17:57:00'),
(188, 'App\\Models\\Tool', 77, '8RUWQg2ZpbF7aShsLrhg0xw5NYI9IarmtZMQPJYsJekWuLvRxJXlQ3fHDDwfxSh4fijPAHqJMLeRWrqQ', NULL, '2024-10-14 17:57:00'),
(189, 'App\\Models\\Tool', 78, '8RUWQg2ZpbF7aShsLrhg0xw5NYI9IarmtZMQPJYsJekWuLvRxJXlQ3fHDDwfxSh4fijPAHqJMLeRWrqQ', NULL, '2024-10-14 17:57:00'),
(190, 'App\\Models\\Tool', 79, '8RUWQg2ZpbF7aShsLrhg0xw5NYI9IarmtZMQPJYsJekWuLvRxJXlQ3fHDDwfxSh4fijPAHqJMLeRWrqQ', NULL, '2024-10-14 17:57:01'),
(191, 'App\\Models\\Tool', 85, '8RUWQg2ZpbF7aShsLrhg0xw5NYI9IarmtZMQPJYsJekWuLvRxJXlQ3fHDDwfxSh4fijPAHqJMLeRWrqQ', NULL, '2024-10-14 17:57:02'),
(192, 'App\\Models\\Tool', 80, '8RUWQg2ZpbF7aShsLrhg0xw5NYI9IarmtZMQPJYsJekWuLvRxJXlQ3fHDDwfxSh4fijPAHqJMLeRWrqQ', NULL, '2024-10-14 17:57:02'),
(193, 'App\\Models\\Tool', 132, '8RUWQg2ZpbF7aShsLrhg0xw5NYI9IarmtZMQPJYsJekWuLvRxJXlQ3fHDDwfxSh4fijPAHqJMLeRWrqQ', NULL, '2024-10-14 17:57:03'),
(194, 'App\\Models\\Tool', 61, '8RUWQg2ZpbF7aShsLrhg0xw5NYI9IarmtZMQPJYsJekWuLvRxJXlQ3fHDDwfxSh4fijPAHqJMLeRWrqQ', NULL, '2024-10-14 17:57:04'),
(195, 'App\\Models\\Tool', 60, '8RUWQg2ZpbF7aShsLrhg0xw5NYI9IarmtZMQPJYsJekWuLvRxJXlQ3fHDDwfxSh4fijPAHqJMLeRWrqQ', NULL, '2024-10-14 17:57:04'),
(196, 'App\\Models\\Tool', 11, 'DCONldzgociYRPvUhg8bPsxjtsWfYxZ8A9IJj6LjfrFfAmbqWjan256BqBYH3rS3wDa53MHE9z8Xnsj4', NULL, '2024-10-14 18:06:50'),
(197, 'App\\Models\\Tool', 11, 'DByvCIL9XjNcJEiFFugtt8eW5ZzMsfd6OszrP6Y8ORSXt2ThSgqTopjj8A96XiiS4qxLyPAYTbBAkoGS', NULL, '2024-10-14 18:07:44'),
(198, 'App\\Models\\Tool', 12, 'VEq1lgPLjkpds1XDD86gNNWiLv8DMlo90vswwS3aZpejK5XLcoeVNA7FoFXTPQKN8Fh1UlsUs8HRWHFx', NULL, '2024-10-14 18:08:07'),
(199, 'App\\Models\\Tool', 12, 'ZAPt3oJD8Z8VwBxvyN0jVbVFyPUrswhEvUX7woVvFH1wA2dVRiikqjUdVV2lS1fTzM8hF90cKAdELMST', NULL, '2024-10-14 18:08:23'),
(200, 'App\\Models\\Tool', 13, 'AEqB10wQh025G2bTTpX5OE30HnDqVYRkajyl5D1AuAcURu9dFgSHQAoGs0XnuM5EeJm0KE9ugJEVT6FC', NULL, '2024-10-14 18:09:54'),
(201, 'App\\Models\\Tool', 13, 'bj3CocrKXoojmIhriofOMc3X6iPUflcIyIPJElFGFV8KhWj5gcgCaX9Fm2gookfA3BSkyfzQBn6J6gG9', NULL, '2024-10-14 18:10:11'),
(202, 'App\\Models\\Tool', 14, 'AtSX8oA5DAMX5ClsqFfargYbxAmo8eQxBCiJQrO4XYIUKT77iOCYKnsJGoTr49vWRHpoghKkoM4mhfM4', NULL, '2024-10-14 18:11:01'),
(203, 'App\\Models\\Tool', 14, '4Z1r4BUX2p39mgKZHqJPdIhGO9VGFZpjSrOaS4EhbW4yJIeQFf9jjmaMT5mjm8B3HYYWbdz6bLNXEzNI', NULL, '2024-10-14 18:11:09'),
(204, 'App\\Models\\Tool', 15, '4O6YMPYqDdxioWbt2lJWQqAhgkozV6ZiqKLPRWqd13i8zdNmEGGzVbo9rQnVtxZe2vplF9tbXDF5dCNa', NULL, '2024-10-14 18:11:30'),
(205, 'App\\Models\\Tool', 15, 'NV7ZtcyyElaUTvWI7ca9a87DUzS3MlJIcNH2DQzTDhyQVoXusqRfhyvFMz7cTNTylHTChm2MjDFt0bPa', NULL, '2024-10-14 18:11:31'),
(206, 'App\\Models\\Tool', 16, '3VS7CgEMaOdmqDEasLvyHDeA63GApbebZcpU7JJtRPooHeMD62vGAyMrlT4f4jvLyxNz3YSpT2Fi1FHT', NULL, '2024-10-14 18:11:33'),
(207, 'App\\Models\\Tool', 16, 'kKTcPPKbRQ2bQrY5JoFWlx2O0XBlMoc0Tu2j6RM6haFPQU2Bf1ebV0H7Z1OSSlfcGFgvuOwx1px9xUSh', NULL, '2024-10-14 18:11:47'),
(208, 'App\\Models\\Tool', 17, 'lz2PTIoJt9EJEmzTKlReyc4CpNtXvRxsRgL938FXR9rAX1oAPEWN96EA85kLATWDBAAzB9nJnIGHO3pr', NULL, '2024-10-14 18:12:08'),
(209, 'App\\Models\\Tool', 17, 'HUHxbCNdjuAA5GGpMR1K48MeP2eTUIxkeZjLxVI7XRq3AtQkZiElVWrI6oh9SxTjBRtDwnQYSqODUlGP', NULL, '2024-10-14 18:12:09'),
(210, 'App\\Models\\Tool', 18, 'Ca0e57noN8L673y290avyywC5QHxBxq94OFR7Lu8BBJcprYyn62o0QZ5F3QNjkOdZTZrrCZpSyy2GE3Y', NULL, '2024-10-14 18:12:18'),
(211, 'App\\Models\\Tool', 18, 'wJt3ArKL5o92RCTEx4IR2MVwjoSAGhxjbVGDlhj6WHnnS1jqEeEThTgXLFBSXx9FdUzfQCPV1VWPyM0K', NULL, '2024-10-14 18:12:25'),
(212, 'App\\Models\\Tool', 19, 'LVYAqagJprn3p74IrFmTLsf2S1gTADWQJJgkSAomJ88FXtBR5KW79d33aJhsLovCXPSd9AwMVzxjVDuy', NULL, '2024-10-14 18:12:45'),
(213, 'App\\Models\\Tool', 19, '450Fmq1cywcrRbS8MrDtpTlvHC5UmEqIUjBT6m1PkmTYP2oSc76gipjz1Nc7NoH5Gn5Lx2YTOkjmKzdh', NULL, '2024-10-14 18:13:08'),
(214, 'App\\Models\\Tool', 131, 'plXXzXkF0DKmNRZpC07P7adYRzy4qf5e8Mx099r08oA6tNAasUgU1KtrOhbmxpiFdlwghRgULmpQi3j8', NULL, '2024-10-14 18:15:50'),
(215, 'App\\Models\\Tool', 131, 'FDpHpRLH6T9W14UEsORVbqw0ltjFjP0Fh96Wuh3jyJzULkPzFyRbFvKNq9D3XP8Zp5rGzkzGLbJ4cOKu', NULL, '2024-10-14 18:16:07'),
(216, 'App\\Models\\Tool', 139, 'I63zZgOz0x1MRAwM9fHafFxUYXC6N7PphQtsLgEly5sV8IBVtHAqmQEDTBWZOl4MaMaSZsV0VoWMFvrs', NULL, '2024-10-14 18:19:31'),
(217, 'App\\Models\\Tool', 139, 'USL3JhKeLhlnDeHRFFjGAUzeGxLJaJBIDUcHMzHq0tX9a4ihidCYvTvNj7FEuRMx9yvKfFSYxQq4QyfZ', NULL, '2024-10-14 18:19:37'),
(218, 'App\\Models\\Tool', 119, 'kl4LccuUsUJN5HdUffZmgGcvtQMzeay5qiT4nJO7izJVUGHpCWSpO0wnz2wvhd4RnSNKc2DgQp4X9ASF', NULL, '2024-10-14 18:21:22'),
(219, 'App\\Models\\Tool', 119, 'HjIQicXCdkWQQHiIH6600mKzpQxkxg8v5IKEajvSIaSS71CQCmsJVk1xDqkGb94M1pMBbQDbyo8cDyk0', NULL, '2024-10-14 18:21:31'),
(220, 'App\\Models\\Tool', 120, 'kQaplBMHdYeldFgpF5ta60Vy0NtsD8zohqg8LjgtEvcDnoKsjv0w2EJHpJUpAVCWVXQMgndswaHRHGy3', NULL, '2024-10-14 18:22:12'),
(221, 'App\\Models\\Tool', 120, 'c1GPFSz6XbDAFjHe6M1hIxsdmK5pGdIEe8wZcSQXidlJHEQRC5jJDrzEAhGnTO80jo6kp65Cya28xlYl', NULL, '2024-10-14 18:22:43'),
(222, 'App\\Models\\Tool', 121, 'TIe2W9P9LmCJVPTwIoX7nNJxypHuGN1HZrhavTJw5lsfMlsfJhEoOzDufYJVumCfABi2bKtzY4wniq9X', NULL, '2024-10-14 18:23:32'),
(223, 'App\\Models\\Tool', 121, '4VRyA9id4pEu8tSyvicLN7EzJWxgTzIn5GDUDVnTZNYBnGj3JEEjpvhZPH7QxUlY8TLEhd29VLajGSKB', NULL, '2024-10-14 18:23:47'),
(224, 'App\\Models\\Tool', 122, 'Pw4PegKcSodXs9p0ST3gRRz9nCq3WiOeAzaTWuUCSt0BHZMZa10TutoZGeLMU1heHAkNil2vRBiavrdw', NULL, '2024-10-14 18:24:01'),
(225, 'App\\Models\\Tool', 122, 'we1Q7ZDgo497ZycmjlkInCu7F2cCD92BInsm0Oo94aNVjESqAlZgYQwi26Pb0yWmPPWr4sk80s8KAS2j', NULL, '2024-10-14 18:24:04'),
(226, 'App\\Models\\Tool', 124, 'KTntnvKE4cYABbakMTy3VOyAUwqYn29vHcpRSwzVHtQEfaV6NcM9Rj3ggZ3g8eGE6zcnE3iSKGoRO23d', NULL, '2024-10-14 18:28:11'),
(227, 'App\\Models\\Tool', 124, 'z4dr4jcF5Aat4oK2ZVG6kT5sgwlO9z2svyyKhWxNICOB9xeHKEp1dMTs01wjytwggCxPf4oLp4VTZNMs', NULL, '2024-10-14 18:28:20'),
(228, 'App\\Models\\Tool', 140, 'PZhteJ4Qk2Cjx3InSUByofmyXamy3E7qNISiFovK3nMPwhuFUUTmLv5EOrBXLjqZYRiygT1UhKDDqDKF', NULL, '2024-10-14 18:29:04'),
(229, 'App\\Models\\Tool', 140, 'ryIbTu2k3jc1ODH39BphtS5N0RXZ0050xPPcxBuj5DPjwLW8psedTRfBVRaRN6LHoqNWy0VWADwkKK1H', NULL, '2024-10-14 18:29:56'),
(230, 'App\\Models\\Tool', 113, 'aiHzkxDFR4LO7CaeWJMAnJ0IrO95wd2uv2BwbtBviJrr4xz3aItF1qC6Wieg4mx7cwrUNIFkySmxRQod', NULL, '2024-10-14 18:31:38'),
(231, 'App\\Models\\Tool', 113, 'QXseVKoG1mR9UyODqQrGEeEy0uEA4vSH8Quw5PRXsPSERxZTt8K1bIw9R2BL25uWTQ3khrAy30C0jEZb', NULL, '2024-10-14 18:31:42'),
(232, 'App\\Models\\Tool', 114, 'J8Hh2RdYGBWB6sciGuWLAsbfOvhUlE6votTyCySBiRErDBSos5UnzNQvgl4Olidq9tkHx8aQldmUWfzY', NULL, '2024-10-14 18:32:36'),
(233, 'App\\Models\\Tool', 114, 'hDWu8dvYrlmxGvAJATzjlnVaewlNJ0HkvTwtysLhsQXzQtTej1tOFTlzKBX5YAuNBqk3PFhTX4ZkCjaR', NULL, '2024-10-14 18:32:48'),
(234, 'App\\Models\\Tool', 115, 'DcUcnBhv86uevk9WaJn3RzGb3zLjwyJErJezLLO7XT2M45D93Wzekh6PLnpfphXZATAElUJiqe0mkEC7', NULL, '2024-10-14 18:33:03'),
(235, 'App\\Models\\Tool', 115, 'WAPkUMYXwQIl5cftPPh91Pfs7mCJsLZUVP6Y5hWeJLLpuOIas0Bqae0f0skpCAkq8FDELbg8dfp26Kz9', NULL, '2024-10-14 18:34:39'),
(236, 'App\\Models\\Tool', 116, 'vp17DWlcHdyykHEXig8mnrwqQ1yJUbLWmyYplSDXvwN4ow9trAS5FcyLuXoeW5cG4teIhXEclrCDQHjE', NULL, '2024-10-14 18:35:06'),
(237, 'App\\Models\\Tool', 116, 'TBGya6X69oOKy3nnjvWVNaTodzg1R3uRerzEhXJmGohxjTyPnR9tUROsloIoROw0QiS0kuYHigSZjZJ7', NULL, '2024-10-14 18:35:34'),
(238, 'App\\Models\\Tool', 117, 'W8Tp8OTb3EcDLHStaH9wABRrSxqiIhQTutQE0IFqJOwaa9fjtmuDu3gCKBvcaAp5QEITvQi1jpNhSXux', NULL, '2024-10-14 18:37:03'),
(239, 'App\\Models\\Tool', 117, '7CfXaZjTWAMVpaGWIfs77Lua7Tld2k5WciULBg2YumBstmqJIa3HoD7O8dh5cIguOt5jmYO04VA7WwRJ', NULL, '2024-10-14 18:37:24'),
(240, 'App\\Models\\Tool', 118, 'E8JX3KkGxXwUrvNGMToh0DO9C6QcSPno1sZHRhuS0343LgsHYc8MyWZMOo7d2RBnDfGX8wvKGqr57mHS', NULL, '2024-10-14 18:37:35'),
(241, 'App\\Models\\Tool', 118, 'SboWDPWUTH77qa9DYmaDRvmlfFnUSCVLTlSoPLbZ6WjCkhYfnLMSkFHGNRx6Dcr4ASHwlABuPtJDIicd', NULL, '2024-10-14 18:38:39'),
(242, 'App\\Models\\Tool', 86, 'hkmO4bymgvLq9TzjVdFdepudBpdUKo4aanPIznbSaToLUHr9zLMLxaDYRMnulMLl8di8bJanRsa9uU03', NULL, '2024-10-14 18:42:32'),
(243, 'App\\Models\\Tool', 86, '2oRmgN5caeYCXCSaEcsJ5xsvGNlaGVXr5UkwlFW3ookbPVkhUlSqVe7LnqWdgrVpYBXQ0PLwnTf7iyE4', NULL, '2024-10-14 18:42:34'),
(244, 'App\\Models\\Tool', 87, 'YJmWqP9FjOizEJGU5e065aVIB9vw7oiY9hR9stUTddDPVZfMPRvrGYkJIsV8Y2WF4UNtFOFjFLwqIxHg', NULL, '2024-10-14 18:42:46'),
(245, 'App\\Models\\Tool', 87, 'EE4no3kSR31z2gfWtSAKJjn6jWDTev7G2mLbPJwar870TpiboghvTm9J1EHw1ktftodiCT5JDOdrKnkm', NULL, '2024-10-14 18:43:08'),
(246, 'App\\Models\\Tool', 88, 'Y4HkQeGCluwcR97kNTvaPptAZZf3gOzeenUq8vmY2LS6C2UZd6s5N0RnLf1rH8sAtK8kZAMfBNJznbSx', NULL, '2024-10-14 18:43:12'),
(247, 'App\\Models\\Tool', 88, 'fEJ6z51Bvf5xO1xJSBDGqFhUxt4Hyc2VZSq3ZvcME8z6pCgXATykSowOwdT1QJTGo5CuvlsKWbv7NKwT', NULL, '2024-10-14 18:43:23'),
(248, 'App\\Models\\Tool', 89, 'nyutcPhigaGgTRKoS4vGhT8R1hNTaoYhcIsXSDVG1MSoGwL1vuHmTCUFIO5YEk6ojxwtCkMt7alSeUPF', NULL, '2024-10-14 18:43:28'),
(249, 'App\\Models\\Tool', 89, 'Tqri2cHpMgARIdAK5nsCFCASHk9mQ0raKlTibohzbUGCYOwIeIw8CavbuSjZrlF8lE3efAJPdhP5L3lB', NULL, '2024-10-14 18:43:30'),
(250, 'App\\Models\\Tool', 90, 'C5zj71ER2zdBjt0SEvVSDsfXg3b3izEzTTckgrk01fTdG2ImrXWua65aRby92syUXT712zxftDVCAVIB', NULL, '2024-10-14 18:43:37'),
(251, 'App\\Models\\Tool', 90, 'P9t1LG4PFQJScCSfjYPmhXk3nED1vVCs45vV9Dotzwzw4Ay12eQiRXzpmnVY4VytSdWyXI5cFDyQJVsj', NULL, '2024-10-14 18:43:47'),
(252, 'App\\Models\\Tool', 91, 'cSF22BNctxFRpWxEuBQGVEWfWRtRPzA48DF4bJkTKeVVTDVXyegMqYr1unYUOSz7TinWeR9gCU6ksnTI', NULL, '2024-10-14 18:43:51'),
(253, 'App\\Models\\Tool', 91, 'NefIADYeDhf1lDPUQeoznM8b5nNYzuJI1r1MCVZkPF6EklwKCEKfvVXlTlE1wgWp6rhFXE0drWJSjTdT', NULL, '2024-10-14 18:44:12'),
(254, 'App\\Models\\Tool', 92, 'OTF544UXM8JJqpz6ekkvAjrKOY26GqOsJC4yuCLP6olepvUlCWhg8uA60Vtx2mhgquAaFnn1JL5g8I7L', NULL, '2024-10-14 18:44:30'),
(255, 'App\\Models\\Tool', 92, 'aFjDyH6IXgqMFLCSkbVMPJqhuvY2TYLSS1zLEwNbJQNk02gxcTdWEDikma4UEIZGs9eZUxlxafv7nECI', NULL, '2024-10-14 18:44:36'),
(256, 'App\\Models\\Tool', 93, 'URAizaWynghtrHhhrTNVzjBniXIGo8Ej71DAUAHuRDOkWMWv7dtytWVNCtvdCevebI9fO82ySRIZ1PBJ', NULL, '2024-10-14 18:44:42'),
(257, 'App\\Models\\Tool', 93, 'WEvvvrrjZy6QN8cewWSDPF95ule6orJmgKyKQfyN981ivlcUNkTDXWFmTZ2THcK6IwcWKpAMIri83Oud', NULL, '2024-10-14 18:45:07'),
(258, 'App\\Models\\Tool', 94, '2wWY5NxWv7AVrvoE2uKmPhqIc9IW0sTQ636xEfi4cPlAlPrUBDwEhH0fbfPMBw5oyTJP97KvDyhRnTIY', NULL, '2024-10-14 18:45:20'),
(259, 'App\\Models\\Tool', 94, 'mfW1W4crTMtVi3kOTOK3H1boeCh7xxwOY7sDvWvCvxOLmtn2RefFR8Jpq5Z9LYnyzoFu2Maq4uXuNRUb', NULL, '2024-10-14 18:45:22'),
(260, 'App\\Models\\Tool', 95, '1GTCivTecrWSmo2szl4AhnP6UJK5rrgxfSlNTwTGmlTdiSIR5Rim9h9WSvIsnam5XYoHaLZJ6eTOOWTh', NULL, '2024-10-14 18:45:30'),
(261, 'App\\Models\\Tool', 95, 'Gk0kXgFcUY08o3n7VfXmftDFhwigNwNFq8WYj5V8a1Zik3xAexmuXLNzSq5YnVTLtGRgfCkKt1ThBKvi', NULL, '2024-10-14 18:45:36'),
(262, 'App\\Models\\Tool', 96, '4TYbhvJeOpTtOrloA1pAZOrGvbFAOXmNUB527lYFKueO9f4IMGVQ1zB6zEn8FBr9gMLylOOGdBELaYe0', NULL, '2024-10-14 18:45:44'),
(263, 'App\\Models\\Tool', 96, '9TmrRDsP8HSP7fMGbqPVDj4RunZd7lpbQpr3kvsGnKosNuLIsr4BGGARFOTtsTCecCL0KmvJfIbgvr84', NULL, '2024-10-14 18:46:04'),
(264, 'App\\Models\\Tool', 97, 'Y6TDaCxf2cETkkIKNCgm8CZtnL80l4HLOa8wmi8Tjv6YXlFlKloW2Cm0FnlOLAAoI0rYPHoxwQKSCMLR', NULL, '2024-10-14 18:46:29'),
(265, 'App\\Models\\Tool', 97, 'VyBgzCJGz3sE9D3TgzHzmG7gNlnbbhrE0I1pC4pVPImlITwkG0qEWeU855M288voYxzOLL8bzpp1BjO4', NULL, '2024-10-14 18:46:32'),
(266, 'App\\Models\\Tool', 98, '081xkDbgO7Y2KiA8fR4MpBOzc75ymxjPUQ53UWvQuZHECbceYx1tNhox9oSB9UCjSGDyuiI7Ek78WWZx', NULL, '2024-10-14 18:47:44'),
(267, 'App\\Models\\Tool', 98, 'dtBBmFwwxOfe8OoM1uVj44TjoStnzNcjwN6Bx6jixx6XaNzzbah46mJkewvnjquJNe95VXZZuKPgJ2ai', NULL, '2024-10-14 18:47:57'),
(268, 'App\\Models\\Tool', 99, '0MofcWgvCukGXplFfgQE3o9jbh0wWqgDajmKg8e2txP2rpx6gNIS7qdaFYJ2a3f1Uy3lGd7TFKbDapAa', NULL, '2024-10-14 18:48:02'),
(269, 'App\\Models\\Tool', 99, 'XQ2WX4DsJfv75M0uTa4VCR3orLHtOixz4HhDxqOAnQEczIsmsBeenXcC1eS5C7SiaIuWlXsl0LnMkbqK', NULL, '2024-10-14 18:48:05'),
(270, 'App\\Models\\Tool', 100, '0o1Gr4KGtfkHBlk3Tx7VpuWrt0SBA9eFSrRTMCLY0PIzY88drVXObAud5yeYms1Ld4LsVzCtA47AxLXy', NULL, '2024-10-14 18:48:35'),
(271, 'App\\Models\\Tool', 100, 'c7bGZNo3nCel5sW40qsibrRctopCXppOK004ccTP0dvBQBehar4XlF9QOGx4mJjI7mQoathsq3QNjDRC', NULL, '2024-10-14 18:48:46'),
(272, 'App\\Models\\Tool', 101, '6b1SVrae4XUNknS14bJQR2NDlMscypSdaY3qnXO8i30FQ2AlKf2Dm8Dbo3Jo5Hy3KJMmYcPqZcFVAuwh', NULL, '2024-10-14 18:49:07'),
(273, 'App\\Models\\Tool', 101, 'PPcHYCIva2hLWUnz38xEeSgsIE7PDUJ7GITS7OzkS3vkUXfz21cXQP2Rodjfee6W8f0rrbDpxGs13lVd', NULL, '2024-10-14 18:49:13'),
(274, 'App\\Models\\Tool', 102, 'xYqtCaUih1a97kWm9qWkCU5EUbcxlTK0tRo42wksagOB89E04LbUG7a4qH9vIU7d6mMnuRGqyvWafqlJ', NULL, '2024-10-14 18:49:40'),
(275, 'App\\Models\\Tool', 102, 'ZOQBgi75u5xKZokEt6eQXLGMuL2l00DhLZDsGQkbuEvP4RuIid9NSKiFNif87I4U7hSwI8yrCcqekbqD', NULL, '2024-10-14 18:49:46'),
(276, 'App\\Models\\Tool', 103, 'JAs3UK7zb9meO1fH5I4oGqd7Saik3BKc3L1JQbcRwsguSqfKA7qDmB91y5gJTOqHv2tDfK9Clnia06kI', NULL, '2024-10-14 18:49:52'),
(277, 'App\\Models\\Tool', 103, 'VPvSyamZuNZbkG8C0CfLpZguLlw1lrVmPNPsVMYzFi8DXLxu7li60wmjDBPEUBSLXO34jrRfUXqEomSv', NULL, '2024-10-14 18:50:07'),
(278, 'App\\Models\\Tool', 104, 'HHtktcmWPeAKCU3npjNhbAVROUgLFmFN93fuBtBr3e3kwjEVIfmtpWznGDs2cKThwZlaZm0tOt7uMLP0', NULL, '2024-10-14 18:50:10'),
(279, 'App\\Models\\Tool', 104, 'WKlH9IwE06DNNwM4S2BG5Zyu1BlrVpdad6iAyLO7vCUZcXh4rfxHqerkKOt6ii2gISNLm2uceem0j1o8', NULL, '2024-10-14 18:50:33'),
(280, 'App\\Models\\Tool', 105, 'c2VmEu1s7En4qscTL55PPAz70YeKKspqPFXWOiCiQHiFbB7CZZXcbp08vhMm5ZNNEercGRvxFpGR3leM', NULL, '2024-10-14 18:50:36'),
(281, 'App\\Models\\Tool', 105, 'TSfZQ0qTpgodQhJ9NRNgkbC6NCJo1so3VIaitcvGmT1RPKYdsvRR7Inj3lfxONvOkBmFfQ5HsAI2sGMH', NULL, '2024-10-14 18:51:03'),
(282, 'App\\Models\\Tool', 106, '5GHjmE5c0Ryn8bdFwHwgyAMS5YR1dUFCgVTxkxcII6otDNMxo3HY7k1eZGzeZ8mnf8RarJpWc6j7HmWK', NULL, '2024-10-14 18:51:20'),
(283, 'App\\Models\\Tool', 106, 'R5AaHp8CWQTk6XexXLmutJfDwzivWBfn9I4LAJlMDqZKU5uGaxFc6KFOZAUmrjU3EVIhePnQclEmLUb2', NULL, '2024-10-14 18:51:24'),
(284, 'App\\Models\\Tool', 107, 'bG6jhNBcmGqGuhZz0ILSMv76NyNzSeijZ1APQN0m7OxJALI12IsvaQbNsdGiG0Adyb31cGOBcUftXqsV', NULL, '2024-10-14 18:52:53'),
(285, 'App\\Models\\Tool', 107, 'jHRiUxFK2dqJYifskES2flzXu2lwEkudXEoKENO6iIxdTSTwLuu0Cj9LDG3eYb8O5eT93Md5GbW5rusF', NULL, '2024-10-14 18:53:38'),
(286, 'App\\Models\\Tool', 108, 'AUhK9WOJFnfnzVpTSALChmdKsDqdaTKD9PrjB8uW2RoSeyg8JW3GCv38yVUvrDpsDd7XWDf6yMgyLuOT', NULL, '2024-10-14 18:54:33'),
(287, 'App\\Models\\Tool', 108, '5hzKFPzYLDzEtRfkYYtNnEeqSkUjTdvu43c1oxB3W6DNUFIxiYITaejgD8iMme8Sk1iSAqgDoiGnycLn', NULL, '2024-10-14 18:57:11'),
(288, 'App\\Models\\Tool', 109, 'K0YSlPNMqhRWm4TH045bbuSDaS2BMeeGSGU7LlhIZnVgCVHgC8FL9YHhaerrYhT0YSVqgKgJaYswny2a', NULL, '2024-10-14 18:58:03'),
(289, 'App\\Models\\Tool', 109, 'v3gL6Z6cIDEx66MLZqgt5P7iCyoWKRxJm0dihhGXu0tlUko5hlahBNlAzhXVkKlJ0ey56tnbH1OX63JY', NULL, '2024-10-14 18:58:21'),
(290, 'App\\Models\\Tool', 111, 'QwfcPzfLJEdKCdAnJHFgpZXWNpgzY77dTqkChMVzKoCmnXf7RxXizp0GQDCSiomOWAzorVvvRqIV6HRA', NULL, '2024-10-14 19:03:04'),
(291, 'App\\Models\\Tool', 104, 'AP4FwcfGpWQszAaQTJaWxouwFPnNahN75MLwNhnZF4dZhoSTHLI5WjDNH9bMn53HMSMQHcCefXVQFBnk', NULL, '2024-10-14 19:03:16'),
(292, 'App\\Models\\Tool', 111, 'W4RnfdD4fKDb4VDMmYmUHyfSOeteQJO8eZYtN1dzZQCbeLlVBU5rbeB0xAvm38D2ajOc2c3fVhAc38Ud', NULL, '2024-10-14 19:03:20'),
(293, 'App\\Models\\Tool', 112, 'APqZmq2jp230aduWJPRHhrVHhjvOxzobjVmpoPPkfWVfitrbXHKlrZcRCtdhz6aJ0WxCL7QfDqkS0TDq', NULL, '2024-10-14 19:04:37'),
(294, 'App\\Models\\Tool', 112, 'RfDWXMJhArOmFgRE3mshQgmNoVHSL9CFxiO8mpTu9VWWqBVXBcUSIKYZSuB8C2GhRNxYBaia2N2EnXcL', NULL, '2024-10-14 19:04:52'),
(295, 'App\\Models\\Tool', 151, '0aNG2l815GEUJnwt46gAhRe7Pg9Ec0ZXAEKhmhG3FQGa93CySPPrkkPIRNnGsFhyeN0AAvNRtoyoDQWM', NULL, '2024-10-14 19:07:08'),
(296, 'App\\Models\\Tool', 151, 'rArEoKwQY9UyNm0KODwchpAQHVQa3F6jyuuPav3Omng1FQiQ9uGD6d9JONlMS1G2xeqvGgYKnNK83qcW', NULL, '2024-10-14 19:07:52'),
(297, 'App\\Models\\Tool', 152, 'OhmcEZgIzluC9z5CBHtUOSsW4nbXj1Qw5JCv4njtBB6dMtdf06sn6qDifhB3XAtuyaSf3DPRdMyqw7Zt', NULL, '2024-10-14 19:08:06'),
(298, 'App\\Models\\Tool', 153, 'N1b3aUiwW8Aw1krAnxjiWr3vw48WlXZSJ3WTlDvfrsIhwcXguh8gMKNtFXMaVWRXEHlbq7KZlQ6Ue1U0', NULL, '2024-10-14 19:13:08'),
(299, 'App\\Models\\Tool', 153, 'oGCRgeqJhTwQLQ3Hg77cVs4jgQ0lD5YeBHlofhFx2U1OtxY0tsFR9pfgnCAhH3mi9FGGavyukFgWa5So', NULL, '2024-10-14 19:13:12'),
(300, 'App\\Models\\Tool', 1, 'vLsoTrdB9BBw2LbE3elmkvaLkfdkOIzQikA6HynolzbydZQekAqRCViZSS2lNXyqT41h6SME2O8ewdfI', NULL, '2024-10-14 19:14:35'),
(301, 'App\\Models\\Tool', 1, 'I0SrolE0rVNTjY8cd8g5IXFdnog7AQp1rXTwRHo82xXLfVyC6d1WtRB8j6deTldB9KZAPpBbWUvJwYjX', NULL, '2024-10-14 19:14:43'),
(302, 'App\\Models\\Tool', 2, 'RTX2Zj15IQ21HPDDGUyxAbIZ0NUs4VFXfvu43mIwYIWRG0sCb3lUwGMKh0cR6XFjZ4Qq2vKoVicrKfdr', NULL, '2024-10-14 19:15:30'),
(303, 'App\\Models\\Tool', 2, 'g5AxKbFyQTSIAqlph5W4nwOxvW2Xex5fa4l2UHJ0aoNWjFVX3407JrBUjjLk9gINlNJF48KBKnbDILsk', NULL, '2024-10-14 19:15:46'),
(304, 'App\\Models\\Tool', 3, 'wYHNmzT2Ax4UoSYvm9iihounfY2JdbG7cgWiou8jnzk21JdgUkPtRgdvCUtkPUKZVZ4QrZL2zhwZ6GNy', NULL, '2024-10-14 19:16:42'),
(305, 'App\\Models\\Tool', 3, 'vtpcIn6zPh0ZoYrz8TsmdFjvIQPpkhr0YAFmE0O63fXdlVjbeVDFopgJCaZaMx7BMdOaofK698Fox66l', NULL, '2024-10-14 19:17:59'),
(306, 'App\\Models\\Tool', 4, 'iipDO3Q2kIzGmxXufQCKRJWPyq7viJvsVueUhyMq9xXh3T2peFoLKlw7uj3Fmqe1GOqsaNJfdxMbcSCZ', NULL, '2024-10-14 19:18:34'),
(307, 'App\\Models\\Tool', 4, 'P9DPFH4PjtQXY8iIeKO7mlGWs4GLmdSuRYWLhEOUB9tTA2G3sPEPwMZN1OdfRcxk2IvIRUOGsFAXuyYk', NULL, '2024-10-14 19:18:43'),
(308, 'App\\Models\\Tool', 5, 'q9hu2KKGofzVQbtrZkvlowo45z5YfcB2x1OmWms8CwAw0lHfymUKKVqH8Ts2EQIZJlGI1TQft05snrOb', NULL, '2024-10-14 19:22:34'),
(309, 'App\\Models\\Tool', 14, 'AP4FwcfGpWQszAaQTJaWxouwFPnNahN75MLwNhnZF4dZhoSTHLI5WjDNH9bMn53HMSMQHcCefXVQFBnk', NULL, '2024-10-14 19:23:25'),
(310, 'App\\Models\\Tool', 5, 'BNKK7SSdfMIHqTun0xhtqrgKIZlg9fQEa7OeHvKGTsPNMzX9fwtU4uLoEqmR4iHzHJc9ZRUMcftMKKdU', NULL, '2024-10-14 19:23:25'),
(311, 'App\\Models\\Tool', 6, 'HgqUmpx5MzwWClwIjqhXe9i1SIQnYKCgd3OFSBOMo65PIMHXMOqxQbXqbKdHMdmFtJxmG6Z93GiscqLv', NULL, '2024-10-14 19:23:59'),
(312, 'App\\Models\\Tool', 6, 'Og3xI5a0qw3AhUJQF2eCbGGEVksIddQJwVwgLgDHDmBrUn3aMOhVfUA2pFGES1MboUr5gV8tjYmjwa6l', NULL, '2024-10-14 19:24:38'),
(313, 'App\\Models\\Tool', 7, '21QW1uwDfKFYlh64vQHOtR2RWKUctN1dArhJnAqew7HZ0nmuZ33YyZeb8ceVYj8fpgFQOJuDFSruZJPp', NULL, '2024-10-14 19:24:41'),
(314, 'App\\Models\\Tool', 7, 'BcoWXk61b1N9fwsfEVNOCjxzq8ZdXlLcwbN7UyQFhnpWllbIBm8AKrKH2nbs916llWgB8xycck6PngMj', NULL, '2024-10-14 19:24:47'),
(315, 'App\\Models\\Tool', 8, 'VK3NwybKgsS75lKVeSFOfuJJ6OK8UCKC5gGiNON4R3Oj8fdh4tOtxmfmxZC8FmkiB0imGlqd7r20uXrf', NULL, '2024-10-14 19:24:48'),
(316, 'App\\Models\\Tool', 8, 'GgPbhwV5F5GTGmfS0rV3PhiRnT5SONmzydftzIekd3lzM5Duo9zZPGMOZ0v3s8dYdC7c9Hbsc1qZWkXD', NULL, '2024-10-14 19:24:49'),
(317, 'App\\Models\\Tool', 9, 'FyN1ESKpenohQVRWQcwOXxCaPkSSIiZwd6LwvQjmxJcgeBOBqRdGbY0fesn4T5XW6DWDXhB0cOxU22ev', NULL, '2024-10-14 19:25:50'),
(318, 'App\\Models\\Tool', 9, 'eQiRGvKiKBBpZUyvVlcohQ73s7ne2E9vAL6JJ4TLvWxj3QfxveuXGmh653nsyfNemfvmpRHiP363iOgn', NULL, '2024-10-14 19:26:50'),
(319, 'App\\Models\\Tool', 10, 'nSqb685LzklWGeU9vQA7Otshr2Rtnf1I8tIAKIPWH7VEaP9Jd19eRVmfAgbEAoUBM7l8zQJNeyCOPraD', NULL, '2024-10-14 19:27:48'),
(320, 'App\\Models\\Tool', 10, 'CJjicX5yTf9bkRCfnrqGTaGnvO9q94xQTWzDyrW3rAThNCLQDEUHqV88wlSd0SiMGxgo1RNYk2S0NUaW', NULL, '2024-10-14 19:28:00'),
(321, 'App\\Models\\Tool', 20, 'HzFOWR6gsU4CK9xxPTRPGmN2UOpCEZ2XJzytxztLsy4zimGUeKtBjPCVr7R8WnBJ76iLl9WvZnpyHNTE', NULL, '2024-10-14 19:29:37'),
(322, 'App\\Models\\Tool', 20, 'T6744awMUQlyMROgs4Kpp1Z2U2FlcegPAqw0vcSfY9wpeNRio8yiSLPdvCVwVWqAbNLwsGYm6oIYTps1', NULL, '2024-10-14 19:31:05'),
(323, 'App\\Models\\Tool', 21, 'D6AcamwyZu0pMgfvDfY2fHXb884e2BxZNCBSKCVft3JkpHTZP0lUb3OQO3V72qz9WP3ppJK6tcdc632X', NULL, '2024-10-14 19:31:09'),
(324, 'App\\Models\\Tool', 21, '8V8s6DxBxz0df6t5Deicdg2Ymbn15h8J6VIhAWE2mYsLVJ44OSwzDYj2h7a2jhKw8govsUFb2x6zCPNh', NULL, '2024-10-14 19:31:34'),
(325, 'App\\Models\\Tool', 22, '14MBSJjBvKxW8hMcgD8PUZvlml82ekEn5hqHD5VskBP0Cvf8eRaTS1Zog07R7h0fhYcdKf0qIkOf6QzO', NULL, '2024-10-14 19:32:47'),
(326, 'App\\Models\\Tool', 22, 'JNALQuPzAAqslTyy3wa8UBYWoFUlRXqTGj5r20dZyUInf4IFcZDUWsLjvnETmjqgaqHJbYEiA388L5Ob', NULL, '2024-10-14 19:32:57'),
(327, 'App\\Models\\Tool', 23, 'oF7QA7vMCZuRBaeAEPvhEB0QGsF2798Gl4UKiSvtRNnXJY2G6PW74ivtxBBYsfXlHMVl4RSOBJvX5nui', NULL, '2024-10-14 19:33:41'),
(328, 'App\\Models\\Tool', 23, 'IImH9QJOFase3MlAP1HkjFW9AGrgAxsVcP0bHAy8cZHAkuIMksGgnzACEnnSK8TP6Un7SlRBzyoDVh1p', NULL, '2024-10-14 19:34:25'),
(329, 'App\\Models\\Tool', 24, '47iBJSzkY2GL7Ld97jED2HUAvjYLw03vOa3vJj0arSN8SrgEir0FmT6uu9FUQL97n5LuEl68DP0CxJlI', NULL, '2024-10-14 19:34:40'),
(330, 'App\\Models\\Tool', 24, 'A1V7roAfnDyhpjZOOKPd3jBqkQ8f6q7sqxAxnsblXt7P7VtdSuxF9Dr6zEk8GmwfyoFRvt1EuHqXx6sg', NULL, '2024-10-14 19:35:07'),
(331, 'App\\Models\\Tool', 25, '0Fqu1StGYocbX4p1EDIkEAuBsUVFivFkmHuuAykDrv0mROf33X7kChd7oJbON4kLAI5cN8Uo2GuPT1za', NULL, '2024-10-14 19:36:55'),
(332, 'App\\Models\\Tool', 25, 'qgC7FNXhmBkjc8PgdzKFQuvmHtnzZ8PV0XtV5lS6K260myWMeiqY7cEXa10VZ57lyEnEvrJXJ1us7mGi', NULL, '2024-10-14 19:37:03'),
(333, 'App\\Models\\Tool', 26, 'b38gZzwHZd2Qedwu11zbbMBfTgqICWX3QQ6MBD252ENb3XQZopwhXRVWrOAAiEAbgP0cdNTLIF2cbxoQ', NULL, '2024-10-14 19:37:12'),
(334, 'App\\Models\\Tool', 26, '8ypuTzV3UxQmsnrWAGrXwTdnKMt73l0BdkWdKIMqe30wLrTgkQcmF1GCNBhliFgMLFQ9GMm3s6QnkKYP', NULL, '2024-10-14 19:37:58'),
(335, 'App\\Models\\Tool', 48, 'AP4FwcfGpWQszAaQTJaWxouwFPnNahN75MLwNhnZF4dZhoSTHLI5WjDNH9bMn53HMSMQHcCefXVQFBnk', NULL, '2024-10-14 19:38:04'),
(336, 'App\\Models\\Tool', 27, 'TG08fmrGIHa5env5WZseUzeM6xVUDqHL7CbWLV7YdSZz6iVTavUnKvnrypK4pYJbjbms0EzWYIITBKSS', NULL, '2024-10-14 19:38:12'),
(337, 'App\\Models\\Tool', 50, 'AP4FwcfGpWQszAaQTJaWxouwFPnNahN75MLwNhnZF4dZhoSTHLI5WjDNH9bMn53HMSMQHcCefXVQFBnk', NULL, '2024-10-14 19:38:34'),
(338, 'App\\Models\\Tool', 27, 'XbdA0XOi0MSoCcv1mGlLDDfD3R5BLJr6rhF5Q2kjjBnVyP09xhgsadh8spgm4atUZh06f0u1Kd2lyJ7e', NULL, '2024-10-14 19:39:08'),
(339, 'App\\Models\\Tool', 28, 'pq0VmDA0WOfA5kjG62afCQ9OhqxdPCFo3N2XXpJ34VWNL1Fshy7Eamp6l50s9CPnTsQXY703Nkf7jYtr', NULL, '2024-10-14 19:39:19'),
(340, 'App\\Models\\Tool', 28, 'EIzxkDRZ4wq8AXqU6t7y67D9LTlSW5vNLONYhudhkgkl6k3WOm5IQKta0EkF72Xg0cn3QitCE0WYBtra', NULL, '2024-10-14 19:39:42'),
(341, 'App\\Models\\Tool', 141, 'AP4FwcfGpWQszAaQTJaWxouwFPnNahN75MLwNhnZF4dZhoSTHLI5WjDNH9bMn53HMSMQHcCefXVQFBnk', NULL, '2024-10-14 19:41:05'),
(342, 'App\\Models\\Tool', 29, 'u7IbeOCFDMZGGNT2z8BmC5IO4EBh6wdgYbNMzQ2s6p2579OQwvudPNP7iuwvJPpn8OYQbowHl8GUYOl1', NULL, '2024-10-14 19:41:39'),
(343, 'App\\Models\\Tool', 29, 's4o3PxyT7SBWZjeoFokzUGClRL01a4o3p6v0WffOnEx4oqHJ72F4EmvtWIH1YynBgiqsprVLUmknRPZa', NULL, '2024-10-14 19:41:52'),
(344, 'App\\Models\\Tool', 30, 'pa5j6zQDrB0sHsbjrpIxHEkselcpO9XT9Hh4B5HOto7dRx8cjZTCPKDXIAhkQCgGb4Zi9UlFqM9KhqV2', NULL, '2024-10-14 19:43:31'),
(345, 'App\\Models\\Tool', 149, 'AP4FwcfGpWQszAaQTJaWxouwFPnNahN75MLwNhnZF4dZhoSTHLI5WjDNH9bMn53HMSMQHcCefXVQFBnk', NULL, '2024-10-14 19:48:42'),
(346, 'App\\Models\\Tool', 58, 'AP4FwcfGpWQszAaQTJaWxouwFPnNahN75MLwNhnZF4dZhoSTHLI5WjDNH9bMn53HMSMQHcCefXVQFBnk', NULL, '2024-10-14 19:49:06'),
(347, 'App\\Models\\Tool', 59, 'AP4FwcfGpWQszAaQTJaWxouwFPnNahN75MLwNhnZF4dZhoSTHLI5WjDNH9bMn53HMSMQHcCefXVQFBnk', NULL, '2024-10-14 19:49:11'),
(348, 'App\\Models\\Tool', 51, 'AP4FwcfGpWQszAaQTJaWxouwFPnNahN75MLwNhnZF4dZhoSTHLI5WjDNH9bMn53HMSMQHcCefXVQFBnk', NULL, '2024-10-14 19:49:42');
INSERT INTO `views` (`id`, `viewable_type`, `viewable_id`, `visitor`, `collection`, `viewed_at`) VALUES
(349, 'App\\Models\\Tool', 52, 'AP4FwcfGpWQszAaQTJaWxouwFPnNahN75MLwNhnZF4dZhoSTHLI5WjDNH9bMn53HMSMQHcCefXVQFBnk', NULL, '2024-10-14 19:50:07'),
(350, 'App\\Models\\Tool', 30, 'N6eWAzMQrR89fki6mFzKD7MDoNXK8VncVDTZs3PRwMF7c7Cng3xXwrGRHxhpxfZOfdWr9vswzDWdKf0S', NULL, '2024-10-14 19:50:30'),
(351, 'App\\Models\\Tool', 31, 'qLX7iSiv3WhKE5Ay6fjU7dVmvLB9Vnvg8POYqMVSOh3BGfcHzYPe7EOwEYSKNPsogtQ7MLHNFH1XO9Uj', NULL, '2024-10-14 19:50:49'),
(352, 'App\\Models\\Tool', 31, 'jvzYMT5rn3XPSFvmeLc8dKVnNZsTFXuAX7344aYtS2RbogAZDNXWYsQMHY8Ry0hhZzNi20yuTl8tduyT', NULL, '2024-10-14 19:50:50'),
(353, 'App\\Models\\Tool', 53, 'AP4FwcfGpWQszAaQTJaWxouwFPnNahN75MLwNhnZF4dZhoSTHLI5WjDNH9bMn53HMSMQHcCefXVQFBnk', NULL, '2024-10-14 19:51:15'),
(354, 'App\\Models\\Tool', 54, 'AP4FwcfGpWQszAaQTJaWxouwFPnNahN75MLwNhnZF4dZhoSTHLI5WjDNH9bMn53HMSMQHcCefXVQFBnk', NULL, '2024-10-14 19:51:43'),
(355, 'App\\Models\\Tool', 42, 'tWVyKlrLdcAEJNwxT9TxshyIlEwMTSmgeBVx7xvivwMLZMps6Yyc3i8Hm7xXtXZTy3wo7qDDGst13ifs', NULL, '2024-10-14 19:52:10'),
(356, 'App\\Models\\Tool', 42, 'PqdZNFon2dbiUPHu7MZTSW8OdQYyTDRmo0o8quzIxjXt7zfFYpsKy7vXfOGe8EUE9zknpriAmVWgybGA', NULL, '2024-10-14 19:54:25'),
(357, 'App\\Models\\Tool', 43, '7sIuSYemYETTLS2r8XJ1w5yGHgT9nq0ZX50Byi2b6fiVIwxYSBz7kGlIQZ4TqDlNRUaHm4jAwFHvKt3z', NULL, '2024-10-14 19:54:44'),
(358, 'App\\Models\\Tool', 43, 'xVaR8NCjWEfNVMf6DyzkEXv011PC60u5428NFglbdlunnFOjnaKPdJsa6HitblaMvBlQEo6gD2PLJCLO', NULL, '2024-10-14 19:54:45'),
(359, 'App\\Models\\Tool', 134, 'vttSB5fC7RgfvNhM7pPaylqpgR4LKTKTiotMuWgElp5YWikYZhr7AXSJk2itWJ4XCn7AQqTOlZWQ23zO', NULL, '2024-10-14 19:54:59'),
(360, 'App\\Models\\Tool', 134, 'EvnauxxMP0jHdcy6yfogNgqoDAgvwYZjUUbGjFaTj0nly2HGYfp8mAnfiEj8rDxKevfMeoX4d0fMnYxD', NULL, '2024-10-14 19:56:36'),
(361, 'App\\Models\\Tool', 135, 'YDvqmrIzlh46InOcpaOM3RPF3WCyzGzWhx5WLwIBzdXR5Aw2DcVYqSZCsb7V8W2fIoxcD6MsN8Z76jZl', NULL, '2024-10-14 19:57:34'),
(362, 'App\\Models\\Tool', 135, 'OolphVZvbmU6UioEqJgy79VemA2gPz1vzLsrjVkLU85jJhzpjEwvexKtBmGi1AQNTePhNwTqspP7U90N', NULL, '2024-10-14 19:58:07'),
(363, 'App\\Models\\Tool', 44, 'JmFLzxXs0KVOSG3gMSwOwRGrmG3GgvSzoWP8j1igido0P9vyuilOvalFUptR04TSO1TWDBRx6icxmqwS', NULL, '2024-10-14 19:58:31'),
(364, 'App\\Models\\Tool', 44, 'h7CXigOXlbH2k3QRHNmiOHFsVqolVGpDk3fQZmOofPLh0IxKnpuwjSMQ0tf1TvBvYgjpHacCW3LwWDTI', NULL, '2024-10-14 19:59:08'),
(365, 'App\\Models\\Tool', 45, '91m0MurbQop5ID0m5bZvLB8M2pxVVCgels4o4Y1nIE6iCqm6y0K1Q0jdid28Pa7LhT8cI2jjxBCoqAA0', NULL, '2024-10-14 19:59:23'),
(366, 'App\\Models\\Tool', 45, 'VxLSVpvl9slUmwc6ff4bSpnUfRxjya7eMd7ms99Abiecfi0nukEFYtONRrLwC89762ABBIFBnsJZ2Tzt', NULL, '2024-10-14 19:59:57'),
(367, 'App\\Models\\Tool', 46, 'HiPxXbFOb2hs4IyVPjMAt33o6KJeBHr9umXdzDftpYEQ7ak2gJ556q17mhHsLA6dA2oPxckgHrXAEDVx', NULL, '2024-10-14 20:00:14'),
(368, 'App\\Models\\Tool', 46, 'SCe2iDjB3W9UPNoKQ73rsKMXCsPa9yQh7KWZRbyrOmXkwXHDLMFAztUitAf9khA4Vf2lNHntURMbFlbk', NULL, '2024-10-14 20:00:31'),
(369, 'App\\Models\\Tool', 47, 'cZwuzkQ4sH0ZCbU4gvCzN9cBtTZH1odoPYtv8tRX3K70Lx0Qzgkj0k66DuCALxgmhJyQSrhwMTvcVOSB', NULL, '2024-10-14 20:00:49'),
(370, 'App\\Models\\Tool', 47, 'jcPBr7ibtAlIIY2O1CVp7N380UkPhHQKbybKMKrXQu2PYNKVuaPoa7eydQ41Vnl4HNZK6eTP6806Ha95', NULL, '2024-10-14 20:01:16'),
(371, 'App\\Models\\Tool', 48, 'hZNlUTkzR3jrBWGDeQIEvDzgkKKOiKv5ocgaO1Cyt27E1lr8xNEmvM5DGstcIWFbjPCPrqoKrKrmb5Qa', NULL, '2024-10-14 20:01:52'),
(372, 'App\\Models\\Tool', 48, 'gOssKkynozOMoSRHEdDb5lPIa4n0GUsI4cD9D4l9vTQIMGJ7uGYClWbFhL7z1cy2LEvTMISbLai34zO0', NULL, '2024-10-14 20:02:14'),
(373, 'App\\Models\\Tool', 49, '8Bu2ETRhCvlehNsYQbJcNtoItkk50L58BtUVZ5I645W0GSvLCiOiZdEoiQufdKhx32Heqj5ROLxhCrIn', NULL, '2024-10-14 20:03:44'),
(374, 'App\\Models\\Tool', 49, 'S1w58QZL2r08tfDJyPjauwRwDyPdOnZNhSfzHpexmLh1bneI43AwKuOiPz6K3LjM2ZqiEsdqmtjuvnsB', NULL, '2024-10-14 20:03:59'),
(375, 'App\\Models\\Tool', 50, 'bM5L57nYoObPlIREMwZZsu8KB3c8Filg4jjPC5b0e1fFSQOsKWjnajVtay9APsILp6N2t3ei6ttv3O8o', NULL, '2024-10-14 20:05:00'),
(376, 'App\\Models\\Tool', 50, 'WcAxJGASt7d3d5YT6eUOPXJqt9YMNEDHZrJaYY4ExSG5Idp5naC72KDWFgUcwBgt8BZIEATzvFlIrvOQ', NULL, '2024-10-14 20:05:03'),
(377, 'App\\Models\\Tool', 141, 'pX3AfkcWuJUY2hD6OPDHRoW9WNRfm9eO5vnP1OvYKXJ6bp7FVDap2q3QDwnsSpExqzpUsOoF8QPyQ1Gr', NULL, '2024-10-14 20:05:14'),
(378, 'App\\Models\\Tool', 141, 'OhfOiAXApvrFZEHcggwdzWqDy2iMmTCS8lkNjjiIQ3AEOI7S9y3fTcYOAnytlqrdfjmd3vLsCN7fZQKX', NULL, '2024-10-14 20:06:19'),
(379, 'App\\Models\\Tool', 142, 'XZ3FmoEfnNYcDRebEpzXAkpd8Z5rpgc6OXjXDGkPFWelyb6vFnWLfA5qskhdrUMeT691mWSEVqoJvKQ1', NULL, '2024-10-14 20:06:35'),
(380, 'App\\Models\\Tool', 142, 'bLKT57sTQgmhzocAkbY43QeXS00gUQ2aSkjhO41tGMJBb9RoF0vx7iyZOatitxDAaQMLoL60h5b2KG3k', NULL, '2024-10-14 20:07:14'),
(381, 'App\\Models\\Tool', 143, 'Rt6fjuTET2c56OjL4q1MOAVthEFAKGqsD9jIl1TtKfHfthCr9u2HgGqEGNgmR41Kd2wvfsPmz64zhzDk', NULL, '2024-10-14 20:07:30'),
(382, 'App\\Models\\Tool', 143, 'xskNKgFpkmuKeEFjRy59FWG2BkpSh8duXCTNDFS3t81EKY9PqQ0EDy4qMVBSbzD619CIR6iFNn2HzOCa', NULL, '2024-10-14 20:09:37'),
(383, 'App\\Models\\Tool', 143, '5n3WHqWBIgoSX3ZWfz8W3RA3bF89Jx1ijMcGObYGg69AjmQ26KHHvBQr9ZUCfKoEWL8xPYIs8fr0YpG0', NULL, '2024-10-14 20:10:18'),
(384, 'App\\Models\\Tool', 144, 'H7V8LSiAr9ExBxjF4LD0WdgAZjLtpAs5t2ly30dNfBg5qgDYl6V1n9uUVYoQm0kpuMRk3becIOQ7XTtK', NULL, '2024-10-14 20:10:34'),
(385, 'App\\Models\\Tool', 144, '5mziXHHrec0rxzBVp4haYEOWwwNIaatjzylKWBUP46lSz3UiZaeuxmAFgfr92ocivukJfhZp4PGbJiEV', NULL, '2024-10-14 20:11:06'),
(386, 'App\\Models\\Tool', 145, 'wcxaQOha6FbYBstG6HTOTOU8a9g7Gm1eiZc3eWhcrig0UeNZBzSIJLxD3xI2l32k6jn0FxiJ4MwCvKt8', NULL, '2024-10-14 20:11:20'),
(387, 'App\\Models\\Tool', 55, 'AP4FwcfGpWQszAaQTJaWxouwFPnNahN75MLwNhnZF4dZhoSTHLI5WjDNH9bMn53HMSMQHcCefXVQFBnk', NULL, '2024-10-14 20:11:50'),
(388, 'App\\Models\\Tool', 56, 'AP4FwcfGpWQszAaQTJaWxouwFPnNahN75MLwNhnZF4dZhoSTHLI5WjDNH9bMn53HMSMQHcCefXVQFBnk', NULL, '2024-10-14 20:12:11'),
(389, 'App\\Models\\Tool', 145, 'icCkiGbDwtsYh19apfv5xtyfJ4Y2CWluakHg6v2M8vBSQiA5UzLBgfahDbmS15oXTm4XL11ACu5qrhO7', NULL, '2024-10-14 20:12:31'),
(390, 'App\\Models\\Tool', 57, 'AP4FwcfGpWQszAaQTJaWxouwFPnNahN75MLwNhnZF4dZhoSTHLI5WjDNH9bMn53HMSMQHcCefXVQFBnk', NULL, '2024-10-14 20:12:35'),
(391, 'App\\Models\\Tool', 34, 'AP4FwcfGpWQszAaQTJaWxouwFPnNahN75MLwNhnZF4dZhoSTHLI5WjDNH9bMn53HMSMQHcCefXVQFBnk', NULL, '2024-10-14 20:13:21'),
(392, 'App\\Models\\Tool', 146, 'kJqOxr4SJppRwfuOhNJn5omvDqXgA6fSDZZAZfHGpBBms3gYXx4vWsXFrJU6WsHqpj7yYn1gk4lBgcIW', NULL, '2024-10-14 20:14:03'),
(393, 'App\\Models\\Tool', 74, 'AP4FwcfGpWQszAaQTJaWxouwFPnNahN75MLwNhnZF4dZhoSTHLI5WjDNH9bMn53HMSMQHcCefXVQFBnk', NULL, '2024-10-14 20:14:20'),
(394, 'App\\Models\\Tool', 146, '1jyvLQf0ZU02cjJoH5nXiOBkK6x9FsGQgzazKV9b3QACo4QyE5ld9N6EjS3X62TPIpr2krQSXNLK9U7e', NULL, '2024-10-14 20:14:33'),
(395, 'App\\Models\\Tool', 75, 'AP4FwcfGpWQszAaQTJaWxouwFPnNahN75MLwNhnZF4dZhoSTHLI5WjDNH9bMn53HMSMQHcCefXVQFBnk', NULL, '2024-10-14 20:15:01'),
(396, 'App\\Models\\Tool', 147, 'vjnZpAy17djELsvvXu9ltZyUNOMdb9hrTn6K9KeBlh0JNv1C2WO5E1Sae8VRDbdfU5OCzciBjS5WkF5w', NULL, '2024-10-14 20:15:26'),
(397, 'App\\Models\\Tool', 147, 'oakMW8P5sF6tQohMrF69Li9m4Cw7VUxTL63GVNlXlG2Ke2J4OdSpScfhDOzXgElr4kHN6r32wRdmQxFg', NULL, '2024-10-14 20:16:31'),
(398, 'App\\Models\\Tool', 148, 'NKsgmp98tYvUVa8ygze5y88kQdEYyEZw7gYR6hygpjLSSECkrtpFlAlsLvx2S4pjjUrmagmu1qC30a5X', NULL, '2024-10-14 20:16:53'),
(399, 'App\\Models\\Tool', 148, 'hsYKIKGkitFJmfvsI04QaXuMgD1HbU7xdv83gC6uYrcGi8g8IIC22xLJ1jo6oO9Ywmwd3cnIp4TDDNtR', NULL, '2024-10-14 20:19:41'),
(400, 'App\\Models\\Tool', 149, 'ZGIWLQZ58toTUq48k87EY0Y4D63I1IImGgqqS19CVIER2Z7coGVP7w9PK8Kj0LHRKmEMYyaMTSyjmJDG', NULL, '2024-10-14 20:20:10'),
(401, 'App\\Models\\Tool', 149, 'sCVFjFDBPKERN6vxl2e15KedVYtCWdplwSLYHII8qse33dgOfSYIg8Zr9bZtoHvDfuLyyKKojGwIA1en', NULL, '2024-10-14 20:20:51'),
(402, 'App\\Models\\Tool', 150, 'FMFigdRzbGmDHgqqSoG4ihfuXRAlNJobOAphZ124OKPge1COdIKKiGGwYqAXlh8xwUvRo7rExZOlmJrR', NULL, '2024-10-14 20:20:55'),
(403, 'App\\Models\\Tool', 150, '536ejqluaQhqY2C6yXVJUfCWSiEdELbPMLtcBQMrS9qJwLXUhheYFqekfLQ0yInI8vyjSKS4Vcdg61nG', NULL, '2024-10-14 20:21:16'),
(404, 'App\\Models\\Tool', 72, 'AP4FwcfGpWQszAaQTJaWxouwFPnNahN75MLwNhnZF4dZhoSTHLI5WjDNH9bMn53HMSMQHcCefXVQFBnk', NULL, '2024-10-14 20:22:31'),
(405, 'App\\Models\\Tool', 58, 'uL6gwjKl5zRGDMk7SAM3hvSh4rJyNS1ksVN9w1QAiCbnVPnCRsOD6T7BdHwORGJNTum0tSKmP1T4WuTu', NULL, '2024-10-14 20:22:50'),
(406, 'App\\Models\\Tool', 58, '4ZMbcIjhS5mvRDgNWl3JroKu1ctDn3nA4019etpquWXYrAAg8VketpnlXXwj35piLt94ccqfg7uUF6wU', NULL, '2024-10-14 20:22:58'),
(407, 'App\\Models\\Tool', 59, 'q9wzFFxc6Gp89DSsNTrcmDlkfP9eCp7E0GAjQbD4LZhupfWgKVXnwLI1Iw9SCpB0mp8CO8cRI3UPpeKk', NULL, '2024-10-14 20:23:16'),
(408, 'App\\Models\\Tool', 69, 'AP4FwcfGpWQszAaQTJaWxouwFPnNahN75MLwNhnZF4dZhoSTHLI5WjDNH9bMn53HMSMQHcCefXVQFBnk', NULL, '2024-10-14 20:23:20'),
(409, 'App\\Models\\Tool', 59, 'EOTmZHKW5PmuxCSDxOShHqrUgFISqywTYsSby2G8nCNsj4DYJPgqxf2cz5bj99qHfaIV4tn70FjSq9Qk', NULL, '2024-10-14 20:23:58'),
(410, 'App\\Models\\Tool', 51, '6a8Dn8DalfpVI08g4vtqPTMuexb6NA4LW54FxQmfFBsjhh7RbWNn6AZflR81phWYeK4plE7k16N6Qq8R', NULL, '2024-10-14 20:24:16'),
(411, 'App\\Models\\Tool', 51, 'A4p2k7KlAV7eOxPEAILNOQK1u448Evgs6JgDLabaZKz4Pw8YNKbGJvaI8hBR1SyQ9kCuljujWwVoIosB', NULL, '2024-10-14 20:24:18'),
(412, 'App\\Models\\Tool', 52, 'fxZGpwpAJqpbkU66Dj92WrDPg1ADOv0B750WDtexGYyx7Fe4g8tViIKsFVAQeMm00TPP5xat2JwtJizc', NULL, '2024-10-14 20:24:52'),
(413, 'App\\Models\\Tool', 52, '8cIkyhEAPwqx6KpxptwIVS4FyaG1xJSQbziTU0QLpfv0qGKDanULxwF4LYvsifcpTt4AoIiMCctmkttx', NULL, '2024-10-14 20:25:00'),
(414, 'App\\Models\\Tool', 125, 'AP4FwcfGpWQszAaQTJaWxouwFPnNahN75MLwNhnZF4dZhoSTHLI5WjDNH9bMn53HMSMQHcCefXVQFBnk', NULL, '2024-10-14 20:25:30'),
(415, 'App\\Models\\Tool', 126, 'AP4FwcfGpWQszAaQTJaWxouwFPnNahN75MLwNhnZF4dZhoSTHLI5WjDNH9bMn53HMSMQHcCefXVQFBnk', NULL, '2024-10-14 20:25:31'),
(416, 'App\\Models\\Tool', 127, 'AP4FwcfGpWQszAaQTJaWxouwFPnNahN75MLwNhnZF4dZhoSTHLI5WjDNH9bMn53HMSMQHcCefXVQFBnk', NULL, '2024-10-14 20:25:33'),
(417, 'App\\Models\\Tool', 53, 'nsQmOM26XCnEq06SLlV7xEGCSjCraeXcJTfoRE7juyrIZWpgcJ6TObiFvyszndHyXIwxcdmC4YWVazwt', NULL, '2024-10-14 20:25:42'),
(418, 'App\\Models\\Tool', 53, 'T0AiUV0foycxHZZSCjY77x4YWBXi1zVSyLrsNJLvUKAy2JWgZCQ2fUA4XxgmRFpGFYfycsogC5t7wRDR', NULL, '2024-10-14 20:26:42'),
(419, 'App\\Models\\Tool', 128, 'AP4FwcfGpWQszAaQTJaWxouwFPnNahN75MLwNhnZF4dZhoSTHLI5WjDNH9bMn53HMSMQHcCefXVQFBnk', NULL, '2024-10-14 20:27:06'),
(420, 'App\\Models\\Tool', 54, 'MpJJ78pHtdT9gu5kM40t9J8TV84czgJW2b4bGNrdD1I4qXU8LWpGqQ3beunw4hkmYYcFytloyhFlDaqr', NULL, '2024-10-14 20:27:07'),
(421, 'App\\Models\\Tool', 129, 'AP4FwcfGpWQszAaQTJaWxouwFPnNahN75MLwNhnZF4dZhoSTHLI5WjDNH9bMn53HMSMQHcCefXVQFBnk', NULL, '2024-10-14 20:27:07'),
(422, 'App\\Models\\Tool', 70, 'AP4FwcfGpWQszAaQTJaWxouwFPnNahN75MLwNhnZF4dZhoSTHLI5WjDNH9bMn53HMSMQHcCefXVQFBnk', NULL, '2024-10-14 20:27:09'),
(423, 'App\\Models\\Tool', 71, 'AP4FwcfGpWQszAaQTJaWxouwFPnNahN75MLwNhnZF4dZhoSTHLI5WjDNH9bMn53HMSMQHcCefXVQFBnk', NULL, '2024-10-14 20:27:10'),
(424, 'App\\Models\\Tool', 54, 'fnPQdzJ2HAHCHZJxfc9Z8JRgBmhdjDKnY0vwgekIiVN8m5NtKRtGUGFVltv7a1Jjpl1VzkGPLTd4wPPN', NULL, '2024-10-14 20:27:54'),
(425, 'App\\Models\\Tool', 55, 'naI4dIgwLKTlj8nJThKkavTxslXNEJ8mDNsKkY2j3Eq0NhWHFwYtyTpH4vFAe0561BO7PYcw3AytLiPe', NULL, '2024-10-14 20:28:09'),
(426, 'App\\Models\\Tool', 73, 'AP4FwcfGpWQszAaQTJaWxouwFPnNahN75MLwNhnZF4dZhoSTHLI5WjDNH9bMn53HMSMQHcCefXVQFBnk', NULL, '2024-10-14 20:28:12'),
(427, 'App\\Models\\Tool', 76, 'AP4FwcfGpWQszAaQTJaWxouwFPnNahN75MLwNhnZF4dZhoSTHLI5WjDNH9bMn53HMSMQHcCefXVQFBnk', NULL, '2024-10-14 20:28:19'),
(428, 'App\\Models\\Tool', 84, 'AP4FwcfGpWQszAaQTJaWxouwFPnNahN75MLwNhnZF4dZhoSTHLI5WjDNH9bMn53HMSMQHcCefXVQFBnk', NULL, '2024-10-14 20:28:40'),
(429, 'App\\Models\\Tool', 77, 'AP4FwcfGpWQszAaQTJaWxouwFPnNahN75MLwNhnZF4dZhoSTHLI5WjDNH9bMn53HMSMQHcCefXVQFBnk', NULL, '2024-10-14 20:30:00'),
(430, 'App\\Models\\Tool', 79, 'AP4FwcfGpWQszAaQTJaWxouwFPnNahN75MLwNhnZF4dZhoSTHLI5WjDNH9bMn53HMSMQHcCefXVQFBnk', NULL, '2024-10-14 20:30:01'),
(431, 'App\\Models\\Tool', 85, 'AP4FwcfGpWQszAaQTJaWxouwFPnNahN75MLwNhnZF4dZhoSTHLI5WjDNH9bMn53HMSMQHcCefXVQFBnk', NULL, '2024-10-14 20:30:04'),
(432, 'App\\Models\\Tool', 132, 'AP4FwcfGpWQszAaQTJaWxouwFPnNahN75MLwNhnZF4dZhoSTHLI5WjDNH9bMn53HMSMQHcCefXVQFBnk', NULL, '2024-10-14 20:30:07'),
(433, 'App\\Models\\Tool', 80, 'AP4FwcfGpWQszAaQTJaWxouwFPnNahN75MLwNhnZF4dZhoSTHLI5WjDNH9bMn53HMSMQHcCefXVQFBnk', NULL, '2024-10-14 20:30:08'),
(434, 'App\\Models\\Tool', 55, 'pNz4EmgIEamcnVIdbefwkv0s9jo2y9lWd5DwFLGQ0Z8QOqEHKYvaDUh29Goiex8l2eoHqMZGyZRW43BF', NULL, '2024-10-14 20:32:27'),
(435, 'App\\Models\\Tool', 56, 'rYedCluxJdj7lT1NBQmIgOHpHaS2EOyOh44dEOEZuLORClKTDyFceZEdT3wbA5Rxl1Tx19NXCXHnio1j', NULL, '2024-10-14 20:32:33'),
(436, 'App\\Models\\Tool', 56, 'H4XxruX9v67lp6NhUWiP1MKnpnNCtJQwym9AIDG8NBCd4rhIa9klJ2cf3I6fan40P9qxglSd6pKqscVZ', NULL, '2024-10-14 20:32:49'),
(437, 'App\\Models\\Tool', 57, 'h1ABvUZBp2wXnq1Qu4Z7W0gImT5kEe0tE0eOWIg0elgVo8HhEuR8SoBUMmDFXdf1Ww3wOkoe3Rtf9U72', NULL, '2024-10-14 20:33:04'),
(438, 'App\\Models\\Tool', 57, 'NyK4rYgc9fj4JampCPu0i9NTAva9aO89OYTSNNixwAXJ96XUJpRhiKnUTDxmL0khUTOwW1I5Tt1VGPJs', NULL, '2024-10-14 20:33:09'),
(439, 'App\\Models\\Tool', 32, '1MpIOgcQjsg4fq6Gm3Ig6LwEvCjWwBq3OFgeMiQlEJSt8cv1a6C8QfLDvrFROOR5qL7DfhhFcfjP4cnO', NULL, '2024-10-14 20:34:07'),
(440, 'App\\Models\\Tool', 32, 'VK4P6lQlUduU9s7BA3edF26Y61hi3BCJgzQY0kTLBkz5Xdv76Ynl2uT635HMWi3Qly2tSel6exx3TYZh', NULL, '2024-10-14 20:34:30'),
(441, 'App\\Models\\Tool', 33, '4c8D9jXZGdU9FXdn8P1nRKwQvh7spW3EcJAwdEVmTJUQQImTtC1kwxZJh0EGPtCKxA1Wgh3APmuMwss1', NULL, '2024-10-14 20:34:55'),
(442, 'App\\Models\\Tool', 33, '3WW2RfBqZ0YfnWLqBMdxBdwccTLdv5hkdtDIzVLYQMWnUDuEjISjdXOJLObL8Fq45mrmbWjpVADFRwBG', NULL, '2024-10-14 20:35:10'),
(443, 'App\\Models\\Tool', 34, 'ABzASWnTiETdpXyBYHf1MrzAgH215LTVc8N667sAHwBl1ahL2Bu6mZpsalJ8BlW1ZHWOjxISz0q4Ewog', NULL, '2024-10-14 20:35:15'),
(444, 'App\\Models\\Tool', 34, 'NMPliPwIjzrFKLvQdehZn89s752DKgn8ZuzlrrlLu7K4YhSfra7ds3mkQkZI53Qshl5b9aHtLphIg2AN', NULL, '2024-10-14 20:35:46'),
(445, 'App\\Models\\Tool', 35, 'UIXvGScJgGtTCFG4HQJfhaPYnMMXjMqMsYSzyHGM5tKRH8jsdIm0CCh1Y3m1lg0IXSnwIPlBubG3t5kd', NULL, '2024-10-14 20:35:50'),
(446, 'App\\Models\\Tool', 35, 'J4M4OkYmzX6mg5MPgUaOPAwBMlBuYy8VoR4BLdo03Lt4PJsrbidDmFiCogduMaAGscCIQlzgDFEPk5Vx', NULL, '2024-10-14 20:35:59'),
(447, 'App\\Models\\Tool', 36, 'QiEpENvOmNnxkwNJli34XhgG5CYCbytD6J4mboFYqKyLh5yCBeFu5txTYbHR5lH9QVu2os8CK3lOYWs7', NULL, '2024-10-14 20:36:05'),
(448, 'App\\Models\\Tool', 36, '8lM4YlaoD7QPkpdVjZZPrBdrAQvSdTuyeDI37W74HePhaRdcIx8L5djR4Ro1JVPY4ioNPY4I2t8rDY9e', NULL, '2024-10-14 20:36:45'),
(449, 'App\\Models\\Tool', 37, '4z4F6FJ1gOJpCpjKsHZthB8Y1Ql9mQeHq5Nt5vVbwBAlBQGTKPiTRxy4clKAZslSMQwIRbND6nzkrvxv', NULL, '2024-10-14 20:36:49'),
(450, 'App\\Models\\Tool', 37, 'D9yp70T6hxSejQFYZbxuDRfnkEhLuHFuWw2vXAP5ioD8sBBTqltxa5BJ2fo6pQCoWv6crYSIKuoUv9zs', NULL, '2024-10-14 20:36:54'),
(451, 'App\\Models\\Tool', 38, 'T5dGvel9fjKDE2Pbub58YX7lw0oxwsl8BUNHuC0WahVRFEtppIEfb3SXfTWhwyG57bxdQPUDqrJq4HjO', NULL, '2024-10-14 20:37:00'),
(452, 'App\\Models\\Tool', 38, 'wKqCTNU0rk7kpraHNh2131J7A5W7DCYwbajVmX3vUeW7PqHlWdIQjuIHgTdDjm6IyRgUF4d9MysbO60V', NULL, '2024-10-14 20:37:01'),
(453, 'App\\Models\\Tool', 39, 'xaAKAtUH81ys26kaQHxCEP3QzNBE3r96Ya6N9RT9hKzWgd3S3viOGtnqlcSJN8NOGDbGIPhxYpBYwZUJ', NULL, '2024-10-14 20:37:22'),
(454, 'App\\Models\\Tool', 39, 'GPzQ29pIP2bwvtGoWW5X8L5IS4LhiS8l8gf5CDdYH52ZbxMY9hU2CaTTJxDh0msZVhkjI6EZGmwDcY2j', NULL, '2024-10-14 20:37:31'),
(455, 'App\\Models\\Tool', 40, 'QJyYiZ8wZZF5dqvzcG1ex0PyQsH6bv9zuS9NqPqmzE9YrvBmtjX9FX6ykKHJR9wWklvvUJNacCIKDFlH', NULL, '2024-10-14 20:37:53'),
(456, 'App\\Models\\Tool', 40, '5sDJLj7FXK2kuRerfXfsluWo01U1SVJcfB5fVhFA3nvoBltgxQipqvenM3VuL3d0dtKN7ThiAA4HotXe', NULL, '2024-10-14 20:39:06'),
(457, 'App\\Models\\Tool', 41, '6wmfo5n2O4mis4keKGF3jmSzhyU53aaTf5RmGS8jF7yWnfHgpknhcIlDZEca6KUVvVchzRFycNEbz0un', NULL, '2024-10-14 20:39:20'),
(458, 'App\\Models\\Tool', 41, 'LILOp6LzJdzEtFgd5A0JjmIlHOdlG2pdyCdDfbzE0OkS8XzRp1yUd4KTdfyBgM2uFBNPe7GH8W9505G9', NULL, '2024-10-14 20:43:08'),
(459, 'App\\Models\\Tool', 137, '6NSbOSttxw33S8iuZpLASYO0xkkaNPfBVV0iEjUFCRrPU2WBGWiTAHyjhjV07K6g96niziJj3GL9li0F', NULL, '2024-10-14 20:48:19'),
(460, 'App\\Models\\Tool', 137, 'vsSpUpyBXj43XKXgRhph0SOCtYstVWVuHCYQRMKq9LrJBkoJVgqb3X5CbQRu7ucQF8jmcnlkhwFKZVh5', NULL, '2024-10-14 20:48:42'),
(461, 'App\\Models\\Tool', 138, 'DH2oZRL4UdZTNS9ps9qkK5NUJFjqk1cMF3fttUBqQH2bzIeKF2jWbJwGAbfWc23vgIu6ml4pT6V2GIvn', NULL, '2024-10-14 20:50:00'),
(462, 'App\\Models\\Tool', 138, 'IE7k3uXp880tZn9J0rUBX1dms2ubWZU8SygYhZTBJwQSHf9K0g53gmTVBIQ2FxU7edYKmJqDQsAuOoKG', NULL, '2024-10-14 20:50:03'),
(463, 'App\\Models\\Tool', 62, 'NQZULNcLirlhzeniWoo79gARW9G31Sc2YfpStSN2FJqSF77Z2J8NNbEhGt13kyNzqiJBgIC0U5SP2jtr', NULL, '2024-10-14 20:50:49'),
(464, 'App\\Models\\Tool', 63, '2PPLfER4UQsTNzaeKdQs94SW421HGvrKShvVh30IcyAIEIWKf2tm1UMoDGAqWRAPI81EIKHg5DLI4JiP', NULL, '2024-10-14 20:51:07'),
(465, 'App\\Models\\Tool', 64, 'iy0w0nmpnl8OUc1Kd6Nc1hfznp0zlH60RY0cjuRN3vSc4t3yPChbmr58LBFy8sb9rVrsYwA9OsuKtWWq', NULL, '2024-10-14 20:51:10'),
(466, 'App\\Models\\Tool', 65, '76W6LuRKgWUphtMrOpFTtlTZWvuXQzglGY7djMpMJAHhzhMInZt9RP9j3YWrU1GGIpqGhxdhZMSLvFhw', NULL, '2024-10-14 20:51:14'),
(467, 'App\\Models\\Tool', 66, '4oIbLh5jEmOvE7HravRoPOffVUkKem2LFEeIjpk4fuWiWCNDldovtgBQJR0xSMLEh0X3uEpFjWJ7spI4', NULL, '2024-10-14 20:51:21'),
(468, 'App\\Models\\Tool', 67, 'n5E1H9HWq6T0xPaJiJ2N5xviPW7DR6oQfeJnKe9swOTfJWG15FP5n6ezc9nAApr2YJOplGCr8bzVhL6D', NULL, '2024-10-14 20:51:21'),
(469, 'App\\Models\\Tool', 68, 'Xo7qYUwx3o5u9XIcVJ1Xs0asfR0gSwv6y6qjk8NlbXMOpRAVuE2lhqYmkwc1qjaqi2d3WRwHjT7jdect', NULL, '2024-10-14 20:51:23'),
(470, 'App\\Models\\Tool', 74, 'GgFO8QlIhMk47t81B10d2Frj63RIlJKHsZevn8RIfPPfRldhuuMpcgAc6urZvGXCfJgGsioVfhiBPs8e', NULL, '2024-10-14 20:53:21'),
(471, 'App\\Models\\Tool', 74, 'YzMF9NnkUMinWCewfr92ucz1luhpP6mijcKz4ZUJRpwFauoLmmJSFBgi9VGHuC5A3nOhWC2ubxWnKyJR', NULL, '2024-10-14 20:53:51'),
(472, 'App\\Models\\Tool', 75, 'r1hHMaIAHIDJmaAD00a5vdpOyKfIjYwjXUxjaXjmBKNeUMqLRrxHobcFB1nWgbAzXtYwFPKN2s06Xr9C', NULL, '2024-10-14 20:55:40'),
(473, 'App\\Models\\Tool', 75, 'yqvRuBvk31GQEKeaDYXPOhsx4cvwJvhJZaYl2o1q6zs8vHsavpmiZJwKimZvVsls2AnCtDRGU76t9ema', NULL, '2024-10-14 20:56:05'),
(474, 'App\\Models\\Tool', 69, 'JaYUGrgL7ffJud664xVru4b02YxJMFJiORXFU29yRkBMkQhOAuY90PXHoi7oSA2pJCnOwn9hhdAmAWJm', NULL, '2024-10-14 20:58:56'),
(475, 'App\\Models\\Tool', 69, 'cuUCeGe9qZRGH1PF1hQSXuNgH0sdBLXu3Lq6pYrBFS2chAS9qhNhcffAFc9U76MXJfOeEraJHkFgULUG', NULL, '2024-10-14 21:00:34'),
(476, 'App\\Models\\Tool', 125, 'miSLcAAWJNJoMf08KMaYreM2ibqvRiO1XZyBZoPh9bKQwF3xwNBKEzpswVLzuKL02BXLMKPDcJUiSf1E', NULL, '2024-10-14 21:00:55'),
(477, 'App\\Models\\Tool', 125, '3EfBn0Gdtkdqc3h3ogNLuk3hA5XMZfDceVImFgDE2DazVeYDG765AdpZa6bJzz1Bj5RSPeebAz6oXGLs', NULL, '2024-10-14 21:00:59'),
(478, 'App\\Models\\Tool', 126, 'hbobFZu9IFhfhk1LMdwoOoPF45fdxlTvQNtAXlaNpajoTwSKAjVHukbvyQDk8h68LhiSgFafY9OS3K2W', NULL, '2024-10-14 21:01:24'),
(479, 'App\\Models\\Tool', 126, 'RXWSxF5rL07GvYfO8Icr7JlUNHJqIX3ym48ygTVZqDX95rz1MvP9gw4VPAeS2RcGfin4myopHuRtIb23', NULL, '2024-10-14 21:01:57'),
(480, 'App\\Models\\Tool', 128, '6X0MOvM7ouQDpFFGY7ZPbE2hgyF2g8v7nkcyKwiXXWGEMI1KN5Dyy5C2xf2LlJNg4UJ8rJePF6cs5hZO', NULL, '2024-10-14 21:06:10'),
(481, 'App\\Models\\Tool', 128, '4WRdv11ggbd6Y9aWvoV6qKK5XkcG8bTMKBDIN6HpEgR48FmVHEhsQjNP5siUAaT5hAAtZNVUKbZ0lwEJ', NULL, '2024-10-14 21:06:53'),
(482, 'App\\Models\\Tool', 129, 'f9kDoKkxZxD1SEePDANFhgHh6BtXC7GpZ8PSgIf7mJqvTYK5nsk1FcayEOSj4QrQse0Wcb0Nt0kt4IGG', NULL, '2024-10-14 21:07:03'),
(483, 'App\\Models\\Tool', 129, 'byi0CberPNIH6kgmjkHDeFByhmzdlWgnsGFtIqm6iwhCFKN2dlULoFb2OKP0A7kk4SxIubcqcYz0FcnA', NULL, '2024-10-14 21:07:15'),
(484, 'App\\Models\\Tool', 70, 'JaOdHRnPKviU4LoRmMEWKNP7EzYh6ROwx7125kdn2tj17Mw2Ja3dEzfXKJE2avGpqs1aY7R71Aifb9YD', NULL, '2024-10-14 21:07:25'),
(485, 'App\\Models\\Tool', 70, 'HKdG5gxSPSRQlaho8OAQLMyXz8k2v5wIps4chBl5NBs8JTjb2qNiFsiLN1Qewhi69f1Y7mtsxrwGmvRk', NULL, '2024-10-14 21:07:33'),
(486, 'App\\Models\\Tool', 71, 's1xRiI58WPgAD5XdC7VDezinoJ3r7bP2vLhHYr3zuvneQvT9T3oPbNtQh26XpYdLlWW8GmDMTvmYQ8Uj', NULL, '2024-10-14 21:07:56'),
(487, 'App\\Models\\Tool', 71, 'EIkgQIVd2rNCD8FYTIazkMyyFW3wJvXSFn03dm1oN7luK6EZGT22tEqNPOsCptVe7uZ8Yef8VrxfgBQ7', NULL, '2024-10-14 21:09:02'),
(488, 'App\\Models\\Tool', 73, '4T4I8gETiOghpktz9K4GyMHFai4msHeHN5nm1JxmBGQYpeC97ZSe1ClKyYLun4PRUPZciptG6Mw8jAjp', NULL, '2024-10-14 21:09:19'),
(489, 'App\\Models\\Tool', 73, 'g5Jo9CmbKVqe96xQmFySEn7GE8ax7SIaq9kC6Wlzxjfn31ZhRG94HRflOG1t37hCgdzfu4iVvZnMIwia', NULL, '2024-10-14 21:10:07'),
(490, 'App\\Models\\Tool', 81, '5bZQBF1hpb75muKijTEBAnzmDXeiE5FMKVRJIyoF98vb2jbz3s4V47B7sKmxwFkDzZToMKBGdFEPRgqR', NULL, '2024-10-14 21:10:53'),
(491, 'App\\Models\\Tool', 81, 'Fjj4xDjb25PWDAsHkJZfiEqJZ8mP6Vcv7lIbDjGrPw5Yh2QMaZpKm2DfePjuraWf8Sn49sG2aL9bOgM5', NULL, '2024-10-14 21:10:59'),
(492, 'App\\Models\\Tool', 82, 'eZh9XTncL4qrIhPmgPXW6wwJOa0BJ7i4fnF5nyQu2faymq1e4O6OLV3xoAkSSYkkGssg7ipdVB6xsJT8', NULL, '2024-10-14 21:11:22'),
(493, 'App\\Models\\Tool', 82, '7EypF3Q6MqiLm3kwHLNtHWqmY7uIfnKLx7BGl7zTqxbGjdCW9rtBkUkOnwFpve5GvKMCfiM0PckWzTbR', NULL, '2024-10-14 21:11:39'),
(494, 'App\\Models\\Tool', 83, 'YlrPCCE55h5eeu80MjCx569W7NrFlJtOsXn6o9SE9EZN0HYMA6Q80e7Uo3JOWPJBNM2FXhukeWPFwhUO', NULL, '2024-10-14 21:12:03'),
(495, 'App\\Models\\Tool', 83, 'sTFYT1nrIJKNzK8KyydFni0vqSPZc9YoO5J2tPWFOQD8HL2zgeJrun5LsdZq5anOxnL1BJCNOXhPczKZ', NULL, '2024-10-14 21:16:42'),
(496, 'App\\Models\\Tool', 76, 'ZmyRZKTU3xwxfDJRg1b3ZdWApAchLTMZUwRjL25q4aZXMoureizb03bpRWWkDgk125196r28LanRfIQo', NULL, '2024-10-14 21:16:47'),
(497, 'App\\Models\\Tool', 76, 'p4E4DhZwZNlmbUynJZVuyJABk2hWagbl67qpmeGuLD6kv17BYaAbMHUAqQalvNVLmpFNtx0aNI7jcsjT', NULL, '2024-10-14 21:17:36'),
(498, 'App\\Models\\Tool', 84, 'zztjA4wF8Lw4CdoPBhteJemP2IbjiSYwPZmyWqmIWVPMBpAos9v5ZkK7cxqW9fTrB4hxwLAurescBarj', NULL, '2024-10-14 21:17:37'),
(499, 'App\\Models\\Tool', 84, '3F52PAJihwDpLNGvpW1Gl5tsaB9K33qj6N1qOgEzK3CsEgzAsdDu83amkAKTzZmNDeHKuxxv1b7pVBnp', NULL, '2024-10-14 21:18:06'),
(500, 'App\\Models\\Tool', 77, 'fJeE1FLSwLWqb5kGnufmJEzAQswxbJHnwOUEfRiEwaURlIabHcDFC5vniOAKnzUlYBE1KiJARR8bCZQV', NULL, '2024-10-14 21:18:21'),
(501, 'App\\Models\\Tool', 77, 'zWmzxK6hclSfvwsBXSMdlG9oTTGeYmS1mWpkCVXWsyc2igeXgqrc4GD9vsebkGDN4W10gqQKfOnt0YmT', NULL, '2024-10-14 21:19:44'),
(502, 'App\\Models\\Tool', 78, 'Mmah3DjvzXDu737b0gbwJhWurPTWF7X02PdXyMcniR1oFSPqLzsQu6tETNakdvkvCBTZ1fEbjx12QUAZ', NULL, '2024-10-14 21:20:49'),
(503, 'App\\Models\\Tool', 78, '4ijfMk4VVGQT9RISerXLIvcB6tCQIRqy3L676XjkFH5RQUgz40GqaO4xaJa8GhJk8sn1vwSFjN7k3Xj6', NULL, '2024-10-14 21:20:55'),
(504, 'App\\Models\\Tool', 79, 'iyfr82G3qs9QKEgGwWxsf2PZuFeEtKxkI99WqOqPF6q6cj0rc8VTKY3sBY0Rx0XYRX7ocrJSkbniUndF', NULL, '2024-10-14 21:21:25'),
(505, 'App\\Models\\Tool', 79, 'lhyCAt8LW285wiy2Hkr5fQ6nxMupsDzPPUsY02JLhss2mXuGv0cPvMUYWaqinJCYhYAaBBkshggVUHmJ', NULL, '2024-10-14 21:21:28'),
(506, 'App\\Models\\Tool', 85, '1SSRzIyXK9O8jN2hLbMqDn8gGmrbWzpp58gxjwjpCja7D8HXdZpQ4YRNhKrEST0E3cfSl8ORnKSIpjU9', NULL, '2024-10-14 21:21:37'),
(507, 'App\\Models\\Tool', 85, 'E900EwRPLZEHSyNauy9vR2rVCry5Ioqmp6ydGsYyIJGuykLluT1tiUqd9hV5lwrob0pJfyV2q8bBUIWR', NULL, '2024-10-14 21:21:43'),
(508, 'App\\Models\\Tool', 80, '2YHiglmYXQUqsXww0VbYdoyzMgKKZEKJLdUQBjcpL48VI0IWLFnLsOKIMUU13MQXFJZxlrEieear05H8', NULL, '2024-10-14 21:21:44'),
(509, 'App\\Models\\Tool', 80, 'h1sGSLLK8XYyZFpALKhMQWjEBeV8VR7p5GwFdBy0G83V09bH1ZlR41dgQmDCcEVDOQgKP9g2zvEdyQZi', NULL, '2024-10-14 21:22:01'),
(510, 'App\\Models\\Tool', 132, 'wuTFm7W1WNExTDFdQmcZc1CLzsvJhrlTvytJtyO05X7TktNeWjwPO0sS0dboweejMSR7BPffiLtnyiIg', NULL, '2024-10-14 21:22:11'),
(511, 'App\\Models\\Tool', 132, '6P1qosYXKfzv8v4NJs6yej8jY8pDYD3BTAA3cnw2daYs0lzrImY3tNzf1szcKHaqEZG5qXlQW4LwerOG', NULL, '2024-10-14 21:22:16'),
(512, 'App\\Models\\Tool', 61, '36ZCT7zoYFjtNUNPfqhAsXRLm3VbgLunof7jiU3ypi30ASLjaB4zZPzaFGlyAQoHWDbGB8fc4dSisJUe', NULL, '2024-10-14 21:23:02'),
(513, 'App\\Models\\Tool', 61, 'cPdOZarwjvXHolr39YU2enJGUlsaiCa3aj3xSaKf1hk5F2abxqdFBp0kz5fqyLeEDq11sb7Y8Md9xueh', NULL, '2024-10-14 21:23:51'),
(514, 'App\\Models\\Tool', 60, 'aJrMbAkTUKvfKJuYCigkk5bNkJUlwEfqBPyuZJUZ9pklG4Igfnek58voXLjSZwC3SkrxLay9Caa1Xrno', NULL, '2024-10-14 21:24:14'),
(515, 'App\\Models\\Tool', 60, '0i3B2NIvuZsLJcE0s5XrKxzNTQoPDXNSRtiql49Q1Nuh3ILyBUR4JMbPUbYgGHu5yg2nIgPegrHXXHDA', NULL, '2024-10-14 21:24:32'),
(516, 'App\\Models\\Tool', 11, 'sZUZTd6J056EgBzd3HRb1ekhWfoboSP0R8cw42PuvKnIJzEXSbnyW0BK8gMs8mgaWWZym6wYpXTfTYrJ', NULL, '2024-10-14 21:33:11'),
(517, 'App\\Models\\Tool', 11, 'ccG6awapz68aX34mWSQEWHPrUuAyrDIQW2UdglcaSjlIg3UjW53P9Tsef3yArVMJjff0EgDUG7iJhl9t', NULL, '2024-10-14 21:33:30'),
(518, 'App\\Models\\Tool', 12, 't5CxnXwpxRdkm6zuffCqLowxpTBNk9S3JRTdPn8xCoSzmRgq3tiSd5tbLpCLswZAJxOA60LW4SoOHHy4', NULL, '2024-10-14 21:33:39'),
(519, 'App\\Models\\Tool', 12, 'ZI9INaB7YVKfRC5HMw3NsJ7X9nRa0ULQqtAaE1po86andPnuH85H2nNRQiKX5MQxk3SKqF1KuyUEFZgj', NULL, '2024-10-14 21:34:24'),
(520, 'App\\Models\\Tool', 13, 'FJDruUP67fdg74LW7Arv80EUa5PMAzFxsdn31b80aFgSjC5FL6qP6NBzfJfUB8QCCaVyVc4y0VRH7LlF', NULL, '2024-10-14 21:34:50'),
(521, 'App\\Models\\Tool', 13, 'ySOFsIrbzp0Z9QHZOz5Z8ETAcerTqDs0icOYDlAzwN89mhQhXsY7o9jQXCDklmHZBCnlpb5v035cx1aq', NULL, '2024-10-14 21:35:16'),
(522, 'App\\Models\\Tool', 14, 'WsIILeXbYx2HviqPgGzUOMUeUl7IDcZtlpmvLQnD5Eu7audT6Ey2RQJggAJv8ZRXPsADCERpX3u4RR4L', NULL, '2024-10-14 21:36:17'),
(523, 'App\\Models\\Tool', 14, 'r4Y9aV6AuJZY1eqWoCRZN16I7ucGHJbhb863jE5hAjZSanBH7mwzuRr9hJxUGeSXWP1wzw4GWzE4cIE8', NULL, '2024-10-14 21:38:20'),
(524, 'App\\Models\\Tool', 15, 'VYws1NZNsQgSUkDzuJPDp94cS5pZbKp0i8bjNEDvgkLuHPNr2TejIkoee2El47IIgelFUDIm9KnNOrmO', NULL, '2024-10-14 21:38:45'),
(525, 'App\\Models\\Tool', 15, 'DawAnklaKhfYA4sJn1otsoPMQ9Q7COtHFMqdBitO14IBcSsH40sDPFCT6ebovctbJjKrEULY7fl6biRW', NULL, '2024-10-14 21:41:01'),
(526, 'App\\Models\\Tool', 17, 'BHRTIUNgmYpuMBV0ZoCyRW01xnr3FXz4P212YmciKuwK6r300OAU8pe0wyIFN0t88Ricr7Nwjm1NcnE3', NULL, '2024-10-14 21:45:06'),
(527, 'App\\Models\\Tool', 17, 'SL3Wy3j9so6XDwKfH9GVc1NGIy31EuLvY38GL6sAuV19VZcwhcsMZKlYR8LwEE2Wx0I8ZBLf2Th7AYDz', NULL, '2024-10-14 21:46:24'),
(528, 'App\\Models\\Tool', 18, 'SsZQPScnlvd8XIqBk1HgWZWQYg6GmGS2UHr4boYpCyN8mKUPtFZO9L0d67GVAnCyUfGaoRIWG9ZIXrhn', NULL, '2024-10-14 21:47:55'),
(529, 'App\\Models\\Tool', 18, '633IMWEfgVm72gaAMDVhxlV7tnMYfQjC0zgxf7Z02uOnrbxg6gtV2rnHJKkZAkQIBviVJSk7aq6ff9zl', NULL, '2024-10-14 21:49:42'),
(530, 'App\\Models\\Tool', 19, 'MD1b5q8anv1JfxHJAx05eHTagKjody7IHax31RlVVskbFZ1Ab0cuyixsTXOFSENJaBqxNaCHehJBLuvd', NULL, '2024-10-14 21:49:45'),
(531, 'App\\Models\\Tool', 19, 'x9rTErKesZuY3fhKpgHIhwq2n75AwhCJCyyDntrrSKsQPAZ7olpFR5RJEBYM83sbwxsB0l7W1pTJNoml', NULL, '2024-10-14 21:49:57'),
(532, 'App\\Models\\Tool', 130, 'IqKa1WnwrjjlamHjcweaytCgBAWPYH0GvMPSnUdBX5z7MrX9Ai2lzK586xLznB0HvgDut8gsZgTMjJmS', NULL, '2024-10-14 21:51:30'),
(533, 'App\\Models\\Tool', 130, 'uY9mK6cnwV4RD3zobO2YHMiOsvV2QV0xgJMFaeM8dO39KD5k6C9mFtqBIq4k2af5i1s6d8BLioESLiEt', NULL, '2024-10-14 21:51:40'),
(534, 'App\\Models\\Tool', 131, 'kDR9FkgL63SRR4NZqaiwzjqpdm78aztzv8pQrv28ZubwfuaE0oEV5cVzzIRCmgVMpy1QkJFSxwcsKdiw', NULL, '2024-10-14 21:51:52'),
(535, 'App\\Models\\Tool', 131, 'XLbQCQnDhfhgus2T9FfwJad1EoF1n8vgpfZKnEfdazb01DdKWgj7E1gL93p2fho0j32fHPkVMgd6UZgb', NULL, '2024-10-14 21:52:21'),
(536, 'App\\Models\\Tool', 133, 'JNKiIyPTBouOn1g9fQ0VJu4xN0xZ3gHk9wMuAlUZOILQahmjrDQqVXs89sfkFRJWZkYkwpU4kTvsai0y', NULL, '2024-10-14 21:53:16'),
(537, 'App\\Models\\Tool', 133, '9jeqR967gEtUuicTh70eNgUafMpUMO37uCcfpCyhb82SANyDESxa0Xd9enO1kG31LHwWcTfhiDAeilCc', NULL, '2024-10-14 21:55:21'),
(538, 'App\\Models\\Tool', 139, 'H79UG7k3bAYCr4ToqD6L0SjIt64s0iSMytX2JciDtDTXJIfHnI5JkO3z6lzDkUv95h0HZrm6gYmZQCTk', NULL, '2024-10-14 21:55:26'),
(539, 'App\\Models\\Tool', 139, '4DJeDH0j3yTCB3hMBQxzLcIxqpBe9J7ccUiiqTpIcr438KdsAx4tN25xZYALqMa8EtMSoFxCExkjkWFp', NULL, '2024-10-14 21:55:32'),
(540, 'App\\Models\\Tool', 120, 'UoS45eer5Y7ihlvXhi2vrtPFfpLA02hKNl7oLwv2I6jroOfX5oQEjWC4fQFUTgJ1Xxiv5sq8UTkSpn0c', NULL, '2024-10-14 21:59:14'),
(541, 'App\\Models\\Tool', 120, '7fDGFZMtlwmmeF15g105lA1gtHnKlP12FU7Efg5EkbmKJmJx3SiTkracT43EJ8zFqCcumLKm4P6QWKNA', NULL, '2024-10-14 21:59:31'),
(542, 'App\\Models\\Tool', 122, 'bZSwPd9u4WcqCc7Oses110DcILSzQhvzyuxgbCB1T9h5KaJ83IOH02XPmfgrXaZPZOrQDufOtrwkrF47', NULL, '2024-10-14 22:00:43'),
(543, 'App\\Models\\Tool', 122, 'ADq5rz2tPg2Qwc0z4KsJZNlV1a5jd6Vrl9Eg35LEcD0y97MzEw77W49Ir7F6ehW5jCHFDRE375yVosDE', NULL, '2024-10-14 22:02:14'),
(544, 'App\\Models\\Tool', 124, 'KfDxybBAATOSRrHdCRsHomc7NTRO1UUTmvvAC8tqYIMU2dHwSjQMOJqEcdjY8C78cO32UG9Tw0SgUuq8', NULL, '2024-10-14 22:04:06'),
(545, 'App\\Models\\Tool', 124, '1y8Af2we0iOaVVYOBUjCRnTt4GWNrgZnzNQZY5sHbld4hM67jQR3S1xew4a5CjuQv8AK89nf9aapgQki', NULL, '2024-10-14 22:05:57'),
(546, 'App\\Models\\Tool', 140, 'wHPhr1jzLjJZsUaUx3ey2ddXxUUqODIKWCxUg7Tz4Hw7XarsMFWiGYwlP7OG5siNELM9FGtkzMk5x6CS', NULL, '2024-10-14 22:06:34'),
(547, 'App\\Models\\Tool', 140, '4sVqGShpQR62hlHx8RTS95miBWLnyXSmh6Qfbypfyx5RkrQlwhA212SO2DGt2hBYfzfGPdpF0TEsnNKT', NULL, '2024-10-14 22:07:40'),
(548, 'App\\Models\\Tool', 113, '9qncv4UimZ1V5STzGAJ4pnl2qTXylhX3SUqZiMLHUlVX8ETt1UVw805fC4KMP4wsMde4qeI7mooIrtVx', NULL, '2024-10-14 22:10:23'),
(549, 'App\\Models\\Tool', 113, 'WmyAN5WbaQbpSTpPuxNLMlfiJ6rgFKxWCItVT0evXQflz0Tw8WIWjnfQJvKrB22BDMLoJUIG9mpxNsUl', NULL, '2024-10-14 22:10:57'),
(550, 'App\\Models\\Tool', 114, '7QxpIMVs3Hnk5fDanccsn3S5Ce70X9VQWHohkGOJjMsNJHDMCEALjmj266p7g7EEkT2M5erSVZnQSztN', NULL, '2024-10-14 22:11:12'),
(551, 'App\\Models\\Tool', 114, 'KkPRZ0Fo60MKQAQzmvUm1Uo4YJ88TZRdZrXQF1U3cnBt4hrSZ7iRIJso1VzLUJ3sZ5RKDxBivrW8ZVOY', NULL, '2024-10-14 22:11:46'),
(552, 'App\\Models\\Tool', 116, '66j0xgNJeFJDCzGUq4obpFTaVHcCirREtoueZIFyHua5rhUEbsXK036NRP54vBvUI83vkll7wOK8wLhv', NULL, '2024-10-14 22:15:09'),
(553, 'App\\Models\\Tool', 116, 'ru2alwTbOHQ0XdWGGS1QhRZeVLz29xEfMw4E3zs4fjR5WHZ2ZKXOm0C6JiDHE7ByN8gunhYhdSXVVHgi', NULL, '2024-10-14 22:15:36'),
(554, 'App\\Models\\Tool', 117, '0vlU99ssmXlRhOnXT7aYP3lvYWTCkC53yJu3b2OP7vvWp2BbzTCBAufB4FN9oIpu9RZajV4uxurtoDke', NULL, '2024-10-14 22:15:58'),
(555, 'App\\Models\\Tool', 117, 'YhR74yz6TxUc8FSHxJOXNTHIYiMtdpEVmTy5NLsftTxGxQjvgbH4fSsRguLaBgXeoV8qNUjzeb0xUUVd', NULL, '2024-10-14 22:16:21'),
(556, 'App\\Models\\Tool', 118, 'ZEjlFje0ihNT4QXO2jUQh3AVpPkjqK0FZyp4WAMbgdDsdzTLR5m48AW8C8jfhuoMVCZRVFmaGFPp2JPH', NULL, '2024-10-14 22:18:10'),
(557, 'App\\Models\\Tool', 118, 'mdm1XFPDnH73r6ILL8G1Mh1vgWP5fiTwl66Z1t1Q6q6r9XNc278RhmUs0Ww0jsXB7IoowSj0jeBhG7em', NULL, '2024-10-14 22:19:07'),
(558, 'App\\Models\\Tool', 86, 'tBrTtXW6qkZwCsLAtD8wROwkZqqncZNWjJGzYD4GBEsYXTJSdJ2SfEC3ABzwF3I34h6PZKSxwJAH7Xei', NULL, '2024-10-14 22:20:38'),
(559, 'App\\Models\\Tool', 86, 'oEzRYCmLXd5ElEUCtvzF6LDMhx60AmcsU2lRMzYgxd9uQxmohYT2sH90dqdqtwEAWNRKynp5JH0lOYvq', NULL, '2024-10-14 22:21:59'),
(560, 'App\\Models\\Tool', 87, 'hHBLyizT3bWPCQZ4BXTMwOS4o6vPx94iSY8tctyBlN4OfuiflpSr16QExFwqTBkaIZxPEGSIGPMGEdMj', NULL, '2024-10-14 22:22:07'),
(561, 'App\\Models\\Tool', 87, '8oUIJoZ86Se13sDt8CYMIpTR7U42iMRXXZxddkWrgXJcg77T1loZyFmrQY0eAS3JGXTjyL2lmkLKgAJ6', NULL, '2024-10-14 22:22:09'),
(562, 'App\\Models\\Tool', 88, 'fYkjjcEIizszgxUAjXLgrgniETOSLgjUaWc3FYOyPn8uKOOorbgpZiO1HszW2C6AFxW62ufA9d9TNjlE', NULL, '2024-10-14 22:22:19'),
(563, 'App\\Models\\Tool', 88, 'dbSxXt1o9uZSrZFwjk7PMqlRuqVylHVns2mgiNftJbbwAyeJYo37m6GqkW4hRaPSgUYrW7RUCMXVMVSj', NULL, '2024-10-14 22:22:33'),
(564, 'App\\Models\\Tool', 89, 'YZNlknpb4m6CfxgIj7DkspnreYQhNDTNEBXzLNr2yVtVJC1AVuz9iQssBQSZUzB0sV66DlqYLXd6mPD2', NULL, '2024-10-14 22:22:48'),
(565, 'App\\Models\\Tool', 89, 'RWk9zOhZIVGInkpKNjSVCEu4eRnLgh3AEJ4TEaerLXfyGOnoHGY2gFJHsT9fOlUxhG4bCgVQnsMkYHJq', NULL, '2024-10-14 22:24:56'),
(566, 'App\\Models\\Tool', 90, 'o4R5DzobLxogjDkFBDnJFW6EiTnAz0sIFER30CiABfzkGvMFlF2Nu0nNzTeXi2ZNdj2FLkNjhc2EqY7O', NULL, '2024-10-14 22:25:01'),
(567, 'App\\Models\\Tool', 90, 'Fp5kPlQSEEcuIeWZTuEyi4217R7mesuL8IqlJH6ACbnDcwnt1fU537XmdRIIShKRXNJuUepvYPaKd6dr', NULL, '2024-10-14 22:25:50'),
(568, 'App\\Models\\Tool', 91, 'E3ID42akqyUUcqhHiNnj0oIjFjuc0EW5K0VWWJpZAGRYFsKaQQX2vXaFH61bAGqGb9XWyTbXg1gI9n4p', NULL, '2024-10-14 22:26:10'),
(569, 'App\\Models\\Tool', 91, 'qjpTph9mEeCpfNE3sxODcr6LWMfIv7n4bfCmrDIupRcENr48sfbBksye3T3MXXjYAsIyuhxG99hId10A', NULL, '2024-10-14 22:28:29'),
(570, 'App\\Models\\Tool', 92, 'C84g3jmxq6iGrTPby1lWhWNgYNtf3ToPNdbIZTTaQ6cNg4mpDT2RfT5Yv7RAW4hZ0j6q4yA7NX1Hfpb4', NULL, '2024-10-14 22:28:50'),
(571, 'App\\Models\\Tool', 92, 'Aa9PNkJ6hxC2zVWh8zrb76zNTc2iNLrWJu1SqHYoHuInifKZIaxMBVhZ5cFXFiiBizO4wX0oNqJNgUsc', NULL, '2024-10-14 22:29:38'),
(572, 'App\\Models\\Tool', 93, 'vN5zyGG41jwjz5250I2iU0BS0ocRBWtw3TZ5J0ROR7SOineZU3LzeUXlvpnPb89mruot0FFtNcIg1Hcs', NULL, '2024-10-14 22:29:57'),
(573, 'App\\Models\\Tool', 93, 'wNH3aEHgTBxF3UZ7c6f4PKVNdGiqVTQSIzijdm6Ypaiq8RTsHMte761T0HgBdWGP3CzNqmaNkLoTesey', NULL, '2024-10-14 22:30:12'),
(574, 'App\\Models\\Tool', 95, 'zmwYZSn0lJJbUzKwf4rPW2oAlGw5VDVLiGOz8VZIrc2aYhkNaFDTi1LtOyKWj3nDyVjUd2FYv21YV1Ji', NULL, '2024-10-14 22:32:40'),
(575, 'App\\Models\\Tool', 95, 'Ngfqt8C5732gaVYaQ4MPAE9hw2TNiBqtDAdw6xTAhB09k3cXkZ3WnQk584T6APtk0w8FcCUHMwFFqZL3', NULL, '2024-10-14 22:32:45'),
(576, 'App\\Models\\Tool', 96, 'QTsV8u9XgCvzTgTRtahz5MsJ7255TVZgMWkparzqVJvTOm9QwBcHba3XgS59NaSOTBfHjPjOje6T6MyV', NULL, '2024-10-14 22:32:55'),
(577, 'App\\Models\\Tool', 96, 'mYZmIOb0me456bv6men5k29Dl4nLWzFj25BeyEGGLJyIbnnqQncw1tSKN15LLnoSnDqzlQUGvmSIcJ64', NULL, '2024-10-14 22:33:17'),
(578, 'App\\Models\\Tool', 97, 'ne2QRH4J1jm7NeUr09jYI75NzdXSX8nIyknepBvFo0P7LrlRADrCZmrvPzHC7XnIlYDt07XXOUJ3yKQI', NULL, '2024-10-14 22:33:40'),
(579, 'App\\Models\\Tool', 97, 'V96YIf9IBMi3y2hjD0hwblJ3FFu4Yjk2uGTGKIPjlaWovXiXn3Ur5JLz7W2PzaNgQIF2NGnuAbNRfdPf', NULL, '2024-10-14 22:34:13'),
(580, 'App\\Models\\Tool', 98, 'M2Votp0dgjzHw2G6ETht4Fu9uq8AmiEufMCmpsfHL0ZxVY5YxM70zIChS3xZYWtBKk7Us9kK1BzVGcjj', NULL, '2024-10-14 22:34:22'),
(581, 'App\\Models\\Tool', 98, 'Rl7uDt9cL1GjBaobExja99nC2yRsYYbmJIyTxrTKoQOz86v15mcQMJ7pj10Tkcu3RYbbODx5lafjsTpA', NULL, '2024-10-14 22:34:28'),
(582, 'App\\Models\\Tool', 99, '7r0xw5ToP9LiE30NWkGu4fWmpq9WX3LfoGBB96tgQI0BcTo0EXWUVU9LxPl0lbrThXsUywtFXoKirazb', NULL, '2024-10-14 22:34:45'),
(583, 'App\\Models\\Tool', 99, 'XcHedAIbqCq47TNgUhhU275yukutOoN9vMIuJMUGHkDGmWB1cL4fQCwoPIxEW4J58yJt7BQda3ZtF5nK', NULL, '2024-10-14 22:35:12'),
(584, 'App\\Models\\Tool', 100, 'II0I1GNnsLAdXghprkQKHkjNnSpoQ5iLZfNTgK0BLDtPMRNl5t3ms2ZFoEClLLOGSj9TgAOdPRkApT9W', NULL, '2024-10-14 22:35:17'),
(585, 'App\\Models\\Tool', 100, 'isQv3D4LbF8VSTDiRmVvTHiT1SqrWMTcLcX88hPFKm46ANtzaSvD2bc9gKs3hxZWIOWMWvXKCLci1cOX', NULL, '2024-10-14 22:35:25'),
(586, 'App\\Models\\Tool', 101, 'QcpY9yPgWXqsw5RpqTj3cIIvFcC31MAqab6bZn7lww36BUJipvj7EHEzcPQxO54Xh9ggDLCZOJUDuB35', NULL, '2024-10-14 22:35:36'),
(587, 'App\\Models\\Tool', 101, 'sw0rLcUgxVV4yxF0QAqK1SGoAs2QCWdC9PnS2BEe9VkjCu0u5Sz7M6PyWttpNGTL813chIvQxRWqf3SF', NULL, '2024-10-14 22:35:38'),
(588, 'App\\Models\\Tool', 102, 'KLyDGoBG0CbdakMzNxmVVwDazXUgbTZ7gw2H49L6o21yIgOwkHVDHU8vghyjgyLWYkCGAj4EQgrru975', NULL, '2024-10-14 22:35:51'),
(589, 'App\\Models\\Tool', 102, 'j66prLuyYQR6FxXJMslyzCjip9q8VjHA8cw0USeRnNeoAQFDnKIDQ1C39LaqhUONBRIqhcZTg5KJFzej', NULL, '2024-10-14 22:35:56'),
(590, 'App\\Models\\Tool', 103, 'A8O5GXdGhKCOl7pGLQJu7FvTjd9V90b0CvNwBckDantgAUZ5W3tQLqpGfHcNa0av5Wozw5Jx7DnkrEZU', NULL, '2024-10-14 22:35:58'),
(591, 'App\\Models\\Tool', 103, 'xqtU79ZjxxX7llatdM6yKNp5m7gwwgmF8TvNZ0VhaKCUwOIdnhALNBOBn1ixu3yCjiTzUhUzqMc55a5L', NULL, '2024-10-14 22:36:42'),
(592, 'App\\Models\\Tool', 105, 'kDPBkuNROjhJbyVakZXsfPouqREi59YM5MxgcUbpchgbNzEKfMZDxAa99NbuUKPQyQYXxpKdobBUQlKC', NULL, '2024-10-14 22:37:31'),
(593, 'App\\Models\\Tool', 105, 'NIv20is4AUeviZooXUiByvD9CXELjNWnv5z9Vaa7VNvwlh0mARtrQl9QZM2UrFkXiOFX7vKdVbjIhgiT', NULL, '2024-10-14 22:40:15'),
(594, 'App\\Models\\Tool', 106, 'Nv77KE5SZEk7zNpMXJ7WDAhPOaf3fPt05mSIzGVWjcnUziVXD5S3ZRDMrgM6RTbwxSm3F68XhEBPQzoX', NULL, '2024-10-14 22:40:26'),
(595, 'App\\Models\\Tool', 106, 'Jp7t6JAI6LIpm4aXNOfe7X84d6PbrcIcicZonrBerf52DBx2ShMXigSikwOSTf8lBJJueQuzSL1aviWj', NULL, '2024-10-14 22:40:42'),
(596, 'App\\Models\\Tool', 108, 'nZirm7TtZ5oIrV2FbYJviLoVXHTYcMxSh6kWOZ1QhYtbxyj1YeiV7Eg9Jld5l00MHVgLFmiaech1pegf', NULL, '2024-10-14 22:43:25'),
(597, 'App\\Models\\Tool', 108, 'eTl61v2k9NZaj2LPfzzhaG4W5ecz6lpoGX53cD3iiFppWVj0zlMe2WRjGezcxjxjPipe8A1iEgekdJLL', NULL, '2024-10-14 22:45:20'),
(598, 'App\\Models\\Tool', 109, 'OPlHxL1szl5zGwZw6GZrjd32VJ9YyfAIV8Xtdboysgt9Y8n40h0YNXDF63IyIopx8ItJgsxsrcau4hew', NULL, '2024-10-14 22:45:45'),
(599, 'App\\Models\\Tool', 109, '2ILcExPx5s74BuFfGRCIUVPfNoKnYh3Rs03pK6VKUSv0Qf4luR2SS61uuEVmrEglLCxgR7Z33yaTZHQ8', NULL, '2024-10-14 22:46:37'),
(600, 'App\\Models\\Tool', 110, 'gNrQdlR0EPeHYofM1wIQdq8mqq4yORS7VnNSI7YfWc2Qfvw3EwL7s4Puk2609JbRmEB2UcfJkOMQcM4o', NULL, '2024-10-14 22:46:56'),
(601, 'App\\Models\\Tool', 11, 'AP4FwcfGpWQszAaQTJaWxouwFPnNahN75MLwNhnZF4dZhoSTHLI5WjDNH9bMn53HMSMQHcCefXVQFBnk', NULL, '2024-10-14 23:05:55'),
(602, 'App\\Models\\Tool', 86, 'AP4FwcfGpWQszAaQTJaWxouwFPnNahN75MLwNhnZF4dZhoSTHLI5WjDNH9bMn53HMSMQHcCefXVQFBnk', NULL, '2024-10-14 23:06:10'),
(603, 'App\\Models\\Tool', 11, 'YTEGgCmEbjZ83NyTWXmRZF4ToCiWgzkFhJ89tWSmflJeQKfQ3LZDssJH22LVZLM6nZ3NfHsKsnuQGhqa', NULL, '2024-10-15 02:44:43'),
(604, 'App\\Models\\Tool', 117, 'YTEGgCmEbjZ83NyTWXmRZF4ToCiWgzkFhJ89tWSmflJeQKfQ3LZDssJH22LVZLM6nZ3NfHsKsnuQGhqa', NULL, '2024-10-15 02:45:15'),
(605, 'App\\Models\\Tool', 147, 'm6TMH1nu212n2pAFiYsCy5EP4whL8lVKNZipZnZxLPYRFSr5pO0YfPPiOLb10lut11G5ZOnIZGqwj3Q9', NULL, '2024-10-15 04:28:11'),
(606, 'App\\Models\\Tool', 12, 'XLzfl83YoawiIk1ldMMl5f61RkodxDmFd3OsHeWBSoNtvHbni4fFBBpUb8mCEgvJCnAWqoqfBKVc6IJd', NULL, '2024-10-15 07:50:26'),
(607, 'App\\Models\\Tool', 114, 'XLzfl83YoawiIk1ldMMl5f61RkodxDmFd3OsHeWBSoNtvHbni4fFBBpUb8mCEgvJCnAWqoqfBKVc6IJd', NULL, '2024-10-15 07:51:06'),
(608, 'App\\Models\\Tool', 116, 'XLzfl83YoawiIk1ldMMl5f61RkodxDmFd3OsHeWBSoNtvHbni4fFBBpUb8mCEgvJCnAWqoqfBKVc6IJd', NULL, '2024-10-15 07:51:12'),
(609, 'App\\Models\\Tool', 2, '6RyuGIKVbQ5xu3k4eftkSs9kL7o4HFPP08QhHvfzLxWPTDDKJKOz1xQW2A3O3Us0PmxaZvkDvqiT7jKI', NULL, '2024-10-15 15:29:53'),
(610, 'App\\Models\\Tool', 61, '6RyuGIKVbQ5xu3k4eftkSs9kL7o4HFPP08QhHvfzLxWPTDDKJKOz1xQW2A3O3Us0PmxaZvkDvqiT7jKI', NULL, '2024-10-15 15:30:04'),
(611, 'App\\Models\\Tool', 13, '6RyuGIKVbQ5xu3k4eftkSs9kL7o4HFPP08QhHvfzLxWPTDDKJKOz1xQW2A3O3Us0PmxaZvkDvqiT7jKI', NULL, '2024-10-15 15:30:28'),
(612, 'App\\Models\\Tool', 54, 'Lrri0MRYPqfh1CFVTdJnvGBjCnPLecmZyAXUq0BISDe96wkmBiHbH116KQ4IYRSXLB3iA7g8vw4YTY4O', NULL, '2024-10-15 17:30:07'),
(613, 'App\\Models\\Tool', 12, 'AP4FwcfGpWQszAaQTJaWxouwFPnNahN75MLwNhnZF4dZhoSTHLI5WjDNH9bMn53HMSMQHcCefXVQFBnk', NULL, '2024-10-15 19:18:57'),
(614, 'App\\Models\\Tool', 14, 'AP4FwcfGpWQszAaQTJaWxouwFPnNahN75MLwNhnZF4dZhoSTHLI5WjDNH9bMn53HMSMQHcCefXVQFBnk', NULL, '2024-10-15 19:20:05'),
(615, 'App\\Models\\Tool', 60, 'AP4FwcfGpWQszAaQTJaWxouwFPnNahN75MLwNhnZF4dZhoSTHLI5WjDNH9bMn53HMSMQHcCefXVQFBnk', NULL, '2024-10-15 19:22:00'),
(616, 'App\\Models\\Tool', 85, 'AP4FwcfGpWQszAaQTJaWxouwFPnNahN75MLwNhnZF4dZhoSTHLI5WjDNH9bMn53HMSMQHcCefXVQFBnk', NULL, '2024-10-15 19:22:11'),
(617, 'App\\Models\\Tool', 12, 'ZT2lCWUisiV5rrHaD62fTjqUm0FomowN0nxOaM5bS2saLCR41fmvSjdLdzrQSNtJRSZsTs5gxQ9kbdDY', NULL, '2024-10-15 19:33:08'),
(618, 'App\\Models\\Tool', 17, 'fdr4U9elRbYO6mtgU2JDelLT9pzGrZM6IYb57BAOgcsFnNRUsmvTMRdlMo5XUilaxDkrQYuF30bw4Cui', NULL, '2024-10-15 19:33:08'),
(619, 'App\\Models\\Tool', 8, 'bS6jorLI7KY2PFOBvKsCWba4TY8DeEXsEn5DZNndPTF6dAbffjpgVb912sk6f2HTZoq3uQhFfvRPmj4b', NULL, '2024-10-15 20:30:50'),
(620, 'App\\Models\\Tool', 11, 'AP4FwcfGpWQszAaQTJaWxouwFPnNahN75MLwNhnZF4dZhoSTHLI5WjDNH9bMn53HMSMQHcCefXVQFBnk', NULL, '2024-10-15 20:56:41'),
(621, 'App\\Models\\Tool', 18, 'ZSzSfeKGlBdm2j7rwyy63Q2D9Hfoz8gZVtVVq6h8JWB5EU9aPxDkVSz0O6GzhvfWbGwP3YKXzwy67cWN', NULL, '2024-10-15 22:31:21'),
(622, 'App\\Models\\Tool', 119, 'idrsm5UNUcEukSwEYKTi3B0mGXmGpjrEiznN60MD5LDhw0VoJPk6VVooz7PCKvh5MMybEfalnNUhsABn', NULL, '2024-10-15 23:40:12'),
(623, 'App\\Models\\Tool', 5, 'EPiB0jONSJW0UpIS8yEki91oqkz0t67VJuKQZWF5hivTTOiT6XbKG3mTKeVYPbK5CTjYad8shuOYDW2O', NULL, '2024-10-16 06:26:35'),
(624, 'App\\Models\\Tool', 114, '98QQWduVQuHTS2RrMAgmphCuUOD5Ewzgh7BF7gqAVj8eKIDIqCZDkClc8OcixowtW7cdEh59neVijO3O', NULL, '2024-10-16 11:00:39'),
(625, 'App\\Models\\Tool', 11, '98QQWduVQuHTS2RrMAgmphCuUOD5Ewzgh7BF7gqAVj8eKIDIqCZDkClc8OcixowtW7cdEh59neVijO3O', NULL, '2024-10-16 11:01:50'),
(626, 'App\\Models\\Tool', 143, '98QQWduVQuHTS2RrMAgmphCuUOD5Ewzgh7BF7gqAVj8eKIDIqCZDkClc8OcixowtW7cdEh59neVijO3O', NULL, '2024-10-16 11:02:19'),
(627, 'App\\Models\\Tool', 60, '1E9j7MMgUmIq1vDE9ADjtIOaE95W2Ll5M3hxvesDTURB8XF6GridyKUiGp6v6fJipVZZgGCtTSYZqlQp', NULL, '2024-10-17 13:31:11'),
(628, 'App\\Models\\Tool', 61, '1E9j7MMgUmIq1vDE9ADjtIOaE95W2Ll5M3hxvesDTURB8XF6GridyKUiGp6v6fJipVZZgGCtTSYZqlQp', NULL, '2024-10-17 13:31:13'),
(629, 'App\\Models\\Tool', 11, '1E9j7MMgUmIq1vDE9ADjtIOaE95W2Ll5M3hxvesDTURB8XF6GridyKUiGp6v6fJipVZZgGCtTSYZqlQp', NULL, '2024-10-17 13:31:14'),
(630, 'App\\Models\\Tool', 12, '1E9j7MMgUmIq1vDE9ADjtIOaE95W2Ll5M3hxvesDTURB8XF6GridyKUiGp6v6fJipVZZgGCtTSYZqlQp', NULL, '2024-10-17 13:31:16'),
(631, 'App\\Models\\Tool', 132, '1E9j7MMgUmIq1vDE9ADjtIOaE95W2Ll5M3hxvesDTURB8XF6GridyKUiGp6v6fJipVZZgGCtTSYZqlQp', NULL, '2024-10-17 13:31:17'),
(632, 'App\\Models\\Tool', 13, '1E9j7MMgUmIq1vDE9ADjtIOaE95W2Ll5M3hxvesDTURB8XF6GridyKUiGp6v6fJipVZZgGCtTSYZqlQp', NULL, '2024-10-17 13:31:17'),
(633, 'App\\Models\\Tool', 80, '1E9j7MMgUmIq1vDE9ADjtIOaE95W2Ll5M3hxvesDTURB8XF6GridyKUiGp6v6fJipVZZgGCtTSYZqlQp', NULL, '2024-10-17 13:31:21'),
(634, 'App\\Models\\Tool', 14, '1E9j7MMgUmIq1vDE9ADjtIOaE95W2Ll5M3hxvesDTURB8XF6GridyKUiGp6v6fJipVZZgGCtTSYZqlQp', NULL, '2024-10-17 13:31:22'),
(635, 'App\\Models\\Tool', 85, '1E9j7MMgUmIq1vDE9ADjtIOaE95W2Ll5M3hxvesDTURB8XF6GridyKUiGp6v6fJipVZZgGCtTSYZqlQp', NULL, '2024-10-17 13:31:23'),
(636, 'App\\Models\\Tool', 15, '1E9j7MMgUmIq1vDE9ADjtIOaE95W2Ll5M3hxvesDTURB8XF6GridyKUiGp6v6fJipVZZgGCtTSYZqlQp', NULL, '2024-10-17 13:31:24'),
(637, 'App\\Models\\Tool', 79, '1E9j7MMgUmIq1vDE9ADjtIOaE95W2Ll5M3hxvesDTURB8XF6GridyKUiGp6v6fJipVZZgGCtTSYZqlQp', NULL, '2024-10-17 13:31:25'),
(638, 'App\\Models\\Tool', 16, '1E9j7MMgUmIq1vDE9ADjtIOaE95W2Ll5M3hxvesDTURB8XF6GridyKUiGp6v6fJipVZZgGCtTSYZqlQp', NULL, '2024-10-17 13:31:26'),
(639, 'App\\Models\\Tool', 11, 'HizoDEELj8C2P1lPETeC3NfZBDMNXigP8B7ihbntNqRroiyXinHh1jVpTYrN4E9dF3UkxbSMw2W6c0WT', NULL, '2024-10-18 02:51:53'),
(640, 'App\\Models\\Tool', 88, 'HizoDEELj8C2P1lPETeC3NfZBDMNXigP8B7ihbntNqRroiyXinHh1jVpTYrN4E9dF3UkxbSMw2W6c0WT', NULL, '2024-10-18 02:52:08'),
(641, 'App\\Models\\Tool', 149, 'HizoDEELj8C2P1lPETeC3NfZBDMNXigP8B7ihbntNqRroiyXinHh1jVpTYrN4E9dF3UkxbSMw2W6c0WT', NULL, '2024-10-18 02:52:34'),
(642, 'App\\Models\\Tool', 16, 'HizoDEELj8C2P1lPETeC3NfZBDMNXigP8B7ihbntNqRroiyXinHh1jVpTYrN4E9dF3UkxbSMw2W6c0WT', NULL, '2024-10-18 02:56:10'),
(643, 'App\\Models\\Tool', 139, 'HizoDEELj8C2P1lPETeC3NfZBDMNXigP8B7ihbntNqRroiyXinHh1jVpTYrN4E9dF3UkxbSMw2W6c0WT', NULL, '2024-10-18 02:56:45'),
(644, 'App\\Models\\Tool', 61, 'HizoDEELj8C2P1lPETeC3NfZBDMNXigP8B7ihbntNqRroiyXinHh1jVpTYrN4E9dF3UkxbSMw2W6c0WT', NULL, '2024-10-18 02:58:29'),
(645, 'App\\Models\\Tool', 78, 'HizoDEELj8C2P1lPETeC3NfZBDMNXigP8B7ihbntNqRroiyXinHh1jVpTYrN4E9dF3UkxbSMw2W6c0WT', NULL, '2024-10-18 02:58:33'),
(646, 'App\\Models\\Tool', 120, 'hssbBWei3BRjBKRem9P6drfpu9OTAvpMJFxMrvjOf9ds6Pn8ttu1ISMlrd6WteMjTbKJOFZ1KHtuvuzT', NULL, '2024-10-18 09:56:01'),
(647, 'App\\Models\\Tool', 120, 'g7tbNJrRONMya8octlc4y9azbCbMaDUQXhuzEanr0RizUqAWTubhlgUWss7BEMpO73p2NoE94Op3c16W', NULL, '2024-10-18 09:56:03'),
(648, 'App\\Models\\Tool', 14, 'ufQvr1UQyNlydGdpVMvoNWIUqvo5F8sx5YMYpnrwap5MJl5BxTvHsFklxEudcruGhxbjXSQhLuDVT3Ol', NULL, '2024-10-18 17:07:32'),
(649, 'App\\Models\\Tool', 10, 'QSgLtwQtexXHVCbihfsaRWecHqRRjv3fYzR82OcZs7mmUoPJgobPmXVH0xSu13xroXfcAPY5pdky5wFv', NULL, '2024-10-18 17:43:20'),
(650, 'App\\Models\\Tool', 21, 'QSgLtwQtexXHVCbihfsaRWecHqRRjv3fYzR82OcZs7mmUoPJgobPmXVH0xSu13xroXfcAPY5pdky5wFv', NULL, '2024-10-18 17:43:23'),
(651, 'App\\Models\\Tool', 21, 'cMy7a2v7dnpWD8CMgI3RApty29SqmLFsjeWETj95At3Y0rpjxaskYP7LK5MzLuMfGyGDcPT0cO9hAnR0', NULL, '2024-10-18 21:25:27'),
(652, 'App\\Models\\Tool', 134, '85npP6kzq4cs0tgYi6Nbusi6jMbUJ7IC64q1uv6nwIJoHmgqdRyibD5tPHTPuBsWNgUbYL3ziqkKwv1b', NULL, '2024-10-18 23:57:00'),
(653, 'App\\Models\\Tool', 134, 'VlVb68QhS0pgPnSU9jGv7PHD0qaLK4W0QWLoirWKXPIiV3yoMqmIvrVoLyQPGEPIb3VG8BYLCVveGE4s', NULL, '2024-10-18 23:57:04'),
(654, 'App\\Models\\Tool', 134, 'ljAwV0LG7kzjYuPs4rRdIyJbvohIW7RVXNsLG9elkiFnBvIAa6G53wRtGhgy2bhvkBQd0eWfMv5Xjnow', NULL, '2024-10-18 23:57:09'),
(655, 'App\\Models\\Tool', 134, '3h9Ux624D9Rv7hjJ830aGRYG265PuxvdlJlUfdYmPKRwAgxcgKG5vgxOTiH4Cw71Pl24vwyvsoeIJQ8T', NULL, '2024-10-18 23:57:17'),
(656, 'App\\Models\\Tool', 153, 'BJcd6UnTbUPzn8C5PBxJ3NAlCQMBPxutz3FLkjJQaUBOK4K75u3P84jxjJII99VERgTdkNS251mUSLLE', NULL, '2024-10-19 09:19:49'),
(657, 'App\\Models\\Tool', 11, 'OeUYKQfGoNw0drbIVVhQI6xPsilSlQ0VhgUBuwC0b66djJ3hXwaNggk4agbmcs99IPg5hNP3BXx1QDh8', NULL, '2024-10-20 03:35:52'),
(658, 'App\\Models\\Tool', 11, 'X8mKxqwN2MXWPHcSfQX8dFAqGIuLzBqI8utc9TsDFsCzcwKq2b17bsOw1UwUDoxEfg6RX4wW1vEgaFym', NULL, '2024-10-20 03:44:32'),
(659, 'App\\Models\\Tool', 13, 'jCfSeqppGAaMinEKivWYf8LDp1vEbtzn5UWtCeyzA4BLx8AAhLalLBjPc6FTvwtGXyxf02nkOxH7NvcJ', NULL, '2024-10-20 03:44:32'),
(660, 'App\\Models\\Tool', 12, '6AW3iYY0WZyS0EGhz4fBhtA9PzMu0hwc1pR5snCA99YH51pkFjWCdZPzL0NHsckNR6qi4Ls3Al9orGLY', NULL, '2024-10-20 03:44:32'),
(661, 'App\\Models\\Tool', 12, 'Uuw1iCbkaRq6Ulk6KSW7F3sIwakupCrC8QR5fjIqCRtp5PM7EqmFY42mvXbO0NL52PrxRKEZ8C31gjBi', NULL, '2024-10-20 06:28:40'),
(662, 'App\\Models\\Tool', 17, 'vVjilzezFXfeUil2dJUai4bORKe0LtO91CJk2CpY2VRcRoC92rC2mxmZZLjX7CZkb2yCWDOZ6002r8to', NULL, '2024-10-20 06:28:40'),
(663, 'App\\Models\\Tool', 153, 'NWyWypBtxhOVfAxCqYEEwH94oTB80aKPG7R3wejB0ulgVBtletx1fGMhiKDlgy1B15kNlUlgHBuzBrdU', NULL, '2024-10-20 12:09:37'),
(664, 'App\\Models\\Tool', 140, '9ghKIqtx963R8giIBIzkplkxBuuZO3ie9bWjLBH08nK8rMKqLfK11j65cOsFyD7Qv9QDkAnAH00MUC9g', NULL, '2024-10-21 09:35:30'),
(665, 'App\\Models\\Tool', 60, '3C22yXrp9VNs6KxH9OSO004qLLUYJIj8BTs5XaGJRLPGLhREZ2gUdNXNpvOD7M8FvfC7wBCgDyxAxtu1', NULL, '2024-10-21 11:39:43'),
(666, 'App\\Models\\Tool', 61, '3C22yXrp9VNs6KxH9OSO004qLLUYJIj8BTs5XaGJRLPGLhREZ2gUdNXNpvOD7M8FvfC7wBCgDyxAxtu1', NULL, '2024-10-21 11:39:44'),
(667, 'App\\Models\\Tool', 11, '3C22yXrp9VNs6KxH9OSO004qLLUYJIj8BTs5XaGJRLPGLhREZ2gUdNXNpvOD7M8FvfC7wBCgDyxAxtu1', NULL, '2024-10-21 11:39:45'),
(668, 'App\\Models\\Tool', 12, '3C22yXrp9VNs6KxH9OSO004qLLUYJIj8BTs5XaGJRLPGLhREZ2gUdNXNpvOD7M8FvfC7wBCgDyxAxtu1', NULL, '2024-10-21 11:39:46'),
(669, 'App\\Models\\Tool', 132, '3C22yXrp9VNs6KxH9OSO004qLLUYJIj8BTs5XaGJRLPGLhREZ2gUdNXNpvOD7M8FvfC7wBCgDyxAxtu1', NULL, '2024-10-21 11:39:47'),
(670, 'App\\Models\\Tool', 13, '3C22yXrp9VNs6KxH9OSO004qLLUYJIj8BTs5XaGJRLPGLhREZ2gUdNXNpvOD7M8FvfC7wBCgDyxAxtu1', NULL, '2024-10-21 11:39:47'),
(671, 'App\\Models\\Tool', 80, '3C22yXrp9VNs6KxH9OSO004qLLUYJIj8BTs5XaGJRLPGLhREZ2gUdNXNpvOD7M8FvfC7wBCgDyxAxtu1', NULL, '2024-10-21 11:39:48'),
(672, 'App\\Models\\Tool', 14, '3C22yXrp9VNs6KxH9OSO004qLLUYJIj8BTs5XaGJRLPGLhREZ2gUdNXNpvOD7M8FvfC7wBCgDyxAxtu1', NULL, '2024-10-21 11:39:49'),
(673, 'App\\Models\\Tool', 85, '3C22yXrp9VNs6KxH9OSO004qLLUYJIj8BTs5XaGJRLPGLhREZ2gUdNXNpvOD7M8FvfC7wBCgDyxAxtu1', NULL, '2024-10-21 11:39:50'),
(674, 'App\\Models\\Tool', 15, '3C22yXrp9VNs6KxH9OSO004qLLUYJIj8BTs5XaGJRLPGLhREZ2gUdNXNpvOD7M8FvfC7wBCgDyxAxtu1', NULL, '2024-10-21 11:39:50'),
(675, 'App\\Models\\Tool', 79, '3C22yXrp9VNs6KxH9OSO004qLLUYJIj8BTs5XaGJRLPGLhREZ2gUdNXNpvOD7M8FvfC7wBCgDyxAxtu1', NULL, '2024-10-21 11:39:51'),
(676, 'App\\Models\\Tool', 16, '3C22yXrp9VNs6KxH9OSO004qLLUYJIj8BTs5XaGJRLPGLhREZ2gUdNXNpvOD7M8FvfC7wBCgDyxAxtu1', NULL, '2024-10-21 11:39:52'),
(677, 'App\\Models\\Tool', 60, '1eTfCp5DC9FBmGDG07SLdwUgLCOAIiB7GWHW961fUgzrIxSZ4UsY0wKc28e7oDw1PXyPtRlivO5CVHMb', NULL, '2024-10-21 19:51:11'),
(678, 'App\\Models\\Tool', 61, '1eTfCp5DC9FBmGDG07SLdwUgLCOAIiB7GWHW961fUgzrIxSZ4UsY0wKc28e7oDw1PXyPtRlivO5CVHMb', NULL, '2024-10-21 19:51:13'),
(679, 'App\\Models\\Tool', 11, '1eTfCp5DC9FBmGDG07SLdwUgLCOAIiB7GWHW961fUgzrIxSZ4UsY0wKc28e7oDw1PXyPtRlivO5CVHMb', NULL, '2024-10-21 19:51:13'),
(680, 'App\\Models\\Tool', 12, '1eTfCp5DC9FBmGDG07SLdwUgLCOAIiB7GWHW961fUgzrIxSZ4UsY0wKc28e7oDw1PXyPtRlivO5CVHMb', NULL, '2024-10-21 19:51:15'),
(681, 'App\\Models\\Tool', 132, '1eTfCp5DC9FBmGDG07SLdwUgLCOAIiB7GWHW961fUgzrIxSZ4UsY0wKc28e7oDw1PXyPtRlivO5CVHMb', NULL, '2024-10-21 19:51:16'),
(682, 'App\\Models\\Tool', 13, '1eTfCp5DC9FBmGDG07SLdwUgLCOAIiB7GWHW961fUgzrIxSZ4UsY0wKc28e7oDw1PXyPtRlivO5CVHMb', NULL, '2024-10-21 19:51:16'),
(683, 'App\\Models\\Tool', 80, '1eTfCp5DC9FBmGDG07SLdwUgLCOAIiB7GWHW961fUgzrIxSZ4UsY0wKc28e7oDw1PXyPtRlivO5CVHMb', NULL, '2024-10-21 19:51:17'),
(684, 'App\\Models\\Tool', 14, '1eTfCp5DC9FBmGDG07SLdwUgLCOAIiB7GWHW961fUgzrIxSZ4UsY0wKc28e7oDw1PXyPtRlivO5CVHMb', NULL, '2024-10-21 19:51:18'),
(685, 'App\\Models\\Tool', 85, '1eTfCp5DC9FBmGDG07SLdwUgLCOAIiB7GWHW961fUgzrIxSZ4UsY0wKc28e7oDw1PXyPtRlivO5CVHMb', NULL, '2024-10-21 19:51:18'),
(686, 'App\\Models\\Tool', 15, '1eTfCp5DC9FBmGDG07SLdwUgLCOAIiB7GWHW961fUgzrIxSZ4UsY0wKc28e7oDw1PXyPtRlivO5CVHMb', NULL, '2024-10-21 19:51:19'),
(687, 'App\\Models\\Tool', 79, '1eTfCp5DC9FBmGDG07SLdwUgLCOAIiB7GWHW961fUgzrIxSZ4UsY0wKc28e7oDw1PXyPtRlivO5CVHMb', NULL, '2024-10-21 19:51:20'),
(688, 'App\\Models\\Tool', 16, '1eTfCp5DC9FBmGDG07SLdwUgLCOAIiB7GWHW961fUgzrIxSZ4UsY0wKc28e7oDw1PXyPtRlivO5CVHMb', NULL, '2024-10-21 19:51:21'),
(689, 'App\\Models\\Tool', 113, '0syoQS9jxTIq5ljjW2yeVn7Tlk8W1rCMfZG6jIV9jO9TVgF5Fc3PnHI5mxah6ZLUpxdKqDoV02qHMr9L', NULL, '2024-10-21 22:52:59'),
(690, 'App\\Models\\Tool', 89, 'FbT5LQcQd1aVGdnc3DjcP6eBMCGK70zbsJ6SZvT6cgjkJGHPHDaKs3cFfdER0kLOLVHbu2gQFs7rjQE8', NULL, '2024-10-22 10:31:38'),
(691, 'App\\Models\\Tool', 91, 'FbT5LQcQd1aVGdnc3DjcP6eBMCGK70zbsJ6SZvT6cgjkJGHPHDaKs3cFfdER0kLOLVHbu2gQFs7rjQE8', NULL, '2024-10-22 10:31:51'),
(692, 'App\\Models\\Tool', 60, 't624CUXgiIEwDFUgcnSyeR9dXGTSXhD6OrbOKp0FkveeHh5m5qEVCvPcMP6YBMAe6xRmKfRQLt7xJz1R', NULL, '2024-10-22 15:05:37'),
(693, 'App\\Models\\Tool', 61, 't624CUXgiIEwDFUgcnSyeR9dXGTSXhD6OrbOKp0FkveeHh5m5qEVCvPcMP6YBMAe6xRmKfRQLt7xJz1R', NULL, '2024-10-22 15:05:41'),
(694, 'App\\Models\\Tool', 11, 't624CUXgiIEwDFUgcnSyeR9dXGTSXhD6OrbOKp0FkveeHh5m5qEVCvPcMP6YBMAe6xRmKfRQLt7xJz1R', NULL, '2024-10-22 15:05:45'),
(695, 'App\\Models\\Tool', 12, 't624CUXgiIEwDFUgcnSyeR9dXGTSXhD6OrbOKp0FkveeHh5m5qEVCvPcMP6YBMAe6xRmKfRQLt7xJz1R', NULL, '2024-10-22 15:05:50'),
(696, 'App\\Models\\Tool', 132, 't624CUXgiIEwDFUgcnSyeR9dXGTSXhD6OrbOKp0FkveeHh5m5qEVCvPcMP6YBMAe6xRmKfRQLt7xJz1R', NULL, '2024-10-22 15:05:51');
INSERT INTO `views` (`id`, `viewable_type`, `viewable_id`, `visitor`, `collection`, `viewed_at`) VALUES
(697, 'App\\Models\\Tool', 13, 't624CUXgiIEwDFUgcnSyeR9dXGTSXhD6OrbOKp0FkveeHh5m5qEVCvPcMP6YBMAe6xRmKfRQLt7xJz1R', NULL, '2024-10-22 15:05:55'),
(698, 'App\\Models\\Tool', 80, 't624CUXgiIEwDFUgcnSyeR9dXGTSXhD6OrbOKp0FkveeHh5m5qEVCvPcMP6YBMAe6xRmKfRQLt7xJz1R', NULL, '2024-10-22 15:06:04'),
(699, 'App\\Models\\Tool', 14, 't624CUXgiIEwDFUgcnSyeR9dXGTSXhD6OrbOKp0FkveeHh5m5qEVCvPcMP6YBMAe6xRmKfRQLt7xJz1R', NULL, '2024-10-22 15:06:07'),
(700, 'App\\Models\\Tool', 85, 't624CUXgiIEwDFUgcnSyeR9dXGTSXhD6OrbOKp0FkveeHh5m5qEVCvPcMP6YBMAe6xRmKfRQLt7xJz1R', NULL, '2024-10-22 15:06:11'),
(701, 'App\\Models\\Tool', 15, 't624CUXgiIEwDFUgcnSyeR9dXGTSXhD6OrbOKp0FkveeHh5m5qEVCvPcMP6YBMAe6xRmKfRQLt7xJz1R', NULL, '2024-10-22 15:06:15'),
(702, 'App\\Models\\Tool', 79, 't624CUXgiIEwDFUgcnSyeR9dXGTSXhD6OrbOKp0FkveeHh5m5qEVCvPcMP6YBMAe6xRmKfRQLt7xJz1R', NULL, '2024-10-22 15:06:16'),
(703, 'App\\Models\\Tool', 16, 't624CUXgiIEwDFUgcnSyeR9dXGTSXhD6OrbOKp0FkveeHh5m5qEVCvPcMP6YBMAe6xRmKfRQLt7xJz1R', NULL, '2024-10-22 15:06:17'),
(704, 'App\\Models\\Tool', 135, 'AP4FwcfGpWQszAaQTJaWxouwFPnNahN75MLwNhnZF4dZhoSTHLI5WjDNH9bMn53HMSMQHcCefXVQFBnk', NULL, '2024-10-22 15:59:31'),
(705, 'App\\Models\\Tool', 98, 'aQ9czkOkJ8WgXKbTonUrMS7hd1A8k1EjJksmqc6zng91zViA54n9EtbGHC2pJAnPA680Fl0fNn2OLs8Y', NULL, '2024-10-23 16:01:01'),
(706, 'App\\Models\\Tool', 5, 'aQ9czkOkJ8WgXKbTonUrMS7hd1A8k1EjJksmqc6zng91zViA54n9EtbGHC2pJAnPA680Fl0fNn2OLs8Y', NULL, '2024-10-23 16:01:33'),
(707, 'App\\Models\\Tool', 85, 'SUU7ET2LTbV4FU6f6zdkFwDeisBGcoyDZyctqgB2jvpK0YwxLp8xGotsw7F8BREBYphSkpswUueq7e6z', NULL, '2024-10-24 06:28:51'),
(708, 'App\\Models\\Tool', 58, 'SUU7ET2LTbV4FU6f6zdkFwDeisBGcoyDZyctqgB2jvpK0YwxLp8xGotsw7F8BREBYphSkpswUueq7e6z', NULL, '2024-10-24 06:35:39'),
(709, 'App\\Models\\Tool', 59, 'SUU7ET2LTbV4FU6f6zdkFwDeisBGcoyDZyctqgB2jvpK0YwxLp8xGotsw7F8BREBYphSkpswUueq7e6z', NULL, '2024-10-24 06:36:39'),
(710, 'App\\Models\\Tool', 13, 'SUU7ET2LTbV4FU6f6zdkFwDeisBGcoyDZyctqgB2jvpK0YwxLp8xGotsw7F8BREBYphSkpswUueq7e6z', NULL, '2024-10-24 06:39:11'),
(711, 'App\\Models\\Tool', 113, 'SUU7ET2LTbV4FU6f6zdkFwDeisBGcoyDZyctqgB2jvpK0YwxLp8xGotsw7F8BREBYphSkpswUueq7e6z', NULL, '2024-10-24 06:40:06'),
(712, 'App\\Models\\Tool', 114, 'SUU7ET2LTbV4FU6f6zdkFwDeisBGcoyDZyctqgB2jvpK0YwxLp8xGotsw7F8BREBYphSkpswUueq7e6z', NULL, '2024-10-24 06:43:04'),
(713, 'App\\Models\\Tool', 116, 'SUU7ET2LTbV4FU6f6zdkFwDeisBGcoyDZyctqgB2jvpK0YwxLp8xGotsw7F8BREBYphSkpswUueq7e6z', NULL, '2024-10-24 06:43:27'),
(714, 'App\\Models\\Tool', 117, 'SUU7ET2LTbV4FU6f6zdkFwDeisBGcoyDZyctqgB2jvpK0YwxLp8xGotsw7F8BREBYphSkpswUueq7e6z', NULL, '2024-10-24 06:44:03'),
(715, 'App\\Models\\Tool', 87, 'SUU7ET2LTbV4FU6f6zdkFwDeisBGcoyDZyctqgB2jvpK0YwxLp8xGotsw7F8BREBYphSkpswUueq7e6z', NULL, '2024-10-24 06:45:33'),
(716, 'App\\Models\\Tool', 151, 'SUU7ET2LTbV4FU6f6zdkFwDeisBGcoyDZyctqgB2jvpK0YwxLp8xGotsw7F8BREBYphSkpswUueq7e6z', NULL, '2024-10-24 06:46:03'),
(717, 'App\\Models\\Tool', 12, 'X2q0GpHjp5iyNAikU73XX7bUtoADFJWeNOuExWzXHY8DaziVyGQit6xDvCBtSIwoIBZiwu6tKwwHA5JN', NULL, '2024-10-24 20:54:29'),
(718, 'App\\Models\\Tool', 152, 'FbT5LQcQd1aVGdnc3DjcP6eBMCGK70zbsJ6SZvT6cgjkJGHPHDaKs3cFfdER0kLOLVHbu2gQFs7rjQE8', NULL, '2024-10-25 00:47:51'),
(719, 'App\\Models\\Tool', 50, 'FbT5LQcQd1aVGdnc3DjcP6eBMCGK70zbsJ6SZvT6cgjkJGHPHDaKs3cFfdER0kLOLVHbu2gQFs7rjQE8', NULL, '2024-10-25 00:48:52'),
(720, 'App\\Models\\Tool', 48, 'FbT5LQcQd1aVGdnc3DjcP6eBMCGK70zbsJ6SZvT6cgjkJGHPHDaKs3cFfdER0kLOLVHbu2gQFs7rjQE8', NULL, '2024-10-25 00:49:21'),
(721, 'App\\Models\\Tool', 16, 'FbT5LQcQd1aVGdnc3DjcP6eBMCGK70zbsJ6SZvT6cgjkJGHPHDaKs3cFfdER0kLOLVHbu2gQFs7rjQE8', NULL, '2024-10-25 00:49:46'),
(722, 'App\\Models\\Tool', 114, 'FbT5LQcQd1aVGdnc3DjcP6eBMCGK70zbsJ6SZvT6cgjkJGHPHDaKs3cFfdER0kLOLVHbu2gQFs7rjQE8', NULL, '2024-10-25 00:50:23'),
(723, 'App\\Models\\Tool', 113, 'FbT5LQcQd1aVGdnc3DjcP6eBMCGK70zbsJ6SZvT6cgjkJGHPHDaKs3cFfdER0kLOLVHbu2gQFs7rjQE8', NULL, '2024-10-25 00:50:26'),
(724, 'App\\Models\\Tool', 66, 'FbT5LQcQd1aVGdnc3DjcP6eBMCGK70zbsJ6SZvT6cgjkJGHPHDaKs3cFfdER0kLOLVHbu2gQFs7rjQE8', NULL, '2024-10-25 01:33:14'),
(725, 'App\\Models\\Tool', 119, 'D3LkCWIjvlA4M11CCQl0YCIYphFwnJVPYehzjBg6BPOJ2LUqDvviSHmXAufGRwCK6f11BtdPmGMx2AsR', NULL, '2024-10-25 01:38:14'),
(726, 'App\\Models\\Tool', 11, 'D3LkCWIjvlA4M11CCQl0YCIYphFwnJVPYehzjBg6BPOJ2LUqDvviSHmXAufGRwCK6f11BtdPmGMx2AsR', NULL, '2024-10-25 01:43:28'),
(727, 'App\\Models\\Tool', 15, 'wPEoapF3EtXZDSPZAbXoZISVLmVeME7s3AWBf8AIUzvJb1hslxFV6krOPTv9siD6Vx9fPXjom19XpBnV', NULL, '2024-10-25 11:42:59'),
(728, 'App\\Models\\Tool', 60, 'wPEoapF3EtXZDSPZAbXoZISVLmVeME7s3AWBf8AIUzvJb1hslxFV6krOPTv9siD6Vx9fPXjom19XpBnV', NULL, '2024-10-25 11:45:40'),
(729, 'App\\Models\\Tool', 122, 'hudddNof0nHzwg0tZDYFu0NuSXwwKFHiFhKOxYlV3jCY2JLv75h1GXRpPAQcPnItewNDz65CBcSESMiv', NULL, '2024-10-25 21:00:32'),
(730, 'App\\Models\\Tool', 14, 'FbT5LQcQd1aVGdnc3DjcP6eBMCGK70zbsJ6SZvT6cgjkJGHPHDaKs3cFfdER0kLOLVHbu2gQFs7rjQE8', NULL, '2024-10-26 00:20:57'),
(731, 'App\\Models\\Tool', 15, 'FbT5LQcQd1aVGdnc3DjcP6eBMCGK70zbsJ6SZvT6cgjkJGHPHDaKs3cFfdER0kLOLVHbu2gQFs7rjQE8', NULL, '2024-10-26 00:21:00'),
(732, 'App\\Models\\Tool', 131, 'FbT5LQcQd1aVGdnc3DjcP6eBMCGK70zbsJ6SZvT6cgjkJGHPHDaKs3cFfdER0kLOLVHbu2gQFs7rjQE8', NULL, '2024-10-26 00:21:06'),
(733, 'App\\Models\\Tool', 139, 'FbT5LQcQd1aVGdnc3DjcP6eBMCGK70zbsJ6SZvT6cgjkJGHPHDaKs3cFfdER0kLOLVHbu2gQFs7rjQE8', NULL, '2024-10-26 00:21:08'),
(734, 'App\\Models\\Tool', 120, 'FbT5LQcQd1aVGdnc3DjcP6eBMCGK70zbsJ6SZvT6cgjkJGHPHDaKs3cFfdER0kLOLVHbu2gQFs7rjQE8', NULL, '2024-10-26 00:21:12'),
(735, 'App\\Models\\Tool', 140, 'FbT5LQcQd1aVGdnc3DjcP6eBMCGK70zbsJ6SZvT6cgjkJGHPHDaKs3cFfdER0kLOLVHbu2gQFs7rjQE8', NULL, '2024-10-26 00:21:15'),
(736, 'App\\Models\\Tool', 122, 'FbT5LQcQd1aVGdnc3DjcP6eBMCGK70zbsJ6SZvT6cgjkJGHPHDaKs3cFfdER0kLOLVHbu2gQFs7rjQE8', NULL, '2024-10-26 00:21:15'),
(737, 'App\\Models\\Tool', 134, 'FbT5LQcQd1aVGdnc3DjcP6eBMCGK70zbsJ6SZvT6cgjkJGHPHDaKs3cFfdER0kLOLVHbu2gQFs7rjQE8', NULL, '2024-10-26 00:22:57'),
(738, 'App\\Models\\Tool', 42, 'FbT5LQcQd1aVGdnc3DjcP6eBMCGK70zbsJ6SZvT6cgjkJGHPHDaKs3cFfdER0kLOLVHbu2gQFs7rjQE8', NULL, '2024-10-26 00:23:29'),
(739, 'App\\Models\\Tool', 99, 'FbT5LQcQd1aVGdnc3DjcP6eBMCGK70zbsJ6SZvT6cgjkJGHPHDaKs3cFfdER0kLOLVHbu2gQFs7rjQE8', NULL, '2024-10-26 00:28:27'),
(740, 'App\\Models\\Tool', 88, 'FbT5LQcQd1aVGdnc3DjcP6eBMCGK70zbsJ6SZvT6cgjkJGHPHDaKs3cFfdER0kLOLVHbu2gQFs7rjQE8', NULL, '2024-10-26 00:28:36'),
(741, 'App\\Models\\Tool', 100, 'FbT5LQcQd1aVGdnc3DjcP6eBMCGK70zbsJ6SZvT6cgjkJGHPHDaKs3cFfdER0kLOLVHbu2gQFs7rjQE8', NULL, '2024-10-26 00:28:43'),
(742, 'App\\Models\\Tool', 5, 'FbT5LQcQd1aVGdnc3DjcP6eBMCGK70zbsJ6SZvT6cgjkJGHPHDaKs3cFfdER0kLOLVHbu2gQFs7rjQE8', NULL, '2024-10-26 00:28:57'),
(743, 'App\\Models\\Tool', 54, 'FbT5LQcQd1aVGdnc3DjcP6eBMCGK70zbsJ6SZvT6cgjkJGHPHDaKs3cFfdER0kLOLVHbu2gQFs7rjQE8', NULL, '2024-10-26 00:29:07'),
(744, 'App\\Models\\Tool', 57, 'FbT5LQcQd1aVGdnc3DjcP6eBMCGK70zbsJ6SZvT6cgjkJGHPHDaKs3cFfdER0kLOLVHbu2gQFs7rjQE8', NULL, '2024-10-26 00:29:08'),
(745, 'App\\Models\\Tool', 66, 'FbT5LQcQd1aVGdnc3DjcP6eBMCGK70zbsJ6SZvT6cgjkJGHPHDaKs3cFfdER0kLOLVHbu2gQFs7rjQE8', NULL, '2024-10-26 00:29:17'),
(746, 'App\\Models\\Tool', 74, 'FbT5LQcQd1aVGdnc3DjcP6eBMCGK70zbsJ6SZvT6cgjkJGHPHDaKs3cFfdER0kLOLVHbu2gQFs7rjQE8', NULL, '2024-10-26 00:29:18'),
(747, 'App\\Models\\Tool', 75, 'FbT5LQcQd1aVGdnc3DjcP6eBMCGK70zbsJ6SZvT6cgjkJGHPHDaKs3cFfdER0kLOLVHbu2gQFs7rjQE8', NULL, '2024-10-26 00:29:20'),
(748, 'App\\Models\\Tool', 72, 'FbT5LQcQd1aVGdnc3DjcP6eBMCGK70zbsJ6SZvT6cgjkJGHPHDaKs3cFfdER0kLOLVHbu2gQFs7rjQE8', NULL, '2024-10-26 00:29:23'),
(749, 'App\\Models\\Tool', 69, 'FbT5LQcQd1aVGdnc3DjcP6eBMCGK70zbsJ6SZvT6cgjkJGHPHDaKs3cFfdER0kLOLVHbu2gQFs7rjQE8', NULL, '2024-10-26 00:29:24'),
(750, 'App\\Models\\Tool', 76, 'FbT5LQcQd1aVGdnc3DjcP6eBMCGK70zbsJ6SZvT6cgjkJGHPHDaKs3cFfdER0kLOLVHbu2gQFs7rjQE8', NULL, '2024-10-26 00:29:31'),
(751, 'App\\Models\\Tool', 129, 'FbT5LQcQd1aVGdnc3DjcP6eBMCGK70zbsJ6SZvT6cgjkJGHPHDaKs3cFfdER0kLOLVHbu2gQFs7rjQE8', NULL, '2024-10-26 00:29:35'),
(752, 'App\\Models\\Tool', 60, 'FbT5LQcQd1aVGdnc3DjcP6eBMCGK70zbsJ6SZvT6cgjkJGHPHDaKs3cFfdER0kLOLVHbu2gQFs7rjQE8', NULL, '2024-10-26 00:33:59'),
(753, 'App\\Models\\Tool', 56, 'FbT5LQcQd1aVGdnc3DjcP6eBMCGK70zbsJ6SZvT6cgjkJGHPHDaKs3cFfdER0kLOLVHbu2gQFs7rjQE8', NULL, '2024-10-26 03:43:18'),
(754, 'App\\Models\\Tool', 62, '5AwTOapO9nRmg8shifALEYei0bH0zjWjeWUh40GdER8cKv1VmgtiTEnlf1MxhgyNQ5z16vldSqbl8P55', NULL, '2024-11-26 16:25:17'),
(755, 'App\\Models\\Tool', 62, '5AwTOapO9nRmg8shifALEYei0bH0zjWjeWUh40GdER8cKv1VmgtiTEnlf1MxhgyNQ5z16vldSqbl8P55', NULL, '2024-11-27 08:23:05'),
(756, 'App\\Models\\Tool', 11, 'LtB82wDXKGvophErdNOi871I2F6zM8QKiuk5BMLiEFGlUuo5gPdBmwzGTXCERlfAj6ES9GBIyQPQ7iEQ', NULL, '2024-11-27 09:10:49'),
(757, 'App\\Models\\Tool', 17, 'pAoT7WoKoXR0Bimo5Ig32u3lu8pc9hDhqW76DqULwDnkAYj9cXYymSbYkfBYzuhKHHX0Kz7DqilLTqUV', NULL, '2024-11-27 12:38:52'),
(758, 'App\\Models\\Tool', 18, 'pAoT7WoKoXR0Bimo5Ig32u3lu8pc9hDhqW76DqULwDnkAYj9cXYymSbYkfBYzuhKHHX0Kz7DqilLTqUV', NULL, '2024-11-27 12:39:02'),
(759, 'App\\Models\\Tool', 11, 'pAoT7WoKoXR0Bimo5Ig32u3lu8pc9hDhqW76DqULwDnkAYj9cXYymSbYkfBYzuhKHHX0Kz7DqilLTqUV', NULL, '2024-11-27 12:39:23'),
(760, 'App\\Models\\Tool', 11, '5AwTOapO9nRmg8shifALEYei0bH0zjWjeWUh40GdER8cKv1VmgtiTEnlf1MxhgyNQ5z16vldSqbl8P55', NULL, '2024-11-27 15:07:15'),
(761, 'App\\Models\\Tool', 61, '5AwTOapO9nRmg8shifALEYei0bH0zjWjeWUh40GdER8cKv1VmgtiTEnlf1MxhgyNQ5z16vldSqbl8P55', NULL, '2024-11-27 15:09:42'),
(762, 'App\\Models\\Tool', 49, '5AwTOapO9nRmg8shifALEYei0bH0zjWjeWUh40GdER8cKv1VmgtiTEnlf1MxhgyNQ5z16vldSqbl8P55', NULL, '2024-11-27 15:18:03'),
(763, 'App\\Models\\Tool', 13, '5AwTOapO9nRmg8shifALEYei0bH0zjWjeWUh40GdER8cKv1VmgtiTEnlf1MxhgyNQ5z16vldSqbl8P55', NULL, '2024-11-27 15:21:25'),
(764, 'App\\Models\\Tool', 17, '5AwTOapO9nRmg8shifALEYei0bH0zjWjeWUh40GdER8cKv1VmgtiTEnlf1MxhgyNQ5z16vldSqbl8P55', NULL, '2024-11-27 15:22:39'),
(765, 'App\\Models\\Tool', 13, 'EfFoQW7rmV6kY6kpyyJZ9rbMWy9Ozzp99Wne7rH0s8hPnQDOwinrmMRbVQRWtZkL51x4OqkaFJD4CH8T', NULL, '2024-11-27 19:42:39'),
(766, 'App\\Models\\Tool', 16, 'A4kZNHuynSRQh37pCf6VpOe8MJWiTblIp5TOtHbZKNszukFja7B0ST7g4Miz1kxT8dZew0wag1vPXhEO', NULL, '2024-11-27 19:44:24'),
(767, 'App\\Models\\Tool', 15, 'sPGxg7RQXKGFmdb1mAuHNCZCN0nttUN5cxSwSRxQ4jzx8pNin2bXHDzVsV1tSChpCW6be5RwH3FFgcNJ', NULL, '2024-11-27 23:39:22'),
(768, 'App\\Models\\Tool', 32, 'ihWDh9h4J4Lxan2ew1l81KArHBSDT5wI8UmWo6Ouo31kCZloavOJ67OotIYozJkIeIf2OId5P7OJdBVa', NULL, '2024-11-28 09:07:06'),
(769, 'App\\Models\\Tool', 110, 'xB6Nq2ovlRKjE5VCLFkFdQaPKhVngNUuepvCRQdS45cnYnElcXxLPcd7G8UtCKk03eu4m2PlAKBHMPSC', NULL, '2024-11-28 09:07:07'),
(770, 'App\\Models\\Tool', 63, 'D7xydgQPJ3GsnTR1oRkT3Kpm8zbnIUwupKyxZK8vlkXe69AT4jAMKvnLdjldHPTXEqVKrlMeHgjSY7xo', NULL, '2024-11-28 09:07:08'),
(771, 'App\\Models\\Tool', 103, 'euXZco26JefCf1mdXoR7tWWoBcLJfTbgg9QDZKsn4VqXabGmzyS2zadg6UunFNpPdgId7jQokwuKMz5x', NULL, '2024-11-28 09:07:09'),
(772, 'App\\Models\\Tool', 73, 'tDfFf23t8AB7kXiyiFGnUvMWbhMjQykZUytIlmOgkSvomMeM4hq0RcnAn8gJBivVDtS3DcblPqTqfRYP', NULL, '2024-11-28 09:07:09'),
(773, 'App\\Models\\Tool', 93, 'EDOa1UMGznlBuMeKl98BtDfCeTBsYl2V5cQ4opXXt0h0YiJuKjhCw5QmO8WNFBXJ8H8Rb8CGDMgGotNW', NULL, '2024-11-28 09:07:11'),
(774, 'App\\Models\\Tool', 31, 'UZHnVYKrVcHLLIGteMbPrILKEdR1KFmyxrWhWdn7X5H1iq7MRRhnPxK19XA8UAdF5qMTJhVbHMEnymZs', NULL, '2024-11-28 09:07:11'),
(775, 'App\\Models\\Tool', 40, '6qwSGKIHF3bpWlf2EUELsXWPKZpVTamPXpPwJt4iGXlYaOAiRayMN8mcgG6sVRxm7Rw1tY6zwVT0g2HZ', NULL, '2024-11-28 09:07:12'),
(776, 'App\\Models\\Tool', 60, 'fTqyqkpRxdptZ7OaKzU30PoVuW0ea24yUL8ccmxEZvag2O8Qu2K32JEGPQboJrHXhaMJ6dG56H3VCm6S', NULL, '2024-11-28 09:07:12'),
(777, 'App\\Models\\Tool', 117, 'QcumyGLyHswAgyUCBC7HGYjkGXgLKkjzONyg727SIUyPO9OcDaULkTr2VcNo8wMI2STZqGxl9UJXTASs', NULL, '2024-11-28 12:37:52'),
(778, 'App\\Models\\Tool', 133, 'QcumyGLyHswAgyUCBC7HGYjkGXgLKkjzONyg727SIUyPO9OcDaULkTr2VcNo8wMI2STZqGxl9UJXTASs', NULL, '2024-11-28 12:38:41'),
(779, 'App\\Models\\Tool', 58, 'QcumyGLyHswAgyUCBC7HGYjkGXgLKkjzONyg727SIUyPO9OcDaULkTr2VcNo8wMI2STZqGxl9UJXTASs', NULL, '2024-11-28 12:40:28'),
(780, 'App\\Models\\Tool', 140, 'QcumyGLyHswAgyUCBC7HGYjkGXgLKkjzONyg727SIUyPO9OcDaULkTr2VcNo8wMI2STZqGxl9UJXTASs', NULL, '2024-11-28 12:40:47'),
(781, 'App\\Models\\Tool', 74, 'QcumyGLyHswAgyUCBC7HGYjkGXgLKkjzONyg727SIUyPO9OcDaULkTr2VcNo8wMI2STZqGxl9UJXTASs', NULL, '2024-11-28 12:46:14'),
(782, 'App\\Models\\Tool', 55, 'JcTA8AfD4HZVeyC1QChyB7MCYJJ2gMQvjRt2wxVovHlqDwgOHUpwQbb8T5i8S1zsuyMmHiprprxIGF1g', NULL, '2024-11-28 16:38:27'),
(783, 'App\\Models\\Tool', 20, 'sLZtY7E1gVuVE7XuW8tTkXJK5QcKGi198cZbwXJsgCE4gihIqUePdQuCYnpnOCr30JLGEaYDB1zHoSY1', NULL, '2024-11-28 17:59:49'),
(784, 'App\\Models\\Tool', 14, 'KbVdAu0dHburWe3AYZjIOeMl0ZgxH4wRRWWGsia1LqjflCyTS1NIXvWevpV4SsFSZHweMoyZ9dpHnqq0', NULL, '2024-11-28 19:32:57'),
(785, 'App\\Models\\Tool', 14, 'p3L2dpmOIvq380fniYuSXXOvxhOvLtifurbH5FBlS4WqXdAvdKfHJtVEioiVMxOuXSDuIXmwR946THEH', NULL, '2024-11-28 19:32:57'),
(786, 'App\\Models\\Tool', 14, '8d006r3XXdDhx9Kj3cDVnodOcCbBtpcR473opTHjvSnuLsCjZamYXXJct56r7ddLTs6HotF7hw2Mm9cd', NULL, '2024-11-28 19:33:30'),
(787, 'App\\Models\\Tool', 13, 'qElfL6TfIF6IRviY2u8ff9wed2bZJSn7JgjWOgbxOgC5cTmHj6dlr4YuiO7ojEep122yOUp2KPJ8caW9', NULL, '2024-11-28 19:33:30'),
(788, 'App\\Models\\Tool', 14, 'T1fGucYZnettS0sLqq1KKQQfvtuFWktY9VykoP4dJg8LEThiYuT1EqtExOGzLyuIhO9I7DpgOM6C2diQ', NULL, '2024-11-28 19:33:31'),
(789, 'App\\Models\\Tool', 13, 'PwfVzg2SGujNteURXwxP5yhAkV1obc8GMK2ANk8Z63Ikpsb2ZeoqvYfRoYYqsJcEm0OtBMzgx75nEA4e', NULL, '2024-11-28 19:33:31'),
(790, 'App\\Models\\Tool', 105, 'DH45vW1N3Jo6v1WfadrBI4eV2VA7ZGudP6WbAFvz8frbokqp05CPsxoJYiFfOphCJb1dxhwpappQWMLS', NULL, '2024-11-28 19:34:20'),
(791, 'App\\Models\\Tool', 56, 'csgC8JYdxoO3xJoMR1TXlCpiXR8WMmQLCl61Uxsk5R4cjFyqQvVZwHraDrNUJJyq7yO00hzr68YMKU56', NULL, '2024-11-29 03:30:49'),
(792, 'App\\Models\\Tool', 9, 'csgC8JYdxoO3xJoMR1TXlCpiXR8WMmQLCl61Uxsk5R4cjFyqQvVZwHraDrNUJJyq7yO00hzr68YMKU56', NULL, '2024-11-29 03:31:06'),
(793, 'App\\Models\\Tool', 13, 'csgC8JYdxoO3xJoMR1TXlCpiXR8WMmQLCl61Uxsk5R4cjFyqQvVZwHraDrNUJJyq7yO00hzr68YMKU56', NULL, '2024-11-29 03:31:27'),
(794, 'App\\Models\\Tool', 50, 'csgC8JYdxoO3xJoMR1TXlCpiXR8WMmQLCl61Uxsk5R4cjFyqQvVZwHraDrNUJJyq7yO00hzr68YMKU56', NULL, '2024-11-29 03:33:16'),
(795, 'App\\Models\\Tool', 31, 'csgC8JYdxoO3xJoMR1TXlCpiXR8WMmQLCl61Uxsk5R4cjFyqQvVZwHraDrNUJJyq7yO00hzr68YMKU56', NULL, '2024-11-29 03:33:28'),
(796, 'App\\Models\\Tool', 48, 'csgC8JYdxoO3xJoMR1TXlCpiXR8WMmQLCl61Uxsk5R4cjFyqQvVZwHraDrNUJJyq7yO00hzr68YMKU56', NULL, '2024-11-29 03:33:37'),
(797, 'App\\Models\\Tool', 16, 'csgC8JYdxoO3xJoMR1TXlCpiXR8WMmQLCl61Uxsk5R4cjFyqQvVZwHraDrNUJJyq7yO00hzr68YMKU56', NULL, '2024-11-29 03:34:10'),
(798, 'App\\Models\\Tool', 13, 'IQjLwwVrpVbeK4mpqL5v9W7gqQ8wLPILhdXMoMZsiuaOuN5T8taOX51CNoloOluexghruN2NxEpAoEqq', NULL, '2024-11-29 06:17:15'),
(799, 'App\\Models\\Tool', 134, 'c5NNgVeJx1BZ8g0FWuPL4zJkdHcfLBxEQsjzYAcocA4MvSJ5leNKUFAJsdu7Lv2VIkwCyyAbTmwjpQFu', NULL, '2024-11-29 07:26:29'),
(800, 'App\\Models\\Tool', 14, 'a59X2gtR8keXjTw980anR5jzeH4Q6tD3LNKO6TwX4FMIXj73m5L7eSyKyX5D4hCWoYXD3kyUu7AxPqHc', NULL, '2024-11-29 19:31:29'),
(801, 'App\\Models\\Tool', 14, 'sPHMPyDu94s5M8gaaxIp71j8tVjiZVC0q5tl4VgAU2eGEeenLo1cT6FUthFyYhmQT8jsXNVjmTCbQ3QJ', NULL, '2024-11-29 19:32:10'),
(802, 'App\\Models\\Tool', 13, '8VJIroOtBb6c7XRio6As3HLhdq9qlN1WX6TTLhcNDskeMTK838X3owPak5tjjWQvv2OacOp870YNhCYx', NULL, '2024-11-29 19:32:11'),
(803, 'App\\Models\\Tool', 153, 'P4soiuX7qatWnzcCFx46z6ZXRGVRKvei5XoIRNIJ1IKmMekROB0h0c3KrMbUUdGsrFAP2G25SmGShKyX', NULL, '2024-11-30 20:31:12'),
(804, 'App\\Models\\Tool', 128, 'ZPh1s2ae1DNbX7TCYwUdc8192Gp9gtD5QpmTHgxnL9CGFUHQm6oglhvYglDACP2SBFqv56uJ7oB0vKGn', NULL, '2024-12-01 07:08:25'),
(805, 'App\\Models\\Tool', 74, 'ZPh1s2ae1DNbX7TCYwUdc8192Gp9gtD5QpmTHgxnL9CGFUHQm6oglhvYglDACP2SBFqv56uJ7oB0vKGn', NULL, '2024-12-01 07:08:34'),
(806, 'App\\Models\\Tool', 33, 'QJiqojK13ndcAVdUOS3MvAy2Gw3U7tLuSxhibT10zZTPetlbyaNYaOx0sUVeNogz0jnWyro5mpdPaJ2c', NULL, '2024-12-01 10:07:38'),
(807, 'App\\Models\\Tool', 138, 'UgFruLafclJLe9qaOe3sKY3NAkdIJrYG7pIYMj76EWpfSDHedqahXwaI0gf0uARolGydZWRIMlJa6U2u', NULL, '2024-12-01 10:07:49'),
(808, 'App\\Models\\Tool', 138, 'afXjQV1VNq82udWk6qiHOzYDzoAhqbBTDjPBBqvx62qc6lR6S9HirEBqwvsnyLd0XLgmG84g7b8Frf4k', NULL, '2024-12-01 10:08:54'),
(809, 'App\\Models\\Tool', 38, 'KK0OmaanclfmgKY8c3OcFZuLhjGb56sRogdD2WHZKBCSvTMWBnIaNlSjYXIOeG9fxMfPjTozUSKvD08s', NULL, '2024-12-01 14:58:24'),
(810, 'App\\Models\\Tool', 86, 'QefOvXVwhTeI2G6T8L9dTETMY3h4QCBeISp8ufLddghKhTDrUvtQtfvz17oT1dhQmTyHNoXZBsceK9Ty', NULL, '2024-12-01 14:58:34'),
(811, 'App\\Models\\Tool', 11, 'KhHlhsChnrm2g6BgpOx4NTQOBQ0tAlTBFGUK2UO4nS6gRRUFG06kIcmykkvG00W1W4xKUczh4w2rFbcm', NULL, '2024-12-01 14:58:49'),
(812, 'App\\Models\\Tool', 130, 'bZh2uwS0PuwG1RDu4Yhe6c1eHJE6Ikrv3Df8j2e9PTf3gu0Bjo1Nd9g2Od0vPPtiEUJirCy05VB29tA5', NULL, '2024-12-01 20:18:26'),
(813, 'App\\Models\\Tool', 130, '6dn7n95AKnqIL5VB1wCsBLUnTDAjuEF5t7ZGU15pGMOkVMh0Gn1rPdf4NP77DXce3nLYawdFwNputkuI', NULL, '2024-12-01 21:19:28'),
(814, 'App\\Models\\Tool', 134, 'cCGR86H5w9jzyei2VcyrazahDMap1aItJHdy09m8lNXzKteQ1mTb4ytl0HlUoaA3ArqCioBqrLft2clt', NULL, '2024-12-01 21:31:11'),
(815, 'App\\Models\\Tool', 130, 'JCMWkSQmJ6qzTAciTPee4WWatWL29qIOtTqQkUGl2xm3zbwWCiVW3YwxPz5oW2Moc9qSF38YVXU8woFn', NULL, '2024-12-02 01:07:40'),
(816, 'App\\Models\\Tool', 15, 'lICWKTZLU63yruZ1yYRSEsNDWo0uuUI2uT3DI838FcG5Zj1Y5l9uEnqkF87YqW9JtJPhE0IIJ3Rl26Dy', NULL, '2024-12-02 01:15:49'),
(817, 'App\\Models\\Tool', 54, 's2UBixHUPCOjOUCH8B7606KMBQSNVHZ6WZCBHgFfGIPevyASIC2s0rrwd4MR1McghqYSxv2InUHZuMyi', NULL, '2024-12-02 01:28:08'),
(818, 'App\\Models\\Tool', 54, 'hze64QvUxPqVIgJCRQSga63dkPDyne1XML0ghsnJtRAWnN53sYL66sGvw6Gx5poBqCKJosRJ4qMR5jzv', NULL, '2024-12-02 01:28:11'),
(819, 'App\\Models\\Tool', 130, 'GgEOiRsqkq5rbdQtErwSIY0wqEnXa3b5SycsAk6ZxIzyXXckBxUXfyy7yBBaANntUfZRnwUAErUlXaDe', NULL, '2024-12-02 05:41:06'),
(820, 'App\\Models\\Tool', 60, 'KXxIEtXGxd9RVsKv0fQl8GHbuOeN3I6xe0ndpG3GfbX3u7flqEjQQRwK8OPQTsosQUcB3LfZvS7BRJD9', NULL, '2024-12-02 06:13:09'),
(821, 'App\\Models\\Tool', 54, 'jcaVKFtKfL0F4IM5OGGbF9yZgcuK5fNxjzjxNoFPeAJsncSKkF97TKLN0fPvcaSF4wmXF0g36NfhwfXs', NULL, '2024-12-02 14:38:59'),
(822, 'App\\Models\\Tool', 75, 'QcumyGLyHswAgyUCBC7HGYjkGXgLKkjzONyg727SIUyPO9OcDaULkTr2VcNo8wMI2STZqGxl9UJXTASs', NULL, '2024-12-02 16:48:12'),
(823, 'App\\Models\\Tool', 45, 'QcumyGLyHswAgyUCBC7HGYjkGXgLKkjzONyg727SIUyPO9OcDaULkTr2VcNo8wMI2STZqGxl9UJXTASs', NULL, '2024-12-02 16:49:16'),
(824, 'App\\Models\\Tool', 30, 'QcumyGLyHswAgyUCBC7HGYjkGXgLKkjzONyg727SIUyPO9OcDaULkTr2VcNo8wMI2STZqGxl9UJXTASs', NULL, '2024-12-02 16:52:37'),
(825, 'App\\Models\\Tool', 11, 'QcumyGLyHswAgyUCBC7HGYjkGXgLKkjzONyg727SIUyPO9OcDaULkTr2VcNo8wMI2STZqGxl9UJXTASs', NULL, '2024-12-02 16:54:43'),
(826, 'App\\Models\\Tool', 152, 'QcumyGLyHswAgyUCBC7HGYjkGXgLKkjzONyg727SIUyPO9OcDaULkTr2VcNo8wMI2STZqGxl9UJXTASs', NULL, '2024-12-02 16:55:40'),
(827, 'App\\Models\\Tool', 13, 'TWG1DY6IbbnlEKZ5vTFovotE7VBE1FxJcvqVtTm07HlqLmrRFbF4f7uElN16tibxdRyHuvI4EyyDISrU', NULL, '2024-12-02 18:50:37'),
(828, 'App\\Models\\Tool', 16, 'TWG1DY6IbbnlEKZ5vTFovotE7VBE1FxJcvqVtTm07HlqLmrRFbF4f7uElN16tibxdRyHuvI4EyyDISrU', NULL, '2024-12-02 18:51:40'),
(829, 'App\\Models\\Tool', 58, 'TWG1DY6IbbnlEKZ5vTFovotE7VBE1FxJcvqVtTm07HlqLmrRFbF4f7uElN16tibxdRyHuvI4EyyDISrU', NULL, '2024-12-02 18:52:30'),
(830, 'App\\Models\\Tool', 12, 'gKMvW06bgEFJyplOiZpBBojHfdqZBo516bX1y8wwzvRUQWxkxqtPIlXt6ri8OkxLBWQFzWkeCXzgmwfC', NULL, '2024-12-03 01:57:45'),
(831, 'App\\Models\\Tool', 44, 'miHtqLA6Yi9QrSXv9jSrOsR0V32p0fmeeo7F8hWt4FzPNHffLTiFImJVvUcLlhV93VvErQkyYRlZomZY', NULL, '2024-12-03 01:58:13'),
(832, 'App\\Models\\Tool', 112, '81zkstEiimT9qYgLMVCCanPZ7NU2Bs142eWZ85BgEHTGq8aH5a5OCV9CZzNfAwooNCLmTnlgCAeawRqQ', NULL, '2024-12-03 20:26:10'),
(833, 'App\\Models\\Tool', 101, 'qxnTp2e5lrbz5OJP2MF3DuKeUrH0jhhVlFFEu0RO9sVdV5G2UBOGiZB8N9UXEm4W9UvtM5Us4khZEove', NULL, '2024-12-04 01:23:01'),
(834, 'App\\Models\\Tool', 132, '5AwTOapO9nRmg8shifALEYei0bH0zjWjeWUh40GdER8cKv1VmgtiTEnlf1MxhgyNQ5z16vldSqbl8P55', NULL, '2025-01-01 22:56:31'),
(835, 'App\\Models\\Tool', 139, 'KrVJYEzVtQc1dL5wZGiIAHsoUDnyagQ7yNSf7djuhB2SF3G6OYTn95GwideBNvd9Yc27DARiYMQWJh2w', NULL, '2025-01-04 19:31:06'),
(836, 'App\\Models\\Tool', 11, 'vwbTdErg4Ydws4lpgZXcBkhUZPEtBdPpl1gykA7aY6eGj86WkTDbnEzyWHWcctOdTcWt2e6qJ3GzsV8H', NULL, '2025-01-04 21:21:24'),
(837, 'App\\Models\\Tool', 119, '1z4JBPnnspvzDivl0erPbFeGcueFOeOPkpQVdy6VaWiEbFiHRFIg5ESS7GWyXuFA1j0mNG8Qp9xj86I5', NULL, '2025-01-06 22:30:55'),
(838, 'App\\Models\\Tool', 8, '1z4JBPnnspvzDivl0erPbFeGcueFOeOPkpQVdy6VaWiEbFiHRFIg5ESS7GWyXuFA1j0mNG8Qp9xj86I5', NULL, '2025-01-06 22:31:45'),
(839, 'App\\Models\\Tool', 110, '1GQon2LR7oaApIsdVjVRyehnqs3bmM3xiT9Layn2iOInyy6FYycO6Fdx6Wnn5y3YsD2y9U009yKT31sA', NULL, '2025-01-07 09:58:33'),
(840, 'App\\Models\\Tool', 140, 'WkOSNTBvjMBfESkEQghL31cAsjpH5PSJrGOIxlnwkVcp78K6eJRSQDRX7lZC88rCNfS7G5Ied4ZXE7Wf', NULL, '2025-01-07 10:56:54'),
(841, 'App\\Models\\Tool', 75, 'WkOSNTBvjMBfESkEQghL31cAsjpH5PSJrGOIxlnwkVcp78K6eJRSQDRX7lZC88rCNfS7G5Ied4ZXE7Wf', NULL, '2025-01-07 11:03:54'),
(842, 'App\\Models\\Tool', 133, 'qPdKOJb7EaKqvQm4skkxsApx7n8Fx75tRWD91T5TJBfzhrwAiASxGnw3j3L4oviCYUpPdtlg9Zz5HeVz', NULL, '2025-01-08 08:12:40'),
(843, 'App\\Models\\Tool', 42, 'qPdKOJb7EaKqvQm4skkxsApx7n8Fx75tRWD91T5TJBfzhrwAiASxGnw3j3L4oviCYUpPdtlg9Zz5HeVz', NULL, '2025-01-08 08:12:43'),
(844, 'App\\Models\\Tool', 12, 'GOAstVJpS8F5iu5o6Egjqfj7MuYylSCeAvXbKQ5fBwNSE8su6QmxXKuUqm2HM4jIkIJPX1BkjJnk8Chs', NULL, '2025-01-10 11:32:28'),
(845, 'App\\Models\\Tool', 11, 'Jzr94uMqTTnrnmEch84Pr5ba3XFS07rT85fQFm6MhTOXlbOMj4Px58IUyUPjI6uQTO37uG72f29ACycL', NULL, '2025-01-10 13:02:52'),
(846, 'App\\Models\\Tool', 117, 'czI0pg7zMWM7Ufyzobdg4tWznpdCp3PKwqQDJmRpCVhQBI67gBymHU2ooZWpthc3wOoLEXY3iiPXweA8', NULL, '2025-01-10 18:52:50'),
(847, 'App\\Models\\Tool', 114, 'czI0pg7zMWM7Ufyzobdg4tWznpdCp3PKwqQDJmRpCVhQBI67gBymHU2ooZWpthc3wOoLEXY3iiPXweA8', NULL, '2025-01-10 18:53:22'),
(848, 'App\\Models\\Tool', 115, 'czI0pg7zMWM7Ufyzobdg4tWznpdCp3PKwqQDJmRpCVhQBI67gBymHU2ooZWpthc3wOoLEXY3iiPXweA8', NULL, '2025-01-10 18:55:11'),
(849, 'App\\Models\\Tool', 116, 'czI0pg7zMWM7Ufyzobdg4tWznpdCp3PKwqQDJmRpCVhQBI67gBymHU2ooZWpthc3wOoLEXY3iiPXweA8', NULL, '2025-01-10 18:55:27'),
(850, 'App\\Models\\Tool', 54, 'czI0pg7zMWM7Ufyzobdg4tWznpdCp3PKwqQDJmRpCVhQBI67gBymHU2ooZWpthc3wOoLEXY3iiPXweA8', NULL, '2025-01-10 19:37:33'),
(851, 'App\\Models\\Tool', 51, 'czI0pg7zMWM7Ufyzobdg4tWznpdCp3PKwqQDJmRpCVhQBI67gBymHU2ooZWpthc3wOoLEXY3iiPXweA8', NULL, '2025-01-10 19:40:21'),
(852, 'App\\Models\\Tool', 52, '90TZRSCsapJ1OQouxiOgIXNiKar8nh48TADAgtzFXCkV6Xkgm8qJalAIJxm3tXQxYEzPFUro7eUzqN7l', NULL, '2025-01-11 02:07:21'),
(853, 'App\\Models\\Tool', 52, '90TZRSCsapJ1OQouxiOgIXNiKar8nh48TADAgtzFXCkV6Xkgm8qJalAIJxm3tXQxYEzPFUro7eUzqN7l', NULL, '2025-01-11 11:10:20'),
(854, 'App\\Models\\Tool', 101, '90TZRSCsapJ1OQouxiOgIXNiKar8nh48TADAgtzFXCkV6Xkgm8qJalAIJxm3tXQxYEzPFUro7eUzqN7l', NULL, '2025-01-11 11:15:08'),
(855, 'App\\Models\\Tool', 59, 'nZf0KwZ79Shtbf42u2ORKz9aJkYTXN7VcY70vZ8qZNd41ZHXKanKK1c2QHgQpUWXwOSZHgRWiH5HNBI6', NULL, '2025-01-12 12:26:09'),
(856, 'App\\Models\\Tool', 54, 'nZf0KwZ79Shtbf42u2ORKz9aJkYTXN7VcY70vZ8qZNd41ZHXKanKK1c2QHgQpUWXwOSZHgRWiH5HNBI6', NULL, '2025-01-12 12:26:25'),
(857, 'App\\Models\\Tool', 138, 'nZf0KwZ79Shtbf42u2ORKz9aJkYTXN7VcY70vZ8qZNd41ZHXKanKK1c2QHgQpUWXwOSZHgRWiH5HNBI6', NULL, '2025-01-12 12:26:49'),
(858, 'App\\Models\\Tool', 74, 'nZf0KwZ79Shtbf42u2ORKz9aJkYTXN7VcY70vZ8qZNd41ZHXKanKK1c2QHgQpUWXwOSZHgRWiH5HNBI6', NULL, '2025-01-12 12:27:01'),
(859, 'App\\Models\\Tool', 133, 'a0HRnA4aqmP1DrhFIEltehgpAYw9H4IRQByfH80oER8BI9rnToSzD24DzaHKMJMIzhv5i8IVMX31cBCs', NULL, '2025-01-15 01:35:20'),
(860, 'App\\Models\\Tool', 151, 'a0HRnA4aqmP1DrhFIEltehgpAYw9H4IRQByfH80oER8BI9rnToSzD24DzaHKMJMIzhv5i8IVMX31cBCs', NULL, '2025-01-15 01:35:35'),
(861, 'App\\Models\\Tool', 148, 'a0HRnA4aqmP1DrhFIEltehgpAYw9H4IRQByfH80oER8BI9rnToSzD24DzaHKMJMIzhv5i8IVMX31cBCs', NULL, '2025-01-15 01:36:01'),
(862, 'App\\Models\\Tool', 11, 'Cx5n5tMwvHXcAHG6e6LrOa0l85oIB4hV97hnm4R4WX21RUAXGWhf5nOfH8vprfLw8iTsUyr4YL2TwjQX', NULL, '2025-01-15 17:14:27'),
(863, 'App\\Models\\Tool', 14, 'Cx5n5tMwvHXcAHG6e6LrOa0l85oIB4hV97hnm4R4WX21RUAXGWhf5nOfH8vprfLw8iTsUyr4YL2TwjQX', NULL, '2025-01-15 17:14:55'),
(864, 'App\\Models\\Tool', 120, 'mmur2bYuUrsADDvUbVgwNNLxibm5sAcmRSYA7dAFTtkJdHJwl1qXB7hKxby0JO7AErMVBXRtgpw9gOOp', NULL, '2025-01-18 15:05:20'),
(865, 'App\\Models\\Tool', 140, 'Cx5n5tMwvHXcAHG6e6LrOa0l85oIB4hV97hnm4R4WX21RUAXGWhf5nOfH8vprfLw8iTsUyr4YL2TwjQX', NULL, '2025-01-21 08:11:50'),
(866, 'App\\Models\\Tool', 12, 'Cx5n5tMwvHXcAHG6e6LrOa0l85oIB4hV97hnm4R4WX21RUAXGWhf5nOfH8vprfLw8iTsUyr4YL2TwjQX', NULL, '2025-01-21 08:12:06'),
(867, 'App\\Models\\Tool', 14, 'JYQpDVLzVM0GJrE1LBnjqTzHH2tMPIQRvltfEqVpd3iZ0fiwfFXV3YCsxwZow7Q4zcakEjHPlVWAg709', NULL, '2025-01-21 19:30:39'),
(868, 'App\\Models\\Tool', 48, 'JYQpDVLzVM0GJrE1LBnjqTzHH2tMPIQRvltfEqVpd3iZ0fiwfFXV3YCsxwZow7Q4zcakEjHPlVWAg709', NULL, '2025-01-21 19:33:37'),
(869, 'App\\Models\\Tool', 46, 'JYQpDVLzVM0GJrE1LBnjqTzHH2tMPIQRvltfEqVpd3iZ0fiwfFXV3YCsxwZow7Q4zcakEjHPlVWAg709', NULL, '2025-01-21 19:33:58'),
(870, 'App\\Models\\Tool', 43, 'JYQpDVLzVM0GJrE1LBnjqTzHH2tMPIQRvltfEqVpd3iZ0fiwfFXV3YCsxwZow7Q4zcakEjHPlVWAg709', NULL, '2025-01-21 19:34:16'),
(871, 'App\\Models\\Tool', 42, 'JYQpDVLzVM0GJrE1LBnjqTzHH2tMPIQRvltfEqVpd3iZ0fiwfFXV3YCsxwZow7Q4zcakEjHPlVWAg709', NULL, '2025-01-21 19:38:19'),
(872, 'App\\Models\\Tool', 86, 'JYQpDVLzVM0GJrE1LBnjqTzHH2tMPIQRvltfEqVpd3iZ0fiwfFXV3YCsxwZow7Q4zcakEjHPlVWAg709', NULL, '2025-01-21 19:38:45'),
(873, 'App\\Models\\Tool', 13, 'BSRhNwI3KMQ33025jZRElc0Yn8QREShiGepJLI39yd2mZsBYXd60MOj0dCcNs71PnTau6qWuAxZwTvzp', NULL, '2025-01-24 04:02:53'),
(874, 'App\\Models\\Tool', 120, 'BSRhNwI3KMQ33025jZRElc0Yn8QREShiGepJLI39yd2mZsBYXd60MOj0dCcNs71PnTau6qWuAxZwTvzp', NULL, '2025-01-24 04:03:15'),
(875, 'App\\Models\\Tool', 139, 'BSRhNwI3KMQ33025jZRElc0Yn8QREShiGepJLI39yd2mZsBYXd60MOj0dCcNs71PnTau6qWuAxZwTvzp', NULL, '2025-01-24 04:04:02'),
(876, 'App\\Models\\Tool', 12, 'GPpyoKmgpHQ98xLyZ6XXhgGpQ1VQOP8NjkuSzsImhMqTcUMiObvCs6kY8fwWDJah4jYG7fCx2ExeNqac', NULL, '2025-01-26 16:25:40'),
(877, 'App\\Models\\Tool', 14, 'GPpyoKmgpHQ98xLyZ6XXhgGpQ1VQOP8NjkuSzsImhMqTcUMiObvCs6kY8fwWDJah4jYG7fCx2ExeNqac', NULL, '2025-01-26 16:25:52'),
(878, 'App\\Models\\Tool', 110, 'GPpyoKmgpHQ98xLyZ6XXhgGpQ1VQOP8NjkuSzsImhMqTcUMiObvCs6kY8fwWDJah4jYG7fCx2ExeNqac', NULL, '2025-01-26 16:26:33'),
(879, 'App\\Models\\Tool', 113, 'GhmUmvhuY1OjlcFGU4Ioe0dD6SxVOJ7y6BjIhTBxeNhbTGsNRb3PMLdcFtYKt5y2BItlafOYyq1xdy30', NULL, '2025-01-26 19:31:10'),
(880, 'App\\Models\\Tool', 113, 'TKKMlgFCBjjwU3cQdxLb5tUemObENj9PlZvdM9za5NiTeqNV8x6RsP48Maw218da8QJpFZb4bwVmWSex', NULL, '2025-01-28 06:15:52'),
(881, 'App\\Models\\Tool', 140, 'g9as7lWrtUi7YBQq6b78EnLx4qR7dJ877E0xObgQcQMYRrQogA3ae3RTsxQL2OPIAA6Ajf8yjxS8kXfw', NULL, '2025-01-28 06:17:37'),
(882, 'App\\Models\\Tool', 123, 'SHdBDsEIbAiSR2zJkkyjFv5bG9CzB4zub88XgvFC9lWCcvKCkybx4JTjTVrY6xaBoqDSeGnayoZ6N6Uh', NULL, '2025-01-28 06:20:39'),
(883, 'App\\Models\\Tool', 133, 'fVtBhlN9vM5zDrfylctuhgjLo4zifr32R3BlxgkZiV3WbTQ3CGXKczoErTyLK1vdtNhEheSBVvxQda74', NULL, '2025-01-28 06:22:19'),
(884, 'App\\Models\\Tool', 121, '60DKoZeS3PLdGW8U7y4YKf4G7RgqJ2gmqORltcex7xhmtZltoQoM2js6HkMUjjDJwr3loiWEwv2RFJTh', NULL, '2025-01-28 06:22:20'),
(885, 'App\\Models\\Tool', 119, 'p4QyCBGx62y2vl2vDtDMvL5n1y4wMFa8UMMhimnhNQVB1y35dq9pE6TGiNa0OR2AzvXWMbNMv6TVhOzJ', NULL, '2025-01-28 06:22:30'),
(886, 'App\\Models\\Tool', 124, '9zOJRlgaEbVpI4OXE4rwSrNjuC7hhHcrKdSgIQQ9QOUK7umXOor8gWCHdKFMWqqsHwCMculRq53LWhtv', NULL, '2025-01-28 06:24:11'),
(887, 'App\\Models\\Tool', 13, 'PVCUvkgIsbtUZxQ1pJe6NLN2j8X69NRljwDwlQYx7AvLHdPd4bfjlSrxEd4UzK0Q1bhnTgbwWnqHc0p9', NULL, '2025-01-28 06:25:39'),
(888, 'App\\Models\\Tool', 15, 'Pd294KtjhBj2N9glT1zPAgAsSE7YUKX7nEXLlDRs5SmGNoaJHwr2dGtmmRH2ARWsc1NN6PM1lsZNSzVu', NULL, '2025-01-28 06:25:39'),
(889, 'App\\Models\\Tool', 122, 'oTFLZnewreN2Hti6Q028upumEDS5Unmw2oceAYHQXXWrSit0Wm9tnYu5vDH4y2hDju85EhI4ulHtVm2e', NULL, '2025-01-28 06:25:59'),
(890, 'App\\Models\\Tool', 19, 'u5vW2tpYMiTT4yKKalp9zZ6r7ZgZ0DS9bNJWkKp1vRCWZI6eqN77rr7M51w1b84Olsk5zs5cSBivzL0w', NULL, '2025-01-28 06:32:54'),
(891, 'App\\Models\\Tool', 17, 'Gmj9JPJfHqz3FzvqZH8yYQjNFkWGkJNXSD3TucMWU7f2bSw1NgkXP6bQjZDn5TcaKRLAws19wnly2HD0', NULL, '2025-01-28 06:33:51'),
(892, 'App\\Models\\Tool', 130, '0xfdQmn395dD441BzDUIJS7BWF7FhK9KJbGw3agGcOYZ8G6avVJiaNTobaolvKDCey91nM9XXHITJk5H', NULL, '2025-01-28 06:38:38'),
(893, 'App\\Models\\Tool', 12, 'S6aVhGtbEnN2uP7tPVJpRtYQ7U6kkB3b6PFzPftOTDEgG8Cu8Pf403lj4UBMaNPpoIJKXKrx2QW7F1DM', NULL, '2025-01-28 06:38:48'),
(894, 'App\\Models\\Tool', 18, 'lTpvDyDYArV0t63aK8BcB9QDBFnJGfbqYUh2dTAscuhqlWSpYFiXSmOXkILwASnqGgP2yucrI1lHDTO3', NULL, '2025-01-28 06:39:47'),
(895, 'App\\Models\\Tool', 16, 'gF5ERqj091Fuf01jS558qDF6j8RAd7sdjvSvQC5HuxODwSHhEjRaR2Ai9fNnGAlSZ3KkPLzzLOcAwX0t', NULL, '2025-01-28 06:41:04'),
(896, 'App\\Models\\Tool', 11, 'ueJpQbafxR5rghWDeDZop7BQjkYPuHCzZiqCxs6XkF5UYpjRJm8TqGjQGRzHkOPmboiqrbL4DT6rfJsM', NULL, '2025-01-28 06:42:20'),
(897, 'App\\Models\\Tool', 14, 'AtbcOf1Hd0sZVgMfucReGFHqKaM53MtuZnjzA2uk41Tn9R6ree9dp3lyxwhO6wSU97d5XogH9AryXtlR', NULL, '2025-01-28 06:46:18'),
(898, 'App\\Models\\Tool', 139, 'LN7kM2MA4CwUqGt2zMNrd5jQFhK6TG1EjuSwtKSwgxLRytSeSVCmVKI60sva77dm10Ny5dYeztcvLx5q', NULL, '2025-01-28 06:46:52'),
(899, 'App\\Models\\Tool', 120, '1Q9PMXViRtFo79LPWDN66GWtqafmgBgA1Zp6vQ7H9IuvjjN2mBq9pr5NuXJqvXWfPG0MTKd7xrfV10Pe', NULL, '2025-01-28 06:47:35'),
(900, 'App\\Models\\Tool', 131, '0E1fpM6lxYWeEOSjT9HTyxVW1mmDrIqkeA5nWjKrXbLHMbz1pGHhUmGDrdFkgan7Riu50VAwH2diPeCr', NULL, '2025-01-28 06:47:41'),
(901, 'App\\Models\\Tool', 11, 'cwsL2F2rV4Ez4UHzH6q4bbNZhbwdllzrxGNczu3B3QWug7NmUzSrV0i53wbl18mJt1bgiiOhfmcecnPR', NULL, '2025-01-30 07:44:06'),
(902, 'App\\Models\\Tool', 151, 'yCo7uVGiig1wymlO4IbvayWZvPdFaQSq6tCtbqBo1hKNiqkrCQlA4BYo6GIkq5Y4GeDnPWFoyrpwF5Yt', NULL, '2025-02-06 11:16:25'),
(903, 'App\\Models\\Tool', 11, 'DlMMTsVwpuuGqExL3yBA3Mr3k4aAvpxbMEVbx7xaYzq6IkyxFOKzFq4iFvfzmX7JzoPcDT9mbc3MlEKP', NULL, '2025-02-08 09:53:36'),
(904, 'App\\Models\\Tool', 14, '5AwTOapO9nRmg8shifALEYei0bH0zjWjeWUh40GdER8cKv1VmgtiTEnlf1MxhgyNQ5z16vldSqbl8P55', NULL, '2025-02-09 07:11:41'),
(905, 'App\\Models\\Tool', 12, 'KXxIEtXGxd9RVsKv0fQl8GHbuOeN3I6xe0ndpG3GfbX3u7flqEjQQRwK8OPQTsosQUcB3LfZvS7BRJD9', NULL, '2025-02-10 16:35:28'),
(906, 'App\\Models\\Tool', 114, 'YoSt90Nd3LpAxh5mmfNaAFxUaUY0sctctMcqux51uySPWKk6tia61wuBSaOnsqJANeKCpiyY2tVeaIUM', NULL, '2025-02-11 03:38:16'),
(907, 'App\\Models\\Tool', 110, 'YoSt90Nd3LpAxh5mmfNaAFxUaUY0sctctMcqux51uySPWKk6tia61wuBSaOnsqJANeKCpiyY2tVeaIUM', NULL, '2025-02-11 03:39:24'),
(908, 'App\\Models\\Tool', 11, 'nFOOHKVkeO9J3U72eilr0hBbUSsgxevlHQC1zbYGDfFQ2OF4LoqkAVtLvQlSVV2gBrxoWZHwDNBegGMY', NULL, '2025-02-11 23:48:07'),
(909, 'App\\Models\\Tool', 60, 'nFOOHKVkeO9J3U72eilr0hBbUSsgxevlHQC1zbYGDfFQ2OF4LoqkAVtLvQlSVV2gBrxoWZHwDNBegGMY', NULL, '2025-02-11 23:48:07'),
(910, 'App\\Models\\Tool', 12, 'nFOOHKVkeO9J3U72eilr0hBbUSsgxevlHQC1zbYGDfFQ2OF4LoqkAVtLvQlSVV2gBrxoWZHwDNBegGMY', NULL, '2025-02-11 23:48:07'),
(911, 'App\\Models\\Tool', 61, 'nFOOHKVkeO9J3U72eilr0hBbUSsgxevlHQC1zbYGDfFQ2OF4LoqkAVtLvQlSVV2gBrxoWZHwDNBegGMY', NULL, '2025-02-11 23:48:07'),
(912, 'App\\Models\\Tool', 13, 'nFOOHKVkeO9J3U72eilr0hBbUSsgxevlHQC1zbYGDfFQ2OF4LoqkAVtLvQlSVV2gBrxoWZHwDNBegGMY', NULL, '2025-02-11 23:48:08'),
(913, 'App\\Models\\Tool', 14, 'nFOOHKVkeO9J3U72eilr0hBbUSsgxevlHQC1zbYGDfFQ2OF4LoqkAVtLvQlSVV2gBrxoWZHwDNBegGMY', NULL, '2025-02-11 23:48:08'),
(914, 'App\\Models\\Tool', 132, 'nFOOHKVkeO9J3U72eilr0hBbUSsgxevlHQC1zbYGDfFQ2OF4LoqkAVtLvQlSVV2gBrxoWZHwDNBegGMY', NULL, '2025-02-11 23:48:08'),
(915, 'App\\Models\\Tool', 15, 'nFOOHKVkeO9J3U72eilr0hBbUSsgxevlHQC1zbYGDfFQ2OF4LoqkAVtLvQlSVV2gBrxoWZHwDNBegGMY', NULL, '2025-02-11 23:48:08'),
(916, 'App\\Models\\Tool', 80, 'nFOOHKVkeO9J3U72eilr0hBbUSsgxevlHQC1zbYGDfFQ2OF4LoqkAVtLvQlSVV2gBrxoWZHwDNBegGMY', NULL, '2025-02-11 23:48:09'),
(917, 'App\\Models\\Tool', 16, 'nFOOHKVkeO9J3U72eilr0hBbUSsgxevlHQC1zbYGDfFQ2OF4LoqkAVtLvQlSVV2gBrxoWZHwDNBegGMY', NULL, '2025-02-11 23:48:09'),
(918, 'App\\Models\\Tool', 14, '89WOmcS4jj6P8wsYsO7qgFfaKiu8b5TJqcYVae0M9PMYXzv2oEiwTzqde15r98f9eNS05HWhsPXY89Ss', NULL, '2025-02-16 15:57:04'),
(919, 'App\\Models\\Tool', 11, '89WOmcS4jj6P8wsYsO7qgFfaKiu8b5TJqcYVae0M9PMYXzv2oEiwTzqde15r98f9eNS05HWhsPXY89Ss', NULL, '2025-02-16 15:57:10'),
(920, 'App\\Models\\Tool', 12, 'cuWqMs22zMxsrVBfHmhGn5KkCoD1BxcreOxsUvvI9DWO30mjR4uY4rAevL2saJAmkz5WQ2xx5ohv3Mcq', NULL, '2025-02-16 23:27:13'),
(921, 'App\\Models\\Tool', 80, 'Q1dqxSqx9bC17qvrAwt01flkIHj4qsmbF8rEfxaA0J0yjXbeX5TKyxU98Kc3O7DbqnY1LjW3gOpp5vOi', NULL, '2025-03-04 14:33:35'),
(922, 'App\\Models\\Tool', 132, 'Q1dqxSqx9bC17qvrAwt01flkIHj4qsmbF8rEfxaA0J0yjXbeX5TKyxU98Kc3O7DbqnY1LjW3gOpp5vOi', NULL, '2025-03-04 14:33:38'),
(923, 'App\\Models\\Tool', 61, 'Q1dqxSqx9bC17qvrAwt01flkIHj4qsmbF8rEfxaA0J0yjXbeX5TKyxU98Kc3O7DbqnY1LjW3gOpp5vOi', NULL, '2025-03-04 14:34:51'),
(924, 'App\\Models\\Tool', 60, 'Q1dqxSqx9bC17qvrAwt01flkIHj4qsmbF8rEfxaA0J0yjXbeX5TKyxU98Kc3O7DbqnY1LjW3gOpp5vOi', NULL, '2025-03-04 14:34:58'),
(925, 'App\\Models\\Tool', 16, 'LntSEjWyEEdunxvDkgrRDNkRXXYyTD7IfWduXPeQWeP3hHw0M5RMWRczcVJlDDrEem8U1Jy1s7zckhOS', NULL, '2025-03-04 15:51:17'),
(926, 'App\\Models\\Tool', 130, 'LntSEjWyEEdunxvDkgrRDNkRXXYyTD7IfWduXPeQWeP3hHw0M5RMWRczcVJlDDrEem8U1Jy1s7zckhOS', NULL, '2025-03-04 15:56:07'),
(927, 'App\\Models\\Tool', 18, 'LntSEjWyEEdunxvDkgrRDNkRXXYyTD7IfWduXPeQWeP3hHw0M5RMWRczcVJlDDrEem8U1Jy1s7zckhOS', NULL, '2025-03-04 15:56:08'),
(928, 'App\\Models\\Tool', 87, 'LntSEjWyEEdunxvDkgrRDNkRXXYyTD7IfWduXPeQWeP3hHw0M5RMWRczcVJlDDrEem8U1Jy1s7zckhOS', NULL, '2025-03-04 16:02:30'),
(929, 'App\\Models\\Tool', 16, 'LntSEjWyEEdunxvDkgrRDNkRXXYyTD7IfWduXPeQWeP3hHw0M5RMWRczcVJlDDrEem8U1Jy1s7zckhOS', NULL, '2025-03-05 03:44:34'),
(930, 'App\\Models\\Tool', 18, 'LntSEjWyEEdunxvDkgrRDNkRXXYyTD7IfWduXPeQWeP3hHw0M5RMWRczcVJlDDrEem8U1Jy1s7zckhOS', NULL, '2025-03-05 03:44:45'),
(931, 'App\\Models\\Tool', 130, 'LntSEjWyEEdunxvDkgrRDNkRXXYyTD7IfWduXPeQWeP3hHw0M5RMWRczcVJlDDrEem8U1Jy1s7zckhOS', NULL, '2025-03-05 03:44:50'),
(932, 'App\\Models\\Tool', 131, 'LntSEjWyEEdunxvDkgrRDNkRXXYyTD7IfWduXPeQWeP3hHw0M5RMWRczcVJlDDrEem8U1Jy1s7zckhOS', NULL, '2025-03-05 03:45:01'),
(933, 'App\\Models\\Tool', 16, '7DVFTRDH6UbbrV9CTwdtwl7dFEgnbSqrA33AKdF63WkzWi3ft2H239lNlHWArr8aVKqGTN1ypj6ihsw7', NULL, '2025-03-05 03:55:45'),
(934, 'App\\Models\\Tool', 50, '1RX5KaMb7T11DGfZfUxZ3Iv6tlBki2QkbICMOE3G6ukTTs5gDDXNvFdvtrWOjoUYO0tCn2USEsic27Nd', NULL, '2025-03-05 03:57:20'),
(935, 'App\\Models\\Tool', 18, '7DVFTRDH6UbbrV9CTwdtwl7dFEgnbSqrA33AKdF63WkzWi3ft2H239lNlHWArr8aVKqGTN1ypj6ihsw7', NULL, '2025-03-05 04:09:23'),
(936, 'App\\Models\\Tool', 130, '7DVFTRDH6UbbrV9CTwdtwl7dFEgnbSqrA33AKdF63WkzWi3ft2H239lNlHWArr8aVKqGTN1ypj6ihsw7', NULL, '2025-03-05 04:11:14'),
(937, 'App\\Models\\Tool', 131, '7DVFTRDH6UbbrV9CTwdtwl7dFEgnbSqrA33AKdF63WkzWi3ft2H239lNlHWArr8aVKqGTN1ypj6ihsw7', NULL, '2025-03-05 04:21:22'),
(938, 'App\\Models\\Tool', 90, '7DVFTRDH6UbbrV9CTwdtwl7dFEgnbSqrA33AKdF63WkzWi3ft2H239lNlHWArr8aVKqGTN1ypj6ihsw7', NULL, '2025-03-05 04:23:47'),
(939, 'App\\Models\\Tool', 87, '7DVFTRDH6UbbrV9CTwdtwl7dFEgnbSqrA33AKdF63WkzWi3ft2H239lNlHWArr8aVKqGTN1ypj6ihsw7', NULL, '2025-03-05 04:27:00'),
(940, 'App\\Models\\Tool', 152, '7DVFTRDH6UbbrV9CTwdtwl7dFEgnbSqrA33AKdF63WkzWi3ft2H239lNlHWArr8aVKqGTN1ypj6ihsw7', NULL, '2025-03-05 04:29:09'),
(941, 'App\\Models\\Tool', 153, '7DVFTRDH6UbbrV9CTwdtwl7dFEgnbSqrA33AKdF63WkzWi3ft2H239lNlHWArr8aVKqGTN1ypj6ihsw7', NULL, '2025-03-05 04:29:11'),
(942, 'App\\Models\\Tool', 50, '7DVFTRDH6UbbrV9CTwdtwl7dFEgnbSqrA33AKdF63WkzWi3ft2H239lNlHWArr8aVKqGTN1ypj6ihsw7', NULL, '2025-03-05 04:30:18'),
(943, 'App\\Models\\Tool', 141, 'LntSEjWyEEdunxvDkgrRDNkRXXYyTD7IfWduXPeQWeP3hHw0M5RMWRczcVJlDDrEem8U1Jy1s7zckhOS', NULL, '2025-03-05 04:31:38'),
(944, 'App\\Models\\Tool', 141, '7DVFTRDH6UbbrV9CTwdtwl7dFEgnbSqrA33AKdF63WkzWi3ft2H239lNlHWArr8aVKqGTN1ypj6ihsw7', NULL, '2025-03-05 04:32:06'),
(945, 'App\\Models\\Tool', 50, '7DVFTRDH6UbbrV9CTwdtwl7dFEgnbSqrA33AKdF63WkzWi3ft2H239lNlHWArr8aVKqGTN1ypj6ihsw7', NULL, '2025-03-05 04:35:55'),
(946, 'App\\Models\\Tool', 142, 'LntSEjWyEEdunxvDkgrRDNkRXXYyTD7IfWduXPeQWeP3hHw0M5RMWRczcVJlDDrEem8U1Jy1s7zckhOS', NULL, '2025-03-05 04:45:33'),
(947, 'App\\Models\\Tool', 149, '7DVFTRDH6UbbrV9CTwdtwl7dFEgnbSqrA33AKdF63WkzWi3ft2H239lNlHWArr8aVKqGTN1ypj6ihsw7', NULL, '2025-03-05 04:57:38'),
(948, 'App\\Models\\Tool', 142, '7DVFTRDH6UbbrV9CTwdtwl7dFEgnbSqrA33AKdF63WkzWi3ft2H239lNlHWArr8aVKqGTN1ypj6ihsw7', NULL, '2025-03-05 04:57:40'),
(949, 'App\\Models\\Tool', 150, '7DVFTRDH6UbbrV9CTwdtwl7dFEgnbSqrA33AKdF63WkzWi3ft2H239lNlHWArr8aVKqGTN1ypj6ihsw7', NULL, '2025-03-05 05:00:09'),
(950, 'App\\Models\\Tool', 145, '7DVFTRDH6UbbrV9CTwdtwl7dFEgnbSqrA33AKdF63WkzWi3ft2H239lNlHWArr8aVKqGTN1ypj6ihsw7', NULL, '2025-03-05 05:04:00'),
(951, 'App\\Models\\Tool', 146, '7DVFTRDH6UbbrV9CTwdtwl7dFEgnbSqrA33AKdF63WkzWi3ft2H239lNlHWArr8aVKqGTN1ypj6ihsw7', NULL, '2025-03-05 05:13:08'),
(952, 'App\\Models\\Tool', 147, '7DVFTRDH6UbbrV9CTwdtwl7dFEgnbSqrA33AKdF63WkzWi3ft2H239lNlHWArr8aVKqGTN1ypj6ihsw7', NULL, '2025-03-05 05:16:38'),
(953, 'App\\Models\\Tool', 148, '7DVFTRDH6UbbrV9CTwdtwl7dFEgnbSqrA33AKdF63WkzWi3ft2H239lNlHWArr8aVKqGTN1ypj6ihsw7', NULL, '2025-03-05 05:16:40'),
(954, 'App\\Models\\Tool', 17, '7DVFTRDH6UbbrV9CTwdtwl7dFEgnbSqrA33AKdF63WkzWi3ft2H239lNlHWArr8aVKqGTN1ypj6ihsw7', NULL, '2025-03-05 05:23:29'),
(955, 'App\\Models\\Tool', 51, '7DVFTRDH6UbbrV9CTwdtwl7dFEgnbSqrA33AKdF63WkzWi3ft2H239lNlHWArr8aVKqGTN1ypj6ihsw7', NULL, '2025-03-05 05:24:37'),
(956, 'App\\Models\\Tool', 57, '7DVFTRDH6UbbrV9CTwdtwl7dFEgnbSqrA33AKdF63WkzWi3ft2H239lNlHWArr8aVKqGTN1ypj6ihsw7', NULL, '2025-03-05 05:24:39'),
(957, 'App\\Models\\Tool', 51, 'YCCBLGFkSQANadlhB1FbEp07fuYD0M6lKKnu0eyh4d3fjH6KBdBrbgOtyrQ9yzvhghtUjzV8QCCTPahc', NULL, '2025-03-05 05:24:59'),
(958, 'App\\Models\\Tool', 99, '7DVFTRDH6UbbrV9CTwdtwl7dFEgnbSqrA33AKdF63WkzWi3ft2H239lNlHWArr8aVKqGTN1ypj6ihsw7', NULL, '2025-03-05 05:46:01'),
(959, 'App\\Models\\Tool', 16, '7DVFTRDH6UbbrV9CTwdtwl7dFEgnbSqrA33AKdF63WkzWi3ft2H239lNlHWArr8aVKqGTN1ypj6ihsw7', NULL, '2025-03-05 06:07:17'),
(960, 'App\\Models\\Tool', 151, 'EyyJ8GAlEwMweIKkbLwRoQFtSAUuQ0nMiNbIs5Wsx7j2sQ7PTuGIpZcZxvqfxZe4Ykuzk6dxfCfnAGTE', NULL, '2025-03-05 10:14:48'),
(961, 'App\\Models\\Tool', 93, '0mh91WDbf60UcfaJfJlwBFxb2xMwIIfW1BiRixsAfT51AGRfof4BGkAQ6DHColCj4o1bTFSIoquKSLYt', NULL, '2025-03-05 14:21:31'),
(962, 'App\\Models\\Tool', 130, '0mh91WDbf60UcfaJfJlwBFxb2xMwIIfW1BiRixsAfT51AGRfof4BGkAQ6DHColCj4o1bTFSIoquKSLYt', NULL, '2025-03-05 14:44:18'),
(963, 'App\\Models\\Tool', 12, '0mh91WDbf60UcfaJfJlwBFxb2xMwIIfW1BiRixsAfT51AGRfof4BGkAQ6DHColCj4o1bTFSIoquKSLYt', NULL, '2025-03-05 14:44:39'),
(964, 'App\\Models\\Tool', 33, '7DVFTRDH6UbbrV9CTwdtwl7dFEgnbSqrA33AKdF63WkzWi3ft2H239lNlHWArr8aVKqGTN1ypj6ihsw7', NULL, '2025-03-05 15:54:33'),
(965, 'App\\Models\\Tool', 36, '7DVFTRDH6UbbrV9CTwdtwl7dFEgnbSqrA33AKdF63WkzWi3ft2H239lNlHWArr8aVKqGTN1ypj6ihsw7', NULL, '2025-03-05 15:54:44'),
(966, 'App\\Models\\Tool', 120, 'j91GoGxy5niVq5n8w3qa7rQsnMHSkcEGUfjQh6YqCQ18P2ovClTwZH5QW6PlOD4OrBWdZ0Zm4UQVwSoK', NULL, '2025-03-05 20:03:03'),
(967, 'App\\Models\\Tool', 111, 's4UEN3rA4QHOGHibupSzbmyreNArOeUvvR9kXSG2cywhdFHlcduCeEn7XeoK6Vz6tcPrHnxbXiZvxzWo', NULL, '2025-03-05 21:34:23'),
(968, 'App\\Models\\Tool', 151, 's4UEN3rA4QHOGHibupSzbmyreNArOeUvvR9kXSG2cywhdFHlcduCeEn7XeoK6Vz6tcPrHnxbXiZvxzWo', NULL, '2025-03-05 21:34:32'),
(969, 'App\\Models\\Tool', 22, 's4UEN3rA4QHOGHibupSzbmyreNArOeUvvR9kXSG2cywhdFHlcduCeEn7XeoK6Vz6tcPrHnxbXiZvxzWo', NULL, '2025-03-05 21:35:47'),
(970, 'App\\Models\\Tool', 133, 's4UEN3rA4QHOGHibupSzbmyreNArOeUvvR9kXSG2cywhdFHlcduCeEn7XeoK6Vz6tcPrHnxbXiZvxzWo', NULL, '2025-03-05 21:36:52'),
(971, 'App\\Models\\Tool', 131, 's4UEN3rA4QHOGHibupSzbmyreNArOeUvvR9kXSG2cywhdFHlcduCeEn7XeoK6Vz6tcPrHnxbXiZvxzWo', NULL, '2025-03-05 21:36:55'),
(972, 'App\\Models\\Tool', 11, 'lsqRYNuUpVjyit97G8Rr5HFgdwQpvoyhDD21ICnQ9lvD64oVQ57ejIUPEXlwYzfw4nBooAAxuHkyeK6z', NULL, '2025-03-06 12:31:52'),
(973, 'App\\Models\\Tool', 120, 'BAL3q0Zb7WMWmFzvoAlEEBuVMGgRyCeXRsEQQL7XdY8QWI0cOzXK16Z9ucHpvFWBTjzUF2o6aUL3RK6i', NULL, '2025-03-07 04:41:36'),
(974, 'App\\Models\\Tool', 15, 'BAL3q0Zb7WMWmFzvoAlEEBuVMGgRyCeXRsEQQL7XdY8QWI0cOzXK16Z9ucHpvFWBTjzUF2o6aUL3RK6i', NULL, '2025-03-07 04:46:01'),
(975, 'App\\Models\\Tool', 124, 'BAL3q0Zb7WMWmFzvoAlEEBuVMGgRyCeXRsEQQL7XdY8QWI0cOzXK16Z9ucHpvFWBTjzUF2o6aUL3RK6i', NULL, '2025-03-07 04:46:20'),
(976, 'App\\Models\\Tool', 122, 'BAL3q0Zb7WMWmFzvoAlEEBuVMGgRyCeXRsEQQL7XdY8QWI0cOzXK16Z9ucHpvFWBTjzUF2o6aUL3RK6i', NULL, '2025-03-07 04:46:45'),
(977, 'App\\Models\\Tool', 123, 'BAL3q0Zb7WMWmFzvoAlEEBuVMGgRyCeXRsEQQL7XdY8QWI0cOzXK16Z9ucHpvFWBTjzUF2o6aUL3RK6i', NULL, '2025-03-07 04:47:00'),
(978, 'App\\Models\\Tool', 151, 'BAL3q0Zb7WMWmFzvoAlEEBuVMGgRyCeXRsEQQL7XdY8QWI0cOzXK16Z9ucHpvFWBTjzUF2o6aUL3RK6i', NULL, '2025-03-07 04:47:56'),
(979, 'App\\Models\\Tool', 153, 'BAL3q0Zb7WMWmFzvoAlEEBuVMGgRyCeXRsEQQL7XdY8QWI0cOzXK16Z9ucHpvFWBTjzUF2o6aUL3RK6i', NULL, '2025-03-07 04:49:03'),
(980, 'App\\Models\\Tool', 64, 'BAL3q0Zb7WMWmFzvoAlEEBuVMGgRyCeXRsEQQL7XdY8QWI0cOzXK16Z9ucHpvFWBTjzUF2o6aUL3RK6i', NULL, '2025-03-07 04:49:14'),
(981, 'App\\Models\\Tool', 153, 'ZlDW3GPZBmfa0Y24FH1NEGOB8bB60oU7liSucZXpHMZ7dovspg6whQud6Bj3iyGI7MGU8fMhfG2MQO2w', NULL, '2025-03-07 20:33:48'),
(982, 'App\\Models\\Tool', 153, 'JL69TBPCWveYpPHI52utKFgaCGO0c4qBH6U9wue8JsDz3llQuSOuEFf0WOjxZJ3NL2Lvsnun7H8e4L2V', NULL, '2025-03-07 21:01:03'),
(983, 'App\\Models\\Tool', 19, 'JL69TBPCWveYpPHI52utKFgaCGO0c4qBH6U9wue8JsDz3llQuSOuEFf0WOjxZJ3NL2Lvsnun7H8e4L2V', NULL, '2025-03-07 21:26:26'),
(984, 'App\\Models\\Tool', 117, 'ONWzOIgxZDvt9msB2O4zn3ONRGeMWI6uv71dYH05WEJuXbWeTIYpf9KQHnOfVjZibQnu54vW9693L40w', NULL, '2025-03-07 21:28:31'),
(985, 'App\\Models\\Tool', 118, 'ONWzOIgxZDvt9msB2O4zn3ONRGeMWI6uv71dYH05WEJuXbWeTIYpf9KQHnOfVjZibQnu54vW9693L40w', NULL, '2025-03-07 21:29:41'),
(986, 'App\\Models\\Tool', 113, 'ONWzOIgxZDvt9msB2O4zn3ONRGeMWI6uv71dYH05WEJuXbWeTIYpf9KQHnOfVjZibQnu54vW9693L40w', NULL, '2025-03-07 21:29:50'),
(987, 'App\\Models\\Tool', 116, 'ONWzOIgxZDvt9msB2O4zn3ONRGeMWI6uv71dYH05WEJuXbWeTIYpf9KQHnOfVjZibQnu54vW9693L40w', NULL, '2025-03-07 21:30:51'),
(988, 'App\\Models\\Tool', 116, 'nadmdtCxi22YjjaCys6GceIhr7E7kBzVo1oEzsocwbbSY5RGrCFXWNvLmrg5ivprleVddLyfw4X5PeMm', NULL, '2025-03-08 01:28:09'),
(989, 'App\\Models\\Tool', 11, 'nadmdtCxi22YjjaCys6GceIhr7E7kBzVo1oEzsocwbbSY5RGrCFXWNvLmrg5ivprleVddLyfw4X5PeMm', NULL, '2025-03-08 01:28:26'),
(990, 'App\\Models\\Tool', 11, '4C9FdPjADXUvmXn05bwz1MtbPtIZrj8XwzSq5F1YjgUxk8IOxytHge7NbD56zoDpl9k90PofT8Ije0aA', NULL, '2025-03-08 01:29:31'),
(991, 'App\\Models\\Tool', 131, '4C9FdPjADXUvmXn05bwz1MtbPtIZrj8XwzSq5F1YjgUxk8IOxytHge7NbD56zoDpl9k90PofT8Ije0aA', NULL, '2025-03-08 01:30:23'),
(992, 'App\\Models\\Tool', 122, '4C9FdPjADXUvmXn05bwz1MtbPtIZrj8XwzSq5F1YjgUxk8IOxytHge7NbD56zoDpl9k90PofT8Ije0aA', NULL, '2025-03-08 01:30:45'),
(993, 'App\\Models\\Tool', 113, '4C9FdPjADXUvmXn05bwz1MtbPtIZrj8XwzSq5F1YjgUxk8IOxytHge7NbD56zoDpl9k90PofT8Ije0aA', NULL, '2025-03-08 01:30:59'),
(994, 'App\\Models\\Tool', 60, '4C9FdPjADXUvmXn05bwz1MtbPtIZrj8XwzSq5F1YjgUxk8IOxytHge7NbD56zoDpl9k90PofT8Ije0aA', NULL, '2025-03-08 01:36:22'),
(995, 'App\\Models\\Tool', 83, '4C9FdPjADXUvmXn05bwz1MtbPtIZrj8XwzSq5F1YjgUxk8IOxytHge7NbD56zoDpl9k90PofT8Ije0aA', NULL, '2025-03-08 01:36:34'),
(996, 'App\\Models\\Tool', 128, '4C9FdPjADXUvmXn05bwz1MtbPtIZrj8XwzSq5F1YjgUxk8IOxytHge7NbD56zoDpl9k90PofT8Ije0aA', NULL, '2025-03-08 01:36:40'),
(997, 'App\\Models\\Tool', 4, '4C9FdPjADXUvmXn05bwz1MtbPtIZrj8XwzSq5F1YjgUxk8IOxytHge7NbD56zoDpl9k90PofT8Ije0aA', NULL, '2025-03-08 01:38:20'),
(998, 'App\\Models\\Tool', 52, '4C9FdPjADXUvmXn05bwz1MtbPtIZrj8XwzSq5F1YjgUxk8IOxytHge7NbD56zoDpl9k90PofT8Ije0aA', NULL, '2025-03-08 01:38:54'),
(999, 'App\\Models\\Tool', 52, 'xi0IyWNxOpw9AiPN7r3H7xGXNw4WAT4VQRfje8S1beiR2511GD0XSsx09tPkpBJKYnogdF12mp7u6OwR', NULL, '2025-03-08 02:56:55'),
(1000, 'App\\Models\\Tool', 11, 'jRSkACUyUXjgHToJqEzt8JX28X0TY6KzqX4Qin2Pk0PKCFven2rSE1Ac2BuWc6AZzwYcVMt3QJKGrGO9', NULL, '2025-03-08 03:23:26'),
(1001, 'App\\Models\\Tool', 52, 'jRSkACUyUXjgHToJqEzt8JX28X0TY6KzqX4Qin2Pk0PKCFven2rSE1Ac2BuWc6AZzwYcVMt3QJKGrGO9', NULL, '2025-03-08 03:24:20'),
(1002, 'App\\Models\\Tool', 15, 'nsNGqIvoUPiAqBBwvENoeJzlpuZmw6obfTz6kQtYv5kcMq0Wcfo9Q1cW9R5OKKmGdFw8DxWWL8OjAYCU', NULL, '2025-03-08 06:35:57'),
(1003, 'App\\Models\\Tool', 95, 'IfYMCt2mzK2qRsnb0mwamCx6nD80pW7HVGTTSsgRl5ifUxajZeNuws3h4t78YIGPNbCqYEKsjdYQqqEP', NULL, '2025-03-08 14:21:57'),
(1004, 'App\\Models\\Tool', 130, 'IfYMCt2mzK2qRsnb0mwamCx6nD80pW7HVGTTSsgRl5ifUxajZeNuws3h4t78YIGPNbCqYEKsjdYQqqEP', NULL, '2025-03-08 14:22:48'),
(1005, 'App\\Models\\Tool', 66, 'IfYMCt2mzK2qRsnb0mwamCx6nD80pW7HVGTTSsgRl5ifUxajZeNuws3h4t78YIGPNbCqYEKsjdYQqqEP', NULL, '2025-03-08 14:23:05'),
(1006, 'App\\Models\\Tool', 11, 'IfYMCt2mzK2qRsnb0mwamCx6nD80pW7HVGTTSsgRl5ifUxajZeNuws3h4t78YIGPNbCqYEKsjdYQqqEP', NULL, '2025-03-08 14:23:30'),
(1007, 'App\\Models\\Tool', 60, '3MgRaRwDoZXuoYyNllYMfrozICKsIOJ4IcROywXS0RFy75KhJrURrrMRMFyHoYizdKlVwYw9OGciBtWY', NULL, '2025-03-08 14:56:56'),
(1008, 'App\\Models\\Tool', 61, '3MgRaRwDoZXuoYyNllYMfrozICKsIOJ4IcROywXS0RFy75KhJrURrrMRMFyHoYizdKlVwYw9OGciBtWY', NULL, '2025-03-08 14:57:30'),
(1009, 'App\\Models\\Tool', 80, '3MgRaRwDoZXuoYyNllYMfrozICKsIOJ4IcROywXS0RFy75KhJrURrrMRMFyHoYizdKlVwYw9OGciBtWY', NULL, '2025-03-08 14:57:38'),
(1010, 'App\\Models\\Tool', 132, '3MgRaRwDoZXuoYyNllYMfrozICKsIOJ4IcROywXS0RFy75KhJrURrrMRMFyHoYizdKlVwYw9OGciBtWY', NULL, '2025-03-08 14:57:50'),
(1011, 'App\\Models\\Tool', 83, '3MgRaRwDoZXuoYyNllYMfrozICKsIOJ4IcROywXS0RFy75KhJrURrrMRMFyHoYizdKlVwYw9OGciBtWY', NULL, '2025-03-08 14:58:01'),
(1012, 'App\\Models\\Tool', 75, '3MgRaRwDoZXuoYyNllYMfrozICKsIOJ4IcROywXS0RFy75KhJrURrrMRMFyHoYizdKlVwYw9OGciBtWY', NULL, '2025-03-08 14:58:14'),
(1013, 'App\\Models\\Tool', 57, '3MgRaRwDoZXuoYyNllYMfrozICKsIOJ4IcROywXS0RFy75KhJrURrrMRMFyHoYizdKlVwYw9OGciBtWY', NULL, '2025-03-08 15:00:26'),
(1014, 'App\\Models\\Tool', 120, '3MgRaRwDoZXuoYyNllYMfrozICKsIOJ4IcROywXS0RFy75KhJrURrrMRMFyHoYizdKlVwYw9OGciBtWY', NULL, '2025-03-08 15:01:41'),
(1015, 'App\\Models\\Tool', 11, '3MgRaRwDoZXuoYyNllYMfrozICKsIOJ4IcROywXS0RFy75KhJrURrrMRMFyHoYizdKlVwYw9OGciBtWY', NULL, '2025-03-08 15:02:10'),
(1016, 'App\\Models\\Tool', 120, '3MgRaRwDoZXuoYyNllYMfrozICKsIOJ4IcROywXS0RFy75KhJrURrrMRMFyHoYizdKlVwYw9OGciBtWY', NULL, '2025-03-08 15:02:28'),
(1017, 'App\\Models\\Tool', 14, '3MgRaRwDoZXuoYyNllYMfrozICKsIOJ4IcROywXS0RFy75KhJrURrrMRMFyHoYizdKlVwYw9OGciBtWY', NULL, '2025-03-08 15:02:38'),
(1018, 'App\\Models\\Tool', 122, '3MgRaRwDoZXuoYyNllYMfrozICKsIOJ4IcROywXS0RFy75KhJrURrrMRMFyHoYizdKlVwYw9OGciBtWY', NULL, '2025-03-08 15:03:38'),
(1019, 'App\\Models\\Tool', 124, '3MgRaRwDoZXuoYyNllYMfrozICKsIOJ4IcROywXS0RFy75KhJrURrrMRMFyHoYizdKlVwYw9OGciBtWY', NULL, '2025-03-08 15:04:38'),
(1020, 'App\\Models\\Tool', 123, '3MgRaRwDoZXuoYyNllYMfrozICKsIOJ4IcROywXS0RFy75KhJrURrrMRMFyHoYizdKlVwYw9OGciBtWY', NULL, '2025-03-08 15:04:50'),
(1021, 'App\\Models\\Tool', 113, '3MgRaRwDoZXuoYyNllYMfrozICKsIOJ4IcROywXS0RFy75KhJrURrrMRMFyHoYizdKlVwYw9OGciBtWY', NULL, '2025-03-08 15:05:02'),
(1022, 'App\\Models\\Tool', 121, '3MgRaRwDoZXuoYyNllYMfrozICKsIOJ4IcROywXS0RFy75KhJrURrrMRMFyHoYizdKlVwYw9OGciBtWY', NULL, '2025-03-08 15:22:08'),
(1023, 'App\\Models\\Tool', 118, '3MgRaRwDoZXuoYyNllYMfrozICKsIOJ4IcROywXS0RFy75KhJrURrrMRMFyHoYizdKlVwYw9OGciBtWY', NULL, '2025-03-08 15:22:37'),
(1024, 'App\\Models\\Tool', 54, 'CJbUQPGf5AQuBn6BHEyZLLmWwAArzQjyQtses3yBlon9t0x7c1SurI2CArrrUAAvJfSxEeXlurC5nQJu', NULL, '2025-03-09 14:24:46'),
(1025, 'App\\Models\\Tool', 52, 'CJbUQPGf5AQuBn6BHEyZLLmWwAArzQjyQtses3yBlon9t0x7c1SurI2CArrrUAAvJfSxEeXlurC5nQJu', NULL, '2025-03-09 14:25:17'),
(1026, 'App\\Models\\Tool', 152, 'CJbUQPGf5AQuBn6BHEyZLLmWwAArzQjyQtses3yBlon9t0x7c1SurI2CArrrUAAvJfSxEeXlurC5nQJu', NULL, '2025-03-09 14:25:43'),
(1027, 'App\\Models\\Tool', 11, 'hPhSGiwXD6MbrUVlV4ZMDl7FLCbgUA8mbx2JusZ8QTFHHcZZSxKoG64tjFZjjEnHY3BV8xAunjNwC0uY', NULL, '2025-03-09 17:56:58'),
(1028, 'App\\Models\\Tool', 14, 'hPhSGiwXD6MbrUVlV4ZMDl7FLCbgUA8mbx2JusZ8QTFHHcZZSxKoG64tjFZjjEnHY3BV8xAunjNwC0uY', NULL, '2025-03-09 17:57:45'),
(1029, 'App\\Models\\Tool', 94, '6zO1g1s2HslDnAa96meZaUAazA9Nchr4FT1qoRMjv88DQU8n1gHlSVSzcyztxQGd68sGvvVHKKsfbWGz', NULL, '2025-03-09 20:58:30'),
(1030, 'App\\Models\\Tool', 14, 'yHC2MIBacyZi0vvGaB4zpAOxbyMQ4neapRPqwsFMGhrsnfrvwcGpdqEmfhSRguTm6CpRgH6jMdI2lRNM', NULL, '2025-03-09 21:06:47'),
(1031, 'App\\Models\\Tool', 151, 'JV6OjmgwT7PMsG12OIbEj8W48ZKznT6QyGxI0KydZaWSA9bgBvYdvsjDxlw46MPiGr2dNRo6gg63qju9', NULL, '2025-03-10 10:35:56'),
(1032, 'App\\Models\\Tool', 76, 'JV6OjmgwT7PMsG12OIbEj8W48ZKznT6QyGxI0KydZaWSA9bgBvYdvsjDxlw46MPiGr2dNRo6gg63qju9', NULL, '2025-03-10 10:37:30'),
(1033, 'App\\Models\\Tool', 99, 'JV6OjmgwT7PMsG12OIbEj8W48ZKznT6QyGxI0KydZaWSA9bgBvYdvsjDxlw46MPiGr2dNRo6gg63qju9', NULL, '2025-03-10 10:38:52'),
(1034, 'App\\Models\\Tool', 63, 'JV6OjmgwT7PMsG12OIbEj8W48ZKznT6QyGxI0KydZaWSA9bgBvYdvsjDxlw46MPiGr2dNRo6gg63qju9', NULL, '2025-03-10 10:39:53'),
(1035, 'App\\Models\\Tool', 61, 'JV6OjmgwT7PMsG12OIbEj8W48ZKznT6QyGxI0KydZaWSA9bgBvYdvsjDxlw46MPiGr2dNRo6gg63qju9', NULL, '2025-03-10 10:41:29'),
(1036, 'App\\Models\\Tool', 123, 'JV6OjmgwT7PMsG12OIbEj8W48ZKznT6QyGxI0KydZaWSA9bgBvYdvsjDxlw46MPiGr2dNRo6gg63qju9', NULL, '2025-03-10 10:42:27'),
(1037, 'App\\Models\\Tool', 6, 'JV6OjmgwT7PMsG12OIbEj8W48ZKznT6QyGxI0KydZaWSA9bgBvYdvsjDxlw46MPiGr2dNRo6gg63qju9', NULL, '2025-03-10 10:44:20'),
(1038, 'App\\Models\\Tool', 136, 'JV6OjmgwT7PMsG12OIbEj8W48ZKznT6QyGxI0KydZaWSA9bgBvYdvsjDxlw46MPiGr2dNRo6gg63qju9', NULL, '2025-03-10 10:44:20'),
(1039, 'App\\Models\\Tool', 45, 'JV6OjmgwT7PMsG12OIbEj8W48ZKznT6QyGxI0KydZaWSA9bgBvYdvsjDxlw46MPiGr2dNRo6gg63qju9', NULL, '2025-03-10 10:44:54'),
(1040, 'App\\Models\\Tool', 75, 'JV6OjmgwT7PMsG12OIbEj8W48ZKznT6QyGxI0KydZaWSA9bgBvYdvsjDxlw46MPiGr2dNRo6gg63qju9', NULL, '2025-03-10 10:45:46'),
(1041, 'App\\Models\\Tool', 129, 'JV6OjmgwT7PMsG12OIbEj8W48ZKznT6QyGxI0KydZaWSA9bgBvYdvsjDxlw46MPiGr2dNRo6gg63qju9', NULL, '2025-03-10 10:47:06'),
(1042, 'App\\Models\\Tool', 79, 'JV6OjmgwT7PMsG12OIbEj8W48ZKznT6QyGxI0KydZaWSA9bgBvYdvsjDxlw46MPiGr2dNRo6gg63qju9', NULL, '2025-03-10 10:48:26'),
(1043, 'App\\Models\\Tool', 85, 'JV6OjmgwT7PMsG12OIbEj8W48ZKznT6QyGxI0KydZaWSA9bgBvYdvsjDxlw46MPiGr2dNRo6gg63qju9', NULL, '2025-03-10 10:49:03');
INSERT INTO `views` (`id`, `viewable_type`, `viewable_id`, `visitor`, `collection`, `viewed_at`) VALUES
(1044, 'App\\Models\\Tool', 152, 'JV6OjmgwT7PMsG12OIbEj8W48ZKznT6QyGxI0KydZaWSA9bgBvYdvsjDxlw46MPiGr2dNRo6gg63qju9', NULL, '2025-03-10 11:02:17'),
(1045, 'App\\Models\\Tool', 1, 'JV6OjmgwT7PMsG12OIbEj8W48ZKznT6QyGxI0KydZaWSA9bgBvYdvsjDxlw46MPiGr2dNRo6gg63qju9', NULL, '2025-03-10 11:02:25'),
(1046, 'App\\Models\\Tool', 60, 'JV6OjmgwT7PMsG12OIbEj8W48ZKznT6QyGxI0KydZaWSA9bgBvYdvsjDxlw46MPiGr2dNRo6gg63qju9', NULL, '2025-03-10 11:29:23'),
(1047, 'App\\Models\\Tool', 78, 'JV6OjmgwT7PMsG12OIbEj8W48ZKznT6QyGxI0KydZaWSA9bgBvYdvsjDxlw46MPiGr2dNRo6gg63qju9', NULL, '2025-03-10 11:30:39'),
(1048, 'App\\Models\\Tool', 19, 'JV6OjmgwT7PMsG12OIbEj8W48ZKznT6QyGxI0KydZaWSA9bgBvYdvsjDxlw46MPiGr2dNRo6gg63qju9', NULL, '2025-03-10 11:31:23'),
(1049, 'App\\Models\\Tool', 132, 'JV6OjmgwT7PMsG12OIbEj8W48ZKznT6QyGxI0KydZaWSA9bgBvYdvsjDxlw46MPiGr2dNRo6gg63qju9', NULL, '2025-03-10 11:33:50'),
(1050, 'App\\Models\\Tool', 151, 'bwUts954hXcJqjspcCUNsIvF0gdXfihhqEIJlAbC6XgiMyPCRjglbBox0saPOJfZ4YaBeriaUtdeoDZB', NULL, '2025-03-10 15:34:06'),
(1051, 'App\\Models\\Tool', 130, 'bwUts954hXcJqjspcCUNsIvF0gdXfihhqEIJlAbC6XgiMyPCRjglbBox0saPOJfZ4YaBeriaUtdeoDZB', NULL, '2025-03-10 15:42:39'),
(1052, 'App\\Models\\Tool', 13, 'drK95ihi7uAAxoBw7JLAQJzXBqxdXMpiYnhSVUEN8sXTCIycGEbuzg0yGL0dn72Si0RRnP5TLUyHcUDm', NULL, '2025-03-10 15:59:05'),
(1053, 'App\\Models\\Tool', 86, 'drK95ihi7uAAxoBw7JLAQJzXBqxdXMpiYnhSVUEN8sXTCIycGEbuzg0yGL0dn72Si0RRnP5TLUyHcUDm', NULL, '2025-03-10 15:59:21'),
(1054, 'App\\Models\\Tool', 118, 'vMgh4F8wcnrYa0PL3wChjiZsXB81aYSpRq72hsRGBSUyVCDD6Sd55Z4RkP8lry8fWyRduTYQiJYwxScW', NULL, '2025-03-10 16:56:17'),
(1055, 'App\\Models\\Tool', 54, 'vMgh4F8wcnrYa0PL3wChjiZsXB81aYSpRq72hsRGBSUyVCDD6Sd55Z4RkP8lry8fWyRduTYQiJYwxScW', NULL, '2025-03-10 16:57:58'),
(1056, 'App\\Models\\Tool', 60, 'vMgh4F8wcnrYa0PL3wChjiZsXB81aYSpRq72hsRGBSUyVCDD6Sd55Z4RkP8lry8fWyRduTYQiJYwxScW', NULL, '2025-03-10 16:59:37'),
(1057, 'App\\Models\\Tool', 52, 'vMgh4F8wcnrYa0PL3wChjiZsXB81aYSpRq72hsRGBSUyVCDD6Sd55Z4RkP8lry8fWyRduTYQiJYwxScW', NULL, '2025-03-10 17:02:23'),
(1058, 'App\\Models\\Tool', 11, 'wQKMrAm4kLeOZ4DchgEYr8u5x5Vs0cQhBWJaiGpZTNq4JZTqJ64efUtqUoplVXltNfsK2UTzfHt8pulF', NULL, '2025-03-11 03:11:28'),
(1059, 'App\\Models\\Tool', 86, 'wQKMrAm4kLeOZ4DchgEYr8u5x5Vs0cQhBWJaiGpZTNq4JZTqJ64efUtqUoplVXltNfsK2UTzfHt8pulF', NULL, '2025-03-11 03:11:57'),
(1060, 'App\\Models\\Tool', 11, 'Ex9lUbWVopWfNfoJCFOvK1s3JcdsqVKcVRDvZILmxAeloJod7lTwaFEQmHKzDMUQd352PRMKUr92eqU1', NULL, '2025-03-11 15:40:24'),
(1061, 'App\\Models\\Tool', 14, '5WLWMsGTosm2jRhPiUxBYOz32pgTB5MqIV6jG3zoY6YVgqCL1DbWN1leCOWvfprXOr2ZgcWauEi0UBCb', NULL, '2025-03-11 15:41:00'),
(1062, 'App\\Models\\Tool', 19, '0mh91WDbf60UcfaJfJlwBFxb2xMwIIfW1BiRixsAfT51AGRfof4BGkAQ6DHColCj4o1bTFSIoquKSLYt', NULL, '2025-03-12 02:03:43'),
(1063, 'App\\Models\\Tool', 113, '0mh91WDbf60UcfaJfJlwBFxb2xMwIIfW1BiRixsAfT51AGRfof4BGkAQ6DHColCj4o1bTFSIoquKSLYt', NULL, '2025-03-12 02:04:20'),
(1064, 'App\\Models\\Tool', 122, 'utLZMqMMbbHF1fl8JFuJlB1TBH7JbYsqOaIFAzhnIb4YeJkxmJz8PotB3jbvZ0zlO44SGZvbDD5O7UXL', NULL, '2025-03-12 05:29:31'),
(1065, 'App\\Models\\Tool', 91, 'MXlnCNd1IxNn7NMNURnYbQgTKSv6QYsKYcfanNvDIrFLrWO5EIWXWHf8YBzNKiZIf0NSv6cOBpqWq7HC', NULL, '2025-03-12 05:30:01'),
(1066, 'App\\Models\\Tool', 117, 'NSNUtAMpM3DQ7ItZbRouj1IcJxDfEA91NBaQEVi00ZOBKmYsWnOTYTiSf4BRS00mkQKUpQsNU0DFTGKq', NULL, '2025-03-12 07:17:28'),
(1067, 'App\\Models\\Tool', 89, 'NSNUtAMpM3DQ7ItZbRouj1IcJxDfEA91NBaQEVi00ZOBKmYsWnOTYTiSf4BRS00mkQKUpQsNU0DFTGKq', NULL, '2025-03-12 07:17:41'),
(1068, 'App\\Models\\Tool', 11, 'U4xr3zMYYhKENnggbQx43PbgwOhByUvH84kHeQaYxQwsIQGOBtaZeVqX4sz9AOCEveFVYxbqLIq5QuhA', NULL, '2025-03-12 18:34:27'),
(1069, 'App\\Models\\Tool', 29, 'qrNmS4xWGzyeKY48T3iDYX4gHXWnSuQzkamKsWt2nQ97gXZ6I2V6PgHN3YFpuTxTz68HgXU41J5fb6qb', NULL, '2025-03-13 00:14:28'),
(1070, 'App\\Models\\Tool', 86, 'rytPfxqkQdhvV0Knda3oVUElYRdCFPZVMVtRGzSYc22NEKxHDt5tAxOvoCEV6j9S1lOKJUgxqYBRn81C', NULL, '2025-03-14 05:08:25'),
(1071, 'App\\Models\\Tool', 88, 'MYjmyddUgTF9ANlsEzSdOru6d7WCZG33AQOQFmUGowK6QWs3fbIRohx0xh0sLby3AIARm6J9FKfkafUW', NULL, '2025-03-14 09:52:53'),
(1072, 'App\\Models\\Tool', 125, '4T1KiZdeMlNSdNGxS7bcpgvVMNbNwPXQa3DPF7mOu0gP282i9oDDqtIOaT2k21asgoClQPnylMJ0Fk6m', NULL, '2025-03-14 11:50:24'),
(1073, 'App\\Models\\Tool', 119, 'WdJi95kmaahiYbmfEin5DWBKOeNWE0skJE6gTUMoWZmy9qsOo9Iheq2v7SdTXLcERAJyVvCSsp8hCIKl', NULL, '2025-03-14 12:02:38'),
(1074, 'App\\Models\\Tool', 122, 'etiPhdnwSeMhCAIqa5QulXfPNoqNuZXDaQaXn3zMcrxhw72U249IOqzLeV9dlCmhLoExsIjyJ5W5g7tx', NULL, '2025-03-14 12:50:39'),
(1075, 'App\\Models\\Tool', 124, 'etiPhdnwSeMhCAIqa5QulXfPNoqNuZXDaQaXn3zMcrxhw72U249IOqzLeV9dlCmhLoExsIjyJ5W5g7tx', NULL, '2025-03-14 12:50:44'),
(1076, 'App\\Models\\Tool', 140, 'etiPhdnwSeMhCAIqa5QulXfPNoqNuZXDaQaXn3zMcrxhw72U249IOqzLeV9dlCmhLoExsIjyJ5W5g7tx', NULL, '2025-03-14 12:50:51'),
(1077, 'App\\Models\\Tool', 5, 'etiPhdnwSeMhCAIqa5QulXfPNoqNuZXDaQaXn3zMcrxhw72U249IOqzLeV9dlCmhLoExsIjyJ5W5g7tx', NULL, '2025-03-14 12:51:05'),
(1078, 'App\\Models\\Tool', 14, 'etiPhdnwSeMhCAIqa5QulXfPNoqNuZXDaQaXn3zMcrxhw72U249IOqzLeV9dlCmhLoExsIjyJ5W5g7tx', NULL, '2025-03-14 12:51:41'),
(1079, 'App\\Models\\Tool', 15, 'mhVUGcTiWMKT9jPEIJQ4bi0zgRMJUEWbO5vVgNZ4AR3oTlaq5NTfBv9r2yrY5a0oOgzIEJU6jGYlKkQ8', NULL, '2025-03-14 13:22:42'),
(1080, 'App\\Models\\Tool', 11, 'rTb1sTG7ojSGYiLZC7Dp4SoI8QXX40wx622WgDQ7dy8OPli7Ka2LOpIEJxTBbAZ77w4X0UakLEQImk7y', NULL, '2025-03-14 14:48:15'),
(1081, 'App\\Models\\Tool', 120, 'AIpOW3ee4CYjnpxDP6rNHsOWS8L4u6hoXGJIpDyZt7qchZMAp877wDw9rlaqnTXtZMwNsqLKrxLVNcRh', NULL, '2025-03-14 15:29:39'),
(1082, 'App\\Models\\Tool', 91, 'FwvZ1CcEzLKh9Tv5IYOO7Tc4R5w4zBAHrUSdYSqWKY8j3UeumSKi7r3HktJCsqVgFWHvhEH8unEvgZA9', NULL, '2025-03-14 17:29:46'),
(1083, 'App\\Models\\Tool', 6, 'ls0mr3YsOfK0NLDgEGBAtFq5ULNjmr00Qat7cSEBtfgfNtyi2CMiWIniDSpEnxQc4sfCNrnQnOZRbeNy', NULL, '2025-03-14 18:56:49'),
(1084, 'App\\Models\\Tool', 117, 'wipAP5t4WyxaXpei7CVH2wlPFVXJe2fZ85GWiPaJFbIoVYhS03yQJfqEgOht4vGodQer4Jv5gzBNxUve', NULL, '2025-03-15 08:08:16'),
(1085, 'App\\Models\\Tool', 13, 'torsZwSrVmYix1Zo9qq1fKWMhwg7ijfmAeORYipX65g4f3NxIXdrN0YCZ8XP2kUwONELxcngBZGdXQa5', NULL, '2025-03-15 19:02:05'),
(1086, 'App\\Models\\Tool', 119, 'UH13CQCAtfNzkcag6bWS6XmzMqYFqe3OSsKGNPlwb7Efn19WR1nnfQJTzoQjfu6qjiDcyEbgYzdtziDi', NULL, '2025-03-15 21:32:27'),
(1087, 'App\\Models\\Tool', 11, 'KBWrmOmQS9SRkDQC34yP8urlP5Y3NoyQSaUOk9PdU4loIZhx9vBEujC81JTicn4PtuviRl2ByoZMArer', NULL, '2025-03-15 23:23:59'),
(1088, 'App\\Models\\Tool', 13, 'KBWrmOmQS9SRkDQC34yP8urlP5Y3NoyQSaUOk9PdU4loIZhx9vBEujC81JTicn4PtuviRl2ByoZMArer', NULL, '2025-03-15 23:25:05'),
(1089, 'App\\Models\\Tool', 17, 'KBWrmOmQS9SRkDQC34yP8urlP5Y3NoyQSaUOk9PdU4loIZhx9vBEujC81JTicn4PtuviRl2ByoZMArer', NULL, '2025-03-15 23:25:33'),
(1090, 'App\\Models\\Tool', 15, 'KBWrmOmQS9SRkDQC34yP8urlP5Y3NoyQSaUOk9PdU4loIZhx9vBEujC81JTicn4PtuviRl2ByoZMArer', NULL, '2025-03-15 23:26:40'),
(1091, 'App\\Models\\Tool', 133, 'KBWrmOmQS9SRkDQC34yP8urlP5Y3NoyQSaUOk9PdU4loIZhx9vBEujC81JTicn4PtuviRl2ByoZMArer', NULL, '2025-03-15 23:27:29'),
(1092, 'App\\Models\\Tool', 19, 'KBWrmOmQS9SRkDQC34yP8urlP5Y3NoyQSaUOk9PdU4loIZhx9vBEujC81JTicn4PtuviRl2ByoZMArer', NULL, '2025-03-15 23:29:18'),
(1093, 'App\\Models\\Tool', 15, 'KBWrmOmQS9SRkDQC34yP8urlP5Y3NoyQSaUOk9PdU4loIZhx9vBEujC81JTicn4PtuviRl2ByoZMArer', NULL, '2025-03-16 02:36:48'),
(1094, 'App\\Models\\Tool', 12, 'KBWrmOmQS9SRkDQC34yP8urlP5Y3NoyQSaUOk9PdU4loIZhx9vBEujC81JTicn4PtuviRl2ByoZMArer', NULL, '2025-03-16 02:38:24'),
(1095, 'App\\Models\\Tool', 86, 'RTKvanFSv8HWOruF5kr8zycVKNeiCq0TezBCbIjx8L32J9DUbNlo7WJYn2O07ZxPp9OYDiX3iK1A9YmA', NULL, '2025-03-16 08:39:24'),
(1096, 'App\\Models\\Tool', 1, 'RTKvanFSv8HWOruF5kr8zycVKNeiCq0TezBCbIjx8L32J9DUbNlo7WJYn2O07ZxPp9OYDiX3iK1A9YmA', NULL, '2025-03-16 08:39:39'),
(1097, 'App\\Models\\Tool', 55, 'SitXbP4sZydN4ZWJ8GqUj1AhCnsFnM1M1wzE7k1jI6c4NwWx6XpeHRn5eUIuUSARmuN3YhtwQaOL9wTZ', NULL, '2025-03-16 12:56:36'),
(1098, 'App\\Models\\Tool', 14, 'SitXbP4sZydN4ZWJ8GqUj1AhCnsFnM1M1wzE7k1jI6c4NwWx6XpeHRn5eUIuUSARmuN3YhtwQaOL9wTZ', NULL, '2025-03-16 12:58:12'),
(1099, 'App\\Models\\Tool', 103, 'PAyxsskxqxZVtP8nrqWASUHGpt3dSktCdhiWxEKGm0tvslvGX4w8ZKnR4vvIpcR4CH2gLVcPc14Pwut4', NULL, '2025-03-16 17:17:40'),
(1100, 'App\\Models\\Tool', 86, 'b8eUwJ6BtkXqSGhVbml1moTYnxtCptHEOOCdax9enTvqBHCtFbPZN6oSlX6Yr3WSvND9Wv3QpybJj4JD', NULL, '2025-03-18 05:25:05'),
(1101, 'App\\Models\\Tool', 130, 'vEr8ZxkpsHjUNCjaKey75GlzMLEv1fLlnotaW8jhfVmSBUUCElsVApCPSJW3bdlP0bcc45jKSuXJrUKP', NULL, '2025-03-18 23:13:15'),
(1102, 'App\\Models\\Tool', 130, 'aR1m7YvzFKWtY8NvFNAst6kTPUwT2hNQaNQgaBc0xnU31XxuSRyKEwuAIclhuWHsUsCAWAEUdQlGJMut', NULL, '2025-03-19 03:16:22'),
(1103, 'App\\Models\\Tool', 112, 'Wv8KokVhNf2SktqvEL18n7ZVM9QmWuLXKBNILoctmSvWVuZpuLGg5Ajgb9iNsfXTJ6rcAWL5ZMxYh6s1', NULL, '2025-03-26 18:40:44'),
(1104, 'App\\Models\\Tool', 60, 'ponYRDExVpH5ypFRtlxhy4Cg9fAG6vmCRXwLfaDpLJIODooGN6c4YfuAEju1buX9ypqQF6l7CE3YnU6f', NULL, '2025-03-26 18:43:45'),
(1105, 'App\\Models\\Tool', 34, 'YwvWkzSvxbj13tQFRTdfKMOeexM1lM3sGcLXPqlidXuFpzMBXrW3aqNrd2WwkrX8Fc7ZeenQAvL2lCZb', NULL, '2025-03-26 18:43:45'),
(1106, 'App\\Models\\Tool', 16, '51LlrPVP3PynaLDkE2hJHfeJhMmIthRiESVdDAtRfc1mN661epZhTRzH9BbxumC1rXvXbgNFo6Kkyb5I', NULL, '2025-03-26 18:43:45'),
(1107, 'App\\Models\\Tool', 13, 'trB7LMwvs7IWvyHqghYGhLvBDp3q2sKZvfX4pKmylzUoWSvdDZmBArDFFpvWxmmwY4vRzdbFYFgb9mR1', NULL, '2025-03-26 18:43:49'),
(1108, 'App\\Models\\Tool', 75, 'euOOrzE8vwRhxuSunT9K4IZwGCvdasFOMOaWOa0p1fik2g2wENmxHlidrkEECZGN81GKzHRXQ6r5hl79', NULL, '2025-03-26 18:43:49'),
(1109, 'App\\Models\\Tool', 38, 'bIgOBR8vEKRzTLQMjB8z3fNaoIZKsj58sUOjJRT8z7YAP4vmS9WBZjfb2DXkFHEKEcbZlbOYN43Az2M3', NULL, '2025-03-26 18:43:52'),
(1110, 'App\\Models\\Tool', 86, 'T5aZ0kSG5uDUg1cP3kKUYmNQq6npNfbe2W4j9lUTFq5w7XXe3nlYyhQSOD8L0yeYT5Ccjs7rISJpIKGR', NULL, '2025-03-26 18:43:56'),
(1111, 'App\\Models\\Tool', 120, '3LF0G4oU6vbxIqLprb8SHMXtyIy26PXW3ETmSzPvDA1xnYZBFJYLCswPnqWy8uNCNjMIM3uHy0wnDVUT', NULL, '2025-03-26 18:44:01'),
(1112, 'App\\Models\\Tool', 138, 'TZrhVGlZraTh3Y5dyAX7eZsuKaJ7B2HfBKi3yHdCtHxUnu9ygCK0HMtCZTfbLn5xASXkOwBKQrtWTvX1', NULL, '2025-03-26 18:44:14'),
(1113, 'App\\Models\\Tool', 29, 'aV9sCtMrA0mT3KxVNDwCZivV40q6L7pMAdogjPB9Y38ElkGqyyZJcgIy0PEFto4qZ7IXAKCjvfAbiJiL', NULL, '2025-03-26 18:44:18'),
(1114, 'App\\Models\\Tool', 15, 'JKUjrPkBFr8kvCWAY65zAEEKUpXgJ4jFN0lwUIFq5AwMQB80u4aOvMmsK6mZXCmWkqWZaL1ZQLPT4PIP', NULL, '2025-03-26 18:44:23'),
(1115, 'App\\Models\\Tool', 14, 'lVkBAbJLoBXUAPh7YGrE4ma9nlykmJaNAJlJ8l8pIZFu6fMJxioWlEmuvECSCBPylCgcGgZM4Zc0Asj3', NULL, '2025-03-26 18:44:29'),
(1116, 'App\\Models\\Tool', 130, '4g0AMUJtsDEPz4UPWe3YWgoCPYxrMAUoQcRDK3heJ46RD2hc0Pgq1QQ9tDynHdQSJeOGN7RpbdgbYT81', NULL, '2025-03-26 18:44:38'),
(1117, 'App\\Models\\Tool', 12, 'JtTRVRC90zcQ3nQXsk3vkjUilRMyLY7owBd0Uyyu7qIAtglnmnKtOAcc0GW3ITkuLj1vuXTrGQKeuYAY', NULL, '2025-03-26 18:44:41'),
(1118, 'App\\Models\\Tool', 30, 'wu3r8UaQlEbp31XXpCSkmpXRWGGzNpKiqoW4vVOohOBUuZEstoGVc5RV2OB2z7xSNQJGTMqE8sU8u8q5', NULL, '2025-03-26 18:44:46'),
(1119, 'App\\Models\\Tool', 102, 'LEdQ8qO8Z8lPTqjBLJzifB25GbXU7ww8XIk1WjuaAhh0i31PfSAzIjd0wCr6y6yYAhvpU1ED3Cx98Civ', NULL, '2025-03-26 18:44:52'),
(1120, 'App\\Models\\Tool', 70, 'vqYlZScmNBqc9Yak67vrK1Qd062rRYBVd5UmYbNTuC0ElyIt6Mj3c6tH69bWDN0AZJfNDD04127giQ10', NULL, '2025-03-26 18:44:57'),
(1121, 'App\\Models\\Tool', 137, 'dqrnhH92oBRaiaaTa6KD9tbkKzyVejoltk4bitSUPJO1ASKLtbIdtxmwp6ofEGvCEkTd8yu9e18TARUL', NULL, '2025-03-26 18:45:37'),
(1122, 'App\\Models\\Tool', 48, 'NOqpzeKGRmsnwdrhQtqHivCPHJv41zujMlWE3G9c8jtrFMAQJzWAlXoY6ckZZNhyqtYYplPyvWAGb00p', NULL, '2025-03-26 18:45:38'),
(1123, 'App\\Models\\Tool', 11, 'ocDvzRbKNTbY0e0ZhyFzsR9Na6PKgfneEiJqIvnHddKUtZ5XAKTmbNelAvteskcTWum8SKm85UpFPl2B', NULL, '2025-03-26 18:45:41'),
(1124, 'App\\Models\\Tool', 9, 'XUrNx04QGKmkMZLuIPSFR5VqaY9cRSZvS94k3AgjfPSUm6vjeXjGOpYCnQJ8v7Y4nNs2IlVwdm4L4Vjt', NULL, '2025-03-26 18:45:44'),
(1125, 'App\\Models\\Tool', 85, 'QmqHCcgf14UA0r5KyZ4NeaXz0XDkcnrSCkvezQiZjdprAd6aTG0JR7knam2OQtmw6Q6MuS4brIpXjADk', NULL, '2025-03-26 18:46:06'),
(1126, 'App\\Models\\Tool', 150, '5qTPumY61nIcJlD7Uxy3uQ6Qd08NCZvb0QaHl4IDsP4iRwhnSiAYfzMUMRkI5pXGZEKoo9b5H1Bk1EaH', NULL, '2025-03-26 18:46:17'),
(1127, 'App\\Models\\Tool', 95, 'ZdWnchcWSNQZwF3Mf5zRPNujaBQbmtAU93xjIi7kJ7PIlcJLMBuCqOy6ntfWnLMjDjmcenuKmVYQzQK1', NULL, '2025-03-26 18:46:33'),
(1128, 'App\\Models\\Tool', 105, 'VM789zFl7kSDcQqmG9rdxhVhJBgDx7wmPFzcbLjR4c6hXdJlgQP3zJ4x52q4LvizpgTTvefdBBwxuGel', NULL, '2025-03-26 18:46:36'),
(1129, 'App\\Models\\Tool', 2, 'JmStpdZIXGFctCiwG62FqpjjCWoZeC5bt2qUh3B1eZwifETTKVppC7wocYcqeVw0G4C1s13wOb8GgaLc', NULL, '2025-03-26 18:46:37'),
(1130, 'App\\Models\\Tool', 74, 'euvjaMDleCXAsitu15haAp0epN37u6DF2xxhfoz4EIT17CPGG0SR4NTh8Mhd9dBIpGR2uZax3X6bJZYS', NULL, '2025-03-26 18:46:38'),
(1131, 'App\\Models\\Tool', 123, 'r6YNW3gPvby5WTlOHnGq8yKT5jU8CDHk23ueOUZjOU6CrvycPB8mL3vuuwzEjfimtSROArA4CwfNErIS', NULL, '2025-03-26 18:46:40'),
(1132, 'App\\Models\\Tool', 79, 'yb1uLuZJzOGpL2ZLrfg8cDIN17XP8C5u4YjgYAvVHZnVcOHOxij9xRjv4M4PUDBgQqexivDxa3yjfZ5O', NULL, '2025-03-26 18:46:41'),
(1133, 'App\\Models\\Tool', 10, 'PUkphfoIuFaOlF5qpNiYogxqcCgTVzj4I4hmEHyUDri2mQTeWNPrS5khTIV9vuqhKW7wXovhd3TYwBZL', NULL, '2025-03-26 18:46:45'),
(1134, 'App\\Models\\Tool', 113, 'qpKNElVIHabP6xjheC4AKfaum7qzEIZio2H3YgXNPJSK17vTAeQSU7MWpT0dNqlID8USsVRDxF9eDsXU', NULL, '2025-03-26 18:46:46'),
(1135, 'App\\Models\\Tool', 146, 'JAE54yeCBFg68t1KMu5SbiNATDtnfX6MKb5yVyPklHpMWzF7TB3h09me5sXAfmznNVwapcXz4AoXGzW7', NULL, '2025-03-26 18:46:48'),
(1136, 'App\\Models\\Tool', 51, '9HjIFUk0BECuCQ0dXO6eTUgX3X68I2tircwmHxkVwYrVLSoPSo4XgED4pOCcjfOd7DJlNJsliMV39jet', NULL, '2025-03-26 18:46:50'),
(1137, 'App\\Models\\Tool', 94, 'CY9NHkMeVFKOESTNf4lcn5yjnJJ83kS8jvzuJCsGT1mu9uDo3F08bVEAb3ZGWuNbPXRytrLGIQDgH6F9', NULL, '2025-03-26 18:47:00'),
(1138, 'App\\Models\\Tool', 93, 'SlBg39Wb4rxX1iWLGcrRe9g0KNs4LuTDDOPWDSoYaMbW0pkjEeX7nkmhexNgS7ugnIfD0ZcekiPKdgvN', NULL, '2025-03-26 18:47:03'),
(1139, 'App\\Models\\Tool', 5, 'm8K97oAkO1ZpPUOJJ07mp5KWPyt5H9HRaj0nmZaSXHyFKLGnGdyRk9hdVmFF5s18wcFUN6yyZM45kWA7', NULL, '2025-03-26 18:47:06'),
(1140, 'App\\Models\\Tool', 119, 'oVL1Qyp9DYn0T2EMoneYGuagJuTsHjnmbkZdYdo4OXdPmG0kueWJMxMH5T9g9jiQ1vZp69qKus6cNSQb', NULL, '2025-03-26 18:47:09'),
(1141, 'App\\Models\\Tool', 114, 'XmECs6Cr0KS8zr21SHyXFBIHjQOK7UvIDU9a1fWWsT2spd2EZmcrThmM7XeelbAkQd1wxg1cuG9aVRlC', NULL, '2025-03-26 18:47:10'),
(1142, 'App\\Models\\Tool', 101, 'HNZZC6LqKWcDPTp3eLibhTKK9VoOskVDcPJERK1KbdckDqSWAku8rKg4JRkJpsUjcwOb9FWGkDww4q4M', NULL, '2025-03-26 18:47:12'),
(1143, 'App\\Models\\Tool', 147, 'Dtod0BybAplSVwVEv9ruq7t8Lpk7KJqqpLeiIMppSPjFH5sBFbxgMlFTqzpKH1H9T8JVAC55dMdTACQW', NULL, '2025-03-26 18:47:13'),
(1144, 'App\\Models\\Tool', 24, 'tfdkQsujBRNkcTUsB3f8DMooEvYkOnJe0oBmlCtKoc1EwXvJcaOLbGAQx4ij9PgcsCmR2Xz0w5caqtCN', NULL, '2025-03-26 18:47:29'),
(1145, 'App\\Models\\Tool', 39, '9LFQCbh3wEpG6Y9M4bqWoZBG2319JsR2VRy328hb41Fz9LoPNgvuQup2N4yaj4O6gGQQJVjVj6w90zqX', NULL, '2025-03-26 18:47:31'),
(1146, 'App\\Models\\Tool', 152, 'hZajaCoKWcvUUahakMrGBUMHRDW5alXptt3pES4PrgrpqsEXKIwSkBEhusC8bRt9RX6VJ1wIKJzKKzHZ', NULL, '2025-03-26 18:47:33'),
(1147, 'App\\Models\\Tool', 117, 'w0ZcpTuODXcrm9ithAu2HJopcP72aSYm5CiZ6bfoP7UMyR3u29j9Eo1TeqtZSuLcfIVL3zfxfNX3r3mV', NULL, '2025-03-26 18:47:36'),
(1148, 'App\\Models\\Tool', 37, 'bsFRlzbLv9BgYYv5m0tpmH5kA6rwyA8yajFVZNSPXZYfPxXMLMClaM6GYWwyREZBzhk8mwgz2DLe6GdR', NULL, '2025-03-26 18:47:38'),
(1149, 'App\\Models\\Tool', 6, 'VR1SrsBgcodQHElgZhE9LNJBaCDDOWiHEhb7iosWQxGZ6TZZz3H2r5CRCKwGSuUrPbgyDlVcC1NOLlRg', NULL, '2025-03-26 18:47:38'),
(1150, 'App\\Models\\Tool', 47, 'PbuzTccyixXr72AablkuW1fs0nnGklghyg5309yLpxzcgCkLGt50zwP7rWmBaWfHplkruEZ8E0K4IYTC', NULL, '2025-03-26 18:47:39'),
(1151, 'App\\Models\\Tool', 121, 'ZbJG405p2UlwSRcnKcJH0gUFOAFyPc0uCObGUamuqBbKaIrYVHlJbOWIa6EhpcScl8m064gXdfZbqivl', NULL, '2025-03-26 18:47:40'),
(1152, 'App\\Models\\Tool', 41, 't8SGDum8R7gLSv9uemtY1kjzM4Kdx7515vjUkBPi92UzugPkgktQiIA8P9w4E6ky9DrUJF5F8EgSjgnF', NULL, '2025-03-26 18:47:41'),
(1153, 'App\\Models\\Tool', 64, 'MPlp1NzmPED41hSyUHZNhWzRZOWVUFy2vcKIlr2CMjA8xyI4oKRY4cEJ7jHGdn1HqETszyJR35L3ZssA', NULL, '2025-03-26 18:47:45'),
(1154, 'App\\Models\\Tool', 87, 'QfuPY35uW4A1xsZfDItRTbH4SKQRZt8vgYtbuS6A8WyC2GlK2HRU21aryd19ntQpHuFNT5nLr9cN2O0l', NULL, '2025-03-26 18:47:48'),
(1155, 'App\\Models\\Tool', 43, 'LMY34d2wa9e0rSDZtEWEqUYXo2sb29rSOPTFeoP3ETdQit3tg5Tf8Fgcru5fhcaN8EV2IcAgru9w5O9y', NULL, '2025-03-26 18:47:49'),
(1156, 'App\\Models\\Tool', 107, 'w11irAz9kMHHprLbGXL2k6peqiNOmMtOVn5owWeDRqE1EpvujugfU2Ci9YnVJ1pp7S0R5vaRt9MudR7Q', NULL, '2025-03-26 18:47:50'),
(1157, 'App\\Models\\Tool', 97, 'mfjTghiry1dJ7Oz7NudYnC6PHBDK5LBaOHUTO9t1gPHqldk5LxjMphMjzxgtifeBzD734dH2OyZUUrsj', NULL, '2025-03-26 18:47:50'),
(1158, 'App\\Models\\Tool', 128, 'LathB566KW1DbI0JRZE4xJF5O1uUo94WLyrJok7kaS0bkuTRiklXrW0evIZSnMLM8cvP5TC013dJkWND', NULL, '2025-03-26 18:47:54'),
(1159, 'App\\Models\\Tool', 83, '0DRuWkF9QCueGpmsOxIJlPfy7kBpaG8rAoyLjm1lznO7cQNcBa5NxKuGlZbKhNG3gFH7bCFcYqE4kQjm', NULL, '2025-03-26 18:47:58'),
(1160, 'App\\Models\\Tool', 52, 'NGJ1pREWndWSzdBVlcfw51zm5gn1Mc5ZFxmfU7Ix4tiqZ84uKMPgvXp8QbwLzfnY0DpMuWoOD2TAnKgc', NULL, '2025-03-26 18:48:00'),
(1161, 'App\\Models\\Tool', 100, 'ncifrpUqwLMnwm0YX2UelWnAFm9ztCCDa2pDjzxmbLnUagXsryHAVDEosmnlnHoR0phiGr78NSCtMHDS', NULL, '2025-03-26 18:48:02'),
(1162, 'App\\Models\\Tool', 26, 'v3qkIBL78Sk7a3wa3uey3DNX4lPOL7YzFN9SIaYOmOj3uu7UzTPJVdZsofJTp06lgpKwMzScQ8WVKCUe', NULL, '2025-03-26 18:48:05'),
(1163, 'App\\Models\\Tool', 89, 'n6LiOzYoeMrT1PcexF3GMtRhfnDGfRk5jwgzaLogFRfGA1hsaygrS2C3OTM3y9tvLhdOw8VhSGr4ufFu', NULL, '2025-03-26 18:48:08'),
(1164, 'App\\Models\\Tool', 90, 'F15W6e418vaGi7v8HWmAf9NRZEnkSXldbDv5aMRL92EOBG2qeCoEQCnxxN5KaCgfHAXVD6QYCPgwU4sG', NULL, '2025-03-26 18:48:08'),
(1165, 'App\\Models\\Tool', 133, '5wc2CDwJEGWaxfpfBxBeVEAlvfafI5c2V5mB7Zm2qi232pgkzbhYc56lqO1XdpW1aRYGE8mEZhZjcIgq', NULL, '2025-03-26 18:48:09'),
(1166, 'App\\Models\\Tool', 56, 'HtXA7scmgsBTzL2oHKFXMyaDyFWp9ZYfmRElGLmDu9worTFYZW306K4aKoXEdEP0mV6wwmsS6ZjzQLuK', NULL, '2025-03-26 18:48:09'),
(1167, 'App\\Models\\Tool', 145, 'smX67mjfyxVYTwihrY1NGyJNeOyWvnAP2GH2kX2gXShPV1BdS6df7UTXojYrQo95buYRDY21c0dKnUyA', NULL, '2025-03-26 18:48:11'),
(1168, 'App\\Models\\Tool', 4, 'rdrKWyyAL4YQnAxOBOQN0dX5qQLobVxGk5IJnSMhrOFNqIQn6410BkTc33Et9G7u6AmxIUk2Td4cy9MG', NULL, '2025-03-26 18:48:12'),
(1169, 'App\\Models\\Tool', 63, 'CAVzH3AwAw0JkLMiBqffUnldyoTdvid6OwG6NkBjBNNeWWTF7ZPj0FWjCGyh0WPtw0g4XkV2nTahGMbl', NULL, '2025-03-26 18:48:12'),
(1170, 'App\\Models\\Tool', 125, 'w1D08qVCZ8ZVzuNzvMGtN7i25LBcHz3Sbt9vQUGPq5ExAP1MfIR0vEI8xLTywARwIPeUDu5YczaNntTr', NULL, '2025-03-26 18:48:15'),
(1171, 'App\\Models\\Tool', 76, 'MQjhf5RIggo6FTy9lB8wErxh04aeOXDo8o5rad2Fiysy5EUnfIa2wqZf4DhNWiFHRdUlhRlEiAGj9sUA', NULL, '2025-03-26 18:48:22'),
(1172, 'App\\Models\\Tool', 25, 'ln8nka6XD3UMx1ty0UWAmh7ZzGfskN1uqT30RpB5hDB11Xf7xgaupq0hq1mrc7GTJ0QiEAoNZm7soDKF', NULL, '2025-03-26 18:48:24'),
(1173, 'App\\Models\\Tool', 78, 'NqtTKQxNYO8AmtTOZFI5a0q0illO2V4OqKiP02Afh8VsPmTwtDInagv3DJBJsIDdWuprrHXGPIBP9ldL', NULL, '2025-03-26 18:48:24'),
(1174, 'App\\Models\\Tool', 115, 'GaH0iq1uy6NNWSwa8xluGpZhECwnNurzOl4Ro4NK63w2LoE3W39dujvERQT8aukjJZTZfYgYb8Uw3oFo', NULL, '2025-03-26 18:48:24'),
(1175, 'App\\Models\\Tool', 21, 'ZyYUjXszAYrWwPmGuvFg3BUQA3pswGj70INIhsZWAmrf9qCgsJlgCMhGGnqTbO5Aulcq01cGAHICkqc9', NULL, '2025-03-26 18:48:25'),
(1176, 'App\\Models\\Tool', 127, 'anFOQj3YTS1hNJq5LkUz3DOHq0BoqmryWC47ZzVQUq9D4kh8m4FRagMhnfxj1ThDjwrR2fC8168FQG8w', NULL, '2025-03-26 18:48:25'),
(1177, 'App\\Models\\Tool', 122, 'vJ55k7Yd0XqZizsnYzZDoaE5AShCt3Q7rRMwk565hiC4oZDOGT9ouFIX1UUAH4p4T12ZbWXow3h1uHP7', NULL, '2025-03-26 18:48:25'),
(1178, 'App\\Models\\Tool', 3, 'Hghit2u2f9P0g43F2hT5lZS5iOtwHpGV9sb27js1Txz8Afl4TSS9d8HUc4fnQGv3y1y9JGbmkJFhVQoX', NULL, '2025-03-26 18:48:27'),
(1179, 'App\\Models\\Tool', 46, 'QMMWEl8QXgmxoydMPQNTJXbGIoF6Q81tc3ylLf63UUORNHdWpWwLVfu4KGQpuxA1i8pyi2bjRR6ng2Ft', NULL, '2025-03-26 18:48:28'),
(1180, 'App\\Models\\Tool', 149, 'qyaOdQiLUmwYRDVY5ZBvoqdmxKTkCiyu2hbCgpDspDNeMxZNielgng34rZ0axU4o93mOa0nqvZjJjJd9', NULL, '2025-03-26 18:48:30'),
(1181, 'App\\Models\\Tool', 23, 'HkqBfXKiXTVISF3JvebL1F3bRMq5zNMUXlumiphcKLwTQO8OXK6wnE5S87gIsVSEV5HNRUrMY0agrfMt', NULL, '2025-03-26 18:48:30'),
(1182, 'App\\Models\\Tool', 22, 'MzCGY9GkR3SvlB8BIsicxt8kdatNMchBjBldK3GqS6lMpg3hfaChhedo8aLooqriGxACkyFHyrs65aRD', NULL, '2025-03-26 18:48:32'),
(1183, 'App\\Models\\Tool', 18, 'Hnp6CWRP7TiUoqJ1SQroDhUPy7P4fyugAaiK9UDdY3cjA75hWvbQpv0qSi7sueX9QUb2CJ4wT4cnBzCu', NULL, '2025-03-26 18:48:33'),
(1184, 'App\\Models\\Tool', 54, 'aglrEe1IIu0NE5bVnvRSBTwfp4iPQRuEcSVuBy718vxQDLBPutEIvSrVbN3mLTCrDCTGd0uc80jhXsMA', NULL, '2025-03-26 18:48:34'),
(1185, 'App\\Models\\Tool', 99, '8kHYhANibtEmK9aM1gwaLnqTvSfOh0pvWz9YvBtPV0CvYe82Ok8up3ntORYvkpR4VVzhQWBeFWfRktEX', NULL, '2025-03-26 18:48:37'),
(1186, 'App\\Models\\Tool', 53, 'RgjU2srIbS12HdMh0Ddlop5KrJnfr5mVFMF8GxW5DDq2YoOHaXu7XhjLGHjJpCvwybbxS3IKfLHMN3tk', NULL, '2025-03-26 18:48:38'),
(1187, 'App\\Models\\Tool', 57, 'CEqy0J1hhMAIu6Dr2qmOrHcsfolh5UooJZqnGOAhrWh3tUwhFEi9l86EmxhwtIkG7OFo3Nhyzzo3H3xD', NULL, '2025-03-26 18:48:40'),
(1188, 'App\\Models\\Tool', 111, 'knW9VfsQ95uwQ9nSwFG9sNWs3m7NZwR7vXuZZyLptu3sCAYWQfDcZx0pS9sroLCbDbq0gRts417Fiqgb', NULL, '2025-03-26 18:48:43'),
(1189, 'App\\Models\\Tool', 27, 'b0XM92MdXujYPCiZdg668moXaWA2RKSPXpxLaRdqKlKcOIiGwqx9xmeBmxkn3Wz4kFKl4CCs7uGeO8Dt', NULL, '2025-03-26 18:48:45'),
(1190, 'App\\Models\\Tool', 151, 'M5ClbdnYcr3lQcOuQCXgqM7yiLKFB7JsxZfw4zWazdn7YaWXAW90QiWEIDldEIr9EJfcy1MpgB0ZoTkK', NULL, '2025-03-26 18:48:46'),
(1191, 'App\\Models\\Tool', 17, '1zSyn25FAG4caJXcSYhOeSNHKbYXjoKPUMRA3MM2AGT5rSiyy5Gz0ipB1JXZrc1QDyp8pAyaZTqSMtcL', NULL, '2025-03-26 18:48:52'),
(1192, 'App\\Models\\Tool', 116, 'ELjqqb1bM5sHbIM9Hru7Yx5NJNdkXWLovgveQObCxAVYIA2m6kDzLAsN3Quz29regzCwGVG4VRwl7U3v', NULL, '2025-03-26 18:48:53'),
(1193, 'App\\Models\\Tool', 42, 'TkQ6uDS9JD0A1RGUi6bSjO3AtRdfENvOt8SG6mGPsIx9Ai3ewiVq8fIEJXQQXkIHAFytp136OhiznKxZ', NULL, '2025-03-26 18:48:55'),
(1194, 'App\\Models\\Tool', 61, 'j615ANYJu7SEe9PoWngL188d72h8AwTgVImod6hQtoxbz53tgMhrnRgM7zu8qrNBfqA2mKSQY5pD1Fm6', NULL, '2025-03-26 18:48:56'),
(1195, 'App\\Models\\Tool', 68, 'AEBA9ZPNuBulKhkhkFVY6tlH4RGI5nGeLuTZ2GTGlgda4SlG0LZgIM1B2CfMXnpSWPTG5IdNNY1O3WKm', NULL, '2025-03-26 18:48:56'),
(1196, 'App\\Models\\Tool', 45, 'o4Ieu7JaGxuputs9tVQu9wNmAgGhSKMkT7lZ80NRrEPhZsSXVMT2KaMAdqLJw2290IyFwnPCFcWnTZiW', NULL, '2025-03-26 18:48:57'),
(1197, 'App\\Models\\Tool', 8, 'hzgdIUJ48tq6BCDtAeN61gc7rRnaH9Db7BhNsHaIsuLmBrQhfaiFkQQg8L4MiZpj6hrYe4uBFH2BDtjC', NULL, '2025-03-26 18:49:00'),
(1198, 'App\\Models\\Tool', 49, 'fNbZkJnMGMbvMnkewu6JQAYtuw3UzkirB5ffj7HWxQHQdtJvhsScPrFW6mpiDeitaAyDFfjNdDlRezTp', NULL, '2025-03-26 18:49:02'),
(1199, 'App\\Models\\Tool', 65, 'GAfKuFKn9HnYalC63px9Jg5Gzpy47VekfTofnDUnGOkTY846aE4QnoHAsDQWVDxSQ4ApbUU4uT2um3rG', NULL, '2025-03-26 18:49:06'),
(1200, 'App\\Models\\Tool', 139, 'Uw2JaySfgIQgQGp2qJtA6tS5WBPXyBvhPqL1hGx7M0sA1BydPrnOy2dmNQGxQGoDkwUxeXB5WHetWUkW', NULL, '2025-03-26 18:49:18'),
(1201, 'App\\Models\\Tool', 98, 'WMvy4GLFZ6O74JkLjy7PHu2zcbUALUpjz7T7RoxeyDLOqUjhg4EIZ1NJuaRKb4l2DKiXHYBlknrR586B', NULL, '2025-03-26 18:49:19'),
(1202, 'App\\Models\\Tool', 103, '0fwD3G3swW0iu12xjghVT9i58mnmkc4zewdhmMqt12rnG3jFcGNlvOhh0xkGfpQqgzK5YQL51XkOf1dv', NULL, '2025-03-26 18:49:22'),
(1203, 'App\\Models\\Tool', 82, 'OPMnzPQOZFsPYvzRBToMMrxBbwXrD2lfDFZZI5RaZ3PQkWONnmq1nrFTEclzCiyvvtACohTrZ1EU39Ow', NULL, '2025-03-26 18:49:26'),
(1204, 'App\\Models\\Tool', 20, 'MT8kGppAA7FdOUAnUqKLVH0CvHGETfy7jOSCrzsz9wXFGEipBwvG1QgbWgOarTAZPAz2wbCDrLUrLcaA', NULL, '2025-03-26 18:49:26'),
(1205, 'App\\Models\\Tool', 88, 'BIkolxJ5ndiTXLZhBLdNHfetqd5Tm6Iao8uN9OmfkFQJ1SBE0Y46jgkZ3adLjpSh77wW9cdYpWXYtZ0B', NULL, '2025-03-26 18:49:26'),
(1206, 'App\\Models\\Tool', 124, '14GVIqkB9ufCTO3vBDORFWotN15Gqr8xMA1vTAlX1VmshspxX6OtVDEBeN9XWo2u0nFKhOg73mlSCA4X', NULL, '2025-03-26 18:49:27'),
(1207, 'App\\Models\\Tool', 44, 'FlMrTa7KTpOMcSbtYAvcbNj9dWy1HnrPD3uTRbhaPS2Kecy2Cn9YesQSyOXiPOHs14z2ergVisQx9T7f', NULL, '2025-03-26 18:49:27'),
(1208, 'App\\Models\\Tool', 32, 'dLkfBbeTqzP1CCLloqyiznj4PP566pHnWaqHPYo8gbwALmn5LinwFyOmB8mXmS688UkQUS0kWGxPeDke', NULL, '2025-03-26 18:49:30'),
(1209, 'App\\Models\\Tool', 126, 'VcoRpGtzfIDkvFdjZbGBu2a2ejkzl01RjPkebkH9LMbTtD1F7BMREr3LnE1FlTqp0HUHCOIsH4RSoxqd', NULL, '2025-03-26 18:49:45'),
(1210, 'App\\Models\\Tool', 118, '9EwqBTv0dmSTlfXdGH2Fd1rvOSAuqt6eXlVMR9LPg5717ujjD3JWEAttnTsHBRfx9JGBhnd3TLqB3ZQr', NULL, '2025-03-26 18:49:47'),
(1211, 'App\\Models\\Tool', 73, 'WlN5CvtPuCaNpO34ksu333B2QxRlwSvQeo8jjAa7s7uiIgkd0vv848fkgg9lNtFYUH7CbTuNc6z0FCf1', NULL, '2025-03-26 18:49:51'),
(1212, 'App\\Models\\Tool', 58, 'zyOxugIFkhjyh1GUOHzEsuNjN7WYzydC6opWrsA4j7f0pNLbuDEDpeRuIc1JQvGsARpH2yP2pDhhpIZX', NULL, '2025-03-26 18:49:54'),
(1213, 'App\\Models\\Tool', 28, 'aw3JXNuOHqLgJw3pWZfdMx6aw0SVs3RZ7ueg4geZD84FYrehUCVZIVTuM1UOBgdrmOzYtKHnd8JujoSs', NULL, '2025-03-26 18:50:05'),
(1214, 'App\\Models\\Tool', 67, 'BfOymCwVlT7s1DAttZ8RQLLHfgCyc4RSbDskweCiKINi0p1oRZEf15MPe7PjCR28gaDNFmn9SpYohCOt', NULL, '2025-03-26 18:50:05'),
(1215, 'App\\Models\\Tool', 59, 'jojE26M75xbKnn5SCOEl7hxHqvwQTVDOkvBdMtnDGD1IvnlQyHVRIyyEaNudZzieCtrdzt7mUBXxaiEA', NULL, '2025-03-26 18:50:07'),
(1216, 'App\\Models\\Tool', 80, 'e0177fbfdMH0pLagPY2fkWD5atVicM62AkgAIEKnGF77RYKYkWZB27zA6G1kQ3vaSlee9YQlz4CLYpYB', NULL, '2025-03-26 18:50:08'),
(1217, 'App\\Models\\Tool', 84, 's5EfgvjjtuHuWiYFT9hTQ2IwPFEMU8De4flkXayJEsqsp57o3IUgOnEUmjOQLD7zN7lRHQZRSrgZzzEp', NULL, '2025-03-26 18:50:09'),
(1218, 'App\\Models\\Tool', 106, '1DE5QqQ2KsyhaI1qGWB4rbjf7qPb8feI3Lwvck9JNS80C4hXWObYwr4h9zEsSmDZQGeuo0rc7YXh9CLS', NULL, '2025-03-26 18:50:14'),
(1219, 'App\\Models\\Tool', 77, 'sH3tXKY5YFhJcxHnIAVZnMffOOT46olYEzXsZUCOVrlNiajOk52KuLVAy7oaD0ZqVEKijF8FM631iaTB', NULL, '2025-03-26 18:50:14'),
(1220, 'App\\Models\\Tool', 110, '6YUkFROL912nQoScVnW5xDoA6cBWnPLE9zVGbDCkeZaXeDzhYaIZWyTkfIaHA3uPHGQZ785TwV6laLV3', NULL, '2025-03-26 18:50:17'),
(1221, 'App\\Models\\Tool', 134, 'MshXZqD4Uvi80Mdm8z9fkMLp1ynSsVB2A0UpFRDC5pwbQWa7jtJ9lQYzfNWN9rUqrSUmPfO29slretxS', NULL, '2025-03-26 18:50:17'),
(1222, 'App\\Models\\Tool', 35, 'EsJPQeOMi7ROmgDDe2me7eYzNsZkEZJCA3NkVUVjHPHOs1lnmaW2hXy3pUVdykJ9eBALd1vApbxA8jpm', NULL, '2025-03-26 18:50:19'),
(1223, 'App\\Models\\Tool', 31, 'AdcqUQ1zyFZO7N7TiFyPvt8VFa5yV2OFAtmRGgZMNPiUO8fj5cXnBKLraovkZ3ZBWtdc0j0puO6K6dNw', NULL, '2025-03-26 18:50:22'),
(1224, 'App\\Models\\Tool', 131, 'OQXrFhWT8F4NJ89W4lH6Vebbi6Pck8syPOATRKGNyKFWymS1qOpiWO3yeNXwVSWPHJn5ALrz3txsIafY', NULL, '2025-03-26 18:50:31'),
(1225, 'App\\Models\\Tool', 96, '6ncTYG1bBmJcCzvnIJFImdtT9fxbf9hGcHgTNxEDT8nZbt3ufzRqEBbqJEfoWeuJ6DW2DumN3bydP0HS', NULL, '2025-03-26 18:50:42'),
(1226, 'App\\Models\\Tool', 7, 'H6nww9uv4pdnvWGw3QhLPkeaPkyiD1BSGi3YyUD2E6YmNZ5oPyQunfjzHhF9pSG56OsFgP7icYvh7QNW', NULL, '2025-03-26 18:50:52'),
(1227, 'App\\Models\\Tool', 66, 'llvoE1SjV1pR5EX2qA3ZGyKd9Lqg3z8MAAK4F9wwHuixB3iiFjyRTckKiIhhGSxMZUYVg7C7FHviwaGo', NULL, '2025-03-26 18:51:09'),
(1228, 'App\\Models\\Tool', 72, 'ljbF4qn3BU3nSFzsXc7JfTlEhufvebyd8gSrzuvJQbVEO9uqHIEFaFW9QJbl4lGb4FGpcs6ud4drgBed', NULL, '2025-03-26 18:51:12'),
(1229, 'App\\Models\\Tool', 81, 'aazeb2c9mCKyPuXGwojxkB2cPhV9xS2gwoP9QULbKAgyRFp5rnyvvCiOSCDNpogW4lBdie5stPVdNp6O', NULL, '2025-03-26 18:52:38'),
(1230, 'App\\Models\\Tool', 132, 'yQFlAiQlct1nSXzg1g3Eopoyw4QF72sdRfuPi0sJEuDTMglcqi0GXsMPMeTM69KphCN0ppbmvUiLK8dR', NULL, '2025-03-26 18:52:55'),
(1231, 'App\\Models\\Tool', 55, 'EHvm4ddWm9QoQVrWLzQpfejuz03kej7i0DFr5a51Ovp3w1ms1lLQcc5LS0sNegp5e0J5EHMQDgscdMST', NULL, '2025-03-26 18:58:35'),
(1232, 'App\\Models\\Tool', 140, 'qYadlwTY31cdzVT64EucrVSZW4PErJehzzPqHUcargoBq2XdogQjBPT1yWb6rALPcfmZ19PdbaFcRVxB', NULL, '2025-03-26 20:10:14'),
(1233, 'App\\Models\\Tool', 91, 'JNtiEN3MMCOWejhQSqXZXRJ7QrpAXs9hwGpCvGd5dpysHPtJZgdLI0QtoOJyw5fDf03P0tmgpEDKh1lk', NULL, '2025-03-26 20:13:48'),
(1234, 'App\\Models\\Tool', 148, '0LLBDdR12wwvlTF7Ta4A5UmjC9yaU1eGGuF3Ln47IFphQR4qWOQjEDoO0yePoqyG13d9HBjVZaNv0RjP', NULL, '2025-03-26 20:16:44'),
(1235, 'App\\Models\\Tool', 104, 'WsS5krZrlzqUXEQ2B4TjLK8FJviwBuxHLHDTHeijRTAn7shaBsJzyeRm9YTlvW4GKoiyEKrgpned3ANX', NULL, '2025-03-26 20:24:47'),
(1236, 'App\\Models\\Tool', 153, 'n9GlKmlS0r7BZiKn5KCx2rgklc19OKjpBvjWQw6PE0P5rPPC3igRcB6UkgEVEksebcpwsCUDL03N0Xj7', NULL, '2025-03-26 20:37:50'),
(1237, 'App\\Models\\Tool', 109, 'ulTIZ7getP4Rxm6HJih44z9LrY7cyLrGvjfSPthAMYRv0Xc2wCoWM1FGiJsaOOdXiC8iakFel73K5wrE', NULL, '2025-03-26 20:51:18'),
(1238, 'App\\Models\\Tool', 108, 'nCLcLJZ3g0F6jroegIqvtvlHkFf9QyBiRjLRKZRPYQWCZMcFgeqRAZNvYnGlLz5DVCHRRYqgoptoeHiy', NULL, '2025-03-26 21:06:35'),
(1239, 'App\\Models\\Tool', 33, 'ZGMhMZNiTrnRCbHK8Hei5cJ1gudGtDtJyCXQNaz2oiAegpeLKWmntsjY4BG6LboCtUJNQuVmh4zUv3P4', NULL, '2025-03-26 23:34:43'),
(1240, 'App\\Models\\Tool', 11, 'RTKvanFSv8HWOruF5kr8zycVKNeiCq0TezBCbIjx8L32J9DUbNlo7WJYn2O07ZxPp9OYDiX3iK1A9YmA', NULL, '2025-03-28 18:26:53'),
(1241, 'App\\Models\\Tool', 153, 'RTKvanFSv8HWOruF5kr8zycVKNeiCq0TezBCbIjx8L32J9DUbNlo7WJYn2O07ZxPp9OYDiX3iK1A9YmA', NULL, '2025-03-28 18:28:21'),
(1242, 'App\\Models\\Tool', 13, 'RTKvanFSv8HWOruF5kr8zycVKNeiCq0TezBCbIjx8L32J9DUbNlo7WJYn2O07ZxPp9OYDiX3iK1A9YmA', NULL, '2025-03-28 18:36:48'),
(1243, 'App\\Models\\Tool', 14, 'RTKvanFSv8HWOruF5kr8zycVKNeiCq0TezBCbIjx8L32J9DUbNlo7WJYn2O07ZxPp9OYDiX3iK1A9YmA', NULL, '2025-03-28 18:37:40'),
(1244, 'App\\Models\\Tool', 15, 'RTKvanFSv8HWOruF5kr8zycVKNeiCq0TezBCbIjx8L32J9DUbNlo7WJYn2O07ZxPp9OYDiX3iK1A9YmA', NULL, '2025-03-28 18:37:59'),
(1245, 'App\\Models\\Tool', 61, 'RTKvanFSv8HWOruF5kr8zycVKNeiCq0TezBCbIjx8L32J9DUbNlo7WJYn2O07ZxPp9OYDiX3iK1A9YmA', NULL, '2025-03-28 18:39:15'),
(1246, 'App\\Models\\Tool', 60, 'RTKvanFSv8HWOruF5kr8zycVKNeiCq0TezBCbIjx8L32J9DUbNlo7WJYn2O07ZxPp9OYDiX3iK1A9YmA', NULL, '2025-03-28 18:39:23'),
(1247, 'App\\Models\\Tool', 11, 'ENv2vcxA4YkCUGUoqLf2Oa0Wy1dp2wPIYzNtrFGfuLIhJV8uOt5jdH4TPe2AJ2P7QqZ6eLVt3t4fTnE2', NULL, '2025-03-31 08:04:58'),
(1248, 'App\\Models\\Tool', 12, 'ENv2vcxA4YkCUGUoqLf2Oa0Wy1dp2wPIYzNtrFGfuLIhJV8uOt5jdH4TPe2AJ2P7QqZ6eLVt3t4fTnE2', NULL, '2025-03-31 08:05:04'),
(1249, 'App\\Models\\Tool', 11, 'UF3YTAwVZI388S8hqJJjz3RrLH2cza5jlw7qFVvQO8LExtKEdoxDjaJEGXuO2p0ckYS7cSbJ2NO0hkBU', NULL, '2025-04-01 14:38:49'),
(1250, 'App\\Models\\Tool', 153, 'UF3YTAwVZI388S8hqJJjz3RrLH2cza5jlw7qFVvQO8LExtKEdoxDjaJEGXuO2p0ckYS7cSbJ2NO0hkBU', NULL, '2025-04-01 14:39:17'),
(1251, 'App\\Models\\Tool', 12, 'UF3YTAwVZI388S8hqJJjz3RrLH2cza5jlw7qFVvQO8LExtKEdoxDjaJEGXuO2p0ckYS7cSbJ2NO0hkBU', NULL, '2025-04-01 14:39:38'),
(1252, 'App\\Models\\Tool', 130, 'UF3YTAwVZI388S8hqJJjz3RrLH2cza5jlw7qFVvQO8LExtKEdoxDjaJEGXuO2p0ckYS7cSbJ2NO0hkBU', NULL, '2025-04-02 15:02:50'),
(1253, 'App\\Models\\Tool', 117, 'UF3YTAwVZI388S8hqJJjz3RrLH2cza5jlw7qFVvQO8LExtKEdoxDjaJEGXuO2p0ckYS7cSbJ2NO0hkBU', NULL, '2025-04-02 15:05:11'),
(1254, 'App\\Models\\Tool', 51, 'UF3YTAwVZI388S8hqJJjz3RrLH2cza5jlw7qFVvQO8LExtKEdoxDjaJEGXuO2p0ckYS7cSbJ2NO0hkBU', NULL, '2025-04-02 15:06:23'),
(1255, 'App\\Models\\Tool', 61, 'UF3YTAwVZI388S8hqJJjz3RrLH2cza5jlw7qFVvQO8LExtKEdoxDjaJEGXuO2p0ckYS7cSbJ2NO0hkBU', NULL, '2025-04-02 15:09:13'),
(1256, 'App\\Models\\Tool', 15, 'mkL9jDSx6EOBWfwxmMwngPItL9UaZyylLr3aOXShfMMUg1lG6Vh8CRnMGu0XDn0fb97CFxqkiLmBvevS', NULL, '2025-04-03 06:29:45'),
(1257, 'App\\Models\\Tool', 15, 'Vyw3a5XCafn2UmTtx0xmw6V7I35ZHcC6ubiCQttj1fMQbov1GUNT4mSP25NRfLVQVbF1cILzqCS3xT1M', NULL, '2025-04-03 19:09:08'),
(1258, 'App\\Models\\Tool', 116, 'ElLY2Ir2gjWKlufkONFEl6e0k8C4pxPM7JH7fNmTF8Qs69Svg1vJlA24IZ469dhA2z0tS5ilLNaF1C1Z', NULL, '2025-04-03 19:09:49'),
(1259, 'App\\Models\\Tool', 27, 'uxE8fW2UlPh4PVUwSjv9y8YLhwXDUzc7ACjYkwe0kPNci6Yw5mqhoUIWNYlcb0k3ZptdJJDCb4fRqBTq', NULL, '2025-04-03 20:51:54'),
(1260, 'App\\Models\\Tool', 57, 'uxE8fW2UlPh4PVUwSjv9y8YLhwXDUzc7ACjYkwe0kPNci6Yw5mqhoUIWNYlcb0k3ZptdJJDCb4fRqBTq', NULL, '2025-04-03 20:52:53'),
(1261, 'App\\Models\\Tool', 149, 'g2zKroeQQROi2JSeOOygMZtZEosP3oRjUiOxnw6wgBNeYVkKVfkHNVhn5TXrz0AwQmeVxxQgoiwn865A', NULL, '2025-04-04 11:08:44'),
(1262, 'App\\Models\\Tool', 10, '2wdAhEMbAZoNdOkHfW0E3LmiBZwGgIFcNVvOIeGPAaFuAdstQeW9FD38mRBkeLcHit5ni2xTPA1a4naU', NULL, '2025-04-04 11:08:47'),
(1263, 'App\\Models\\Tool', 33, 'iaxzosdJIBtjE0Wm83uIzgGsEp7mZHzXEzZx0kM7URb86dnXu2QtIjVNAo2rzZRXLRE4ft2K2h6agBjN', NULL, '2025-04-04 11:08:47'),
(1264, 'App\\Models\\Tool', 145, 'Jl5q8eOmzV9bFQiHB879SQZQLz2UDcWI8K8NuiZWNfJfFIjcYv6JrgAhjA5rnMl6BSSvrlDO8lcYS9u7', NULL, '2025-04-04 11:08:48'),
(1265, 'App\\Models\\Tool', 85, 'uYSXS4U6cl6F598ZhCeBphX4vXR2SmEq5ubWQBXSpUW1VO5N0hNZiwhEAJzfk9Bu6rny5Jhz52ROvjoh', NULL, '2025-04-04 11:08:48'),
(1266, 'App\\Models\\Tool', 111, 'FAT60mjx0uKFUg7XkoRCQQuamBNJKpaVYDIvY9w554ytjP6MKUAotXoOXubNi0nECrNJBMostcyWzRPi', NULL, '2025-04-04 11:08:49'),
(1267, 'App\\Models\\Tool', 25, 'UBuFtPYBsI2YDMumYk6X02JyHLiW8eOWag9W1eg36S1l4AuvKaCqjBCp3JIBlirq1OaLsXovljSmL4V5', NULL, '2025-04-04 11:08:50'),
(1268, 'App\\Models\\Tool', 53, 'QKVVTh16b1r70KyKILGvmqWL19aQ8V9HdUwWusoZzLcEUlBmH4JGmhJMQDiezmE9kxLw9av6BmWFDZ9Q', NULL, '2025-04-04 11:08:51'),
(1269, 'App\\Models\\Tool', 66, 'rhpeIgiugCrAoxLiVrIOA4uWNUZKksXKhXU7RAQpkENpZO5OoNcYnmixBneF3hegBAKhYLik1KSyKvH1', NULL, '2025-04-04 11:08:51'),
(1270, 'App\\Models\\Tool', 83, 'jobBCAv3eNLlXMhzR9dG1ZPiJ9hdOgCMyEL3RGwlcOEICIfAwaZwt7iSzfvXDAyue38wXkZGHAUBMIyz', NULL, '2025-04-04 11:08:52'),
(1271, 'App\\Models\\Tool', 16, 'fpli0EFoIsjlk12NLcsteObbufbjecsXXZBaRWJiqzHn6LieavfsZ23LRSGgDbNSUjSGCQzQlzT6wczp', NULL, '2025-04-04 14:58:38'),
(1272, 'App\\Models\\Tool', 19, 'fpli0EFoIsjlk12NLcsteObbufbjecsXXZBaRWJiqzHn6LieavfsZ23LRSGgDbNSUjSGCQzQlzT6wczp', NULL, '2025-04-04 14:59:03'),
(1273, 'App\\Models\\Tool', 130, 'fpli0EFoIsjlk12NLcsteObbufbjecsXXZBaRWJiqzHn6LieavfsZ23LRSGgDbNSUjSGCQzQlzT6wczp', NULL, '2025-04-04 15:01:06'),
(1274, 'App\\Models\\Tool', 119, 'fpli0EFoIsjlk12NLcsteObbufbjecsXXZBaRWJiqzHn6LieavfsZ23LRSGgDbNSUjSGCQzQlzT6wczp', NULL, '2025-04-04 15:02:54'),
(1275, 'App\\Models\\Tool', 100, 'fpli0EFoIsjlk12NLcsteObbufbjecsXXZBaRWJiqzHn6LieavfsZ23LRSGgDbNSUjSGCQzQlzT6wczp', NULL, '2025-04-05 20:19:06'),
(1276, 'App\\Models\\Tool', 51, 'fpli0EFoIsjlk12NLcsteObbufbjecsXXZBaRWJiqzHn6LieavfsZ23LRSGgDbNSUjSGCQzQlzT6wczp', NULL, '2025-04-05 20:19:45'),
(1277, 'App\\Models\\Tool', 11, 'fpli0EFoIsjlk12NLcsteObbufbjecsXXZBaRWJiqzHn6LieavfsZ23LRSGgDbNSUjSGCQzQlzT6wczp', NULL, '2025-04-05 20:32:36'),
(1278, 'App\\Models\\Tool', 68, 'fpli0EFoIsjlk12NLcsteObbufbjecsXXZBaRWJiqzHn6LieavfsZ23LRSGgDbNSUjSGCQzQlzT6wczp', NULL, '2025-04-05 20:36:09'),
(1279, 'App\\Models\\Tool', 74, 'fpli0EFoIsjlk12NLcsteObbufbjecsXXZBaRWJiqzHn6LieavfsZ23LRSGgDbNSUjSGCQzQlzT6wczp', NULL, '2025-04-05 20:36:30'),
(1280, 'App\\Models\\Tool', 11, 'PL0l5V9b76IbZ93p9e3GGDBnXDpfVKYe84odsEaIS4DBt6jOc8KbCz3RUaWp8D9onK13FztJ8y21i65a', NULL, '2025-04-06 07:06:16'),
(1281, 'App\\Models\\Tool', 78, 'PL0l5V9b76IbZ93p9e3GGDBnXDpfVKYe84odsEaIS4DBt6jOc8KbCz3RUaWp8D9onK13FztJ8y21i65a', NULL, '2025-04-06 07:06:24'),
(1282, 'App\\Models\\Tool', 88, 'OHhQagMhPFtgzaJsuExVIPB8UuUoQDtlyMohSSYAbXPDxxjGP6bwYXdwsPYgz2kmNy8mM8cN3OJ2HsvJ', NULL, '2025-04-06 22:41:30'),
(1283, 'App\\Models\\Tool', 52, 'OHhQagMhPFtgzaJsuExVIPB8UuUoQDtlyMohSSYAbXPDxxjGP6bwYXdwsPYgz2kmNy8mM8cN3OJ2HsvJ', NULL, '2025-04-06 22:42:28'),
(1284, 'App\\Models\\Tool', 27, 'YqtD5E2Lrm3t743BsHORLrIUSRyUDT7SfQfjcoDGKYEC0AAA7VhTtk1ZLaWxhfRFvrmVStHzRexi16Ob', NULL, '2025-04-07 09:39:34'),
(1285, 'App\\Models\\Tool', 1, 'YqtD5E2Lrm3t743BsHORLrIUSRyUDT7SfQfjcoDGKYEC0AAA7VhTtk1ZLaWxhfRFvrmVStHzRexi16Ob', NULL, '2025-04-07 09:39:55'),
(1286, 'App\\Models\\Tool', 2, 'YqtD5E2Lrm3t743BsHORLrIUSRyUDT7SfQfjcoDGKYEC0AAA7VhTtk1ZLaWxhfRFvrmVStHzRexi16Ob', NULL, '2025-04-07 09:40:15'),
(1287, 'App\\Models\\Tool', 3, 'YqtD5E2Lrm3t743BsHORLrIUSRyUDT7SfQfjcoDGKYEC0AAA7VhTtk1ZLaWxhfRFvrmVStHzRexi16Ob', NULL, '2025-04-07 09:40:29'),
(1288, 'App\\Models\\Tool', 4, 'YqtD5E2Lrm3t743BsHORLrIUSRyUDT7SfQfjcoDGKYEC0AAA7VhTtk1ZLaWxhfRFvrmVStHzRexi16Ob', NULL, '2025-04-07 09:40:38'),
(1289, 'App\\Models\\Tool', 105, 'SeFYs4g7kwmTY4n29OASpyZqyJp1WTeLK7DIWDuS5lMUvfdvh6T63jhmCAF9jlnirYZljjWlVT0FW3jJ', NULL, '2025-04-08 11:35:17'),
(1290, 'App\\Models\\Tool', 4, 'SeFYs4g7kwmTY4n29OASpyZqyJp1WTeLK7DIWDuS5lMUvfdvh6T63jhmCAF9jlnirYZljjWlVT0FW3jJ', NULL, '2025-04-08 11:35:57'),
(1291, 'App\\Models\\Tool', 102, 'SeFYs4g7kwmTY4n29OASpyZqyJp1WTeLK7DIWDuS5lMUvfdvh6T63jhmCAF9jlnirYZljjWlVT0FW3jJ', NULL, '2025-04-08 11:42:02'),
(1292, 'App\\Models\\Tool', 10, 'SeFYs4g7kwmTY4n29OASpyZqyJp1WTeLK7DIWDuS5lMUvfdvh6T63jhmCAF9jlnirYZljjWlVT0FW3jJ', NULL, '2025-04-08 11:52:03'),
(1293, 'App\\Models\\Tool', 30, 'SeFYs4g7kwmTY4n29OASpyZqyJp1WTeLK7DIWDuS5lMUvfdvh6T63jhmCAF9jlnirYZljjWlVT0FW3jJ', NULL, '2025-04-08 11:52:16'),
(1294, 'App\\Models\\Tool', 69, 'SeFYs4g7kwmTY4n29OASpyZqyJp1WTeLK7DIWDuS5lMUvfdvh6T63jhmCAF9jlnirYZljjWlVT0FW3jJ', NULL, '2025-04-08 11:52:37'),
(1295, 'App\\Models\\Tool', 11, '19g5w4NfxE6hbGjBHpC0FUKFGUNvr8JfAg6rVsqvLHzCS3D9AOedygbo31vyKwjMt0NEmLa3Jj9RWYx8', NULL, '2025-04-08 18:02:16'),
(1296, 'App\\Models\\Tool', 114, 'XzgyG51Z2p3pVSRYQMVhJoSMSgBuxMoldLWszlh33gc8Y7luZuKMSVhyOUfLApmX6j9s0fJ7o5snUoyP', NULL, '2025-04-10 21:24:28'),
(1297, 'App\\Models\\Tool', 109, 'XzgyG51Z2p3pVSRYQMVhJoSMSgBuxMoldLWszlh33gc8Y7luZuKMSVhyOUfLApmX6j9s0fJ7o5snUoyP', NULL, '2025-04-10 21:24:40'),
(1298, 'App\\Models\\Tool', 86, 'BQXFh38XOKedVCcxQMz3n06OVNZKzx82BTLM5j4fuMOlwJajvCDr9vh321bT4oDIORYEVsNxedl9YL3N', NULL, '2025-04-11 00:52:44'),
(1299, 'App\\Models\\Tool', 38, 'BQXFh38XOKedVCcxQMz3n06OVNZKzx82BTLM5j4fuMOlwJajvCDr9vh321bT4oDIORYEVsNxedl9YL3N', NULL, '2025-04-11 00:53:02'),
(1300, 'App\\Models\\Tool', 132, 'BQXFh38XOKedVCcxQMz3n06OVNZKzx82BTLM5j4fuMOlwJajvCDr9vh321bT4oDIORYEVsNxedl9YL3N', NULL, '2025-04-11 00:53:11'),
(1301, 'App\\Models\\Tool', 7, 'SeFYs4g7kwmTY4n29OASpyZqyJp1WTeLK7DIWDuS5lMUvfdvh6T63jhmCAF9jlnirYZljjWlVT0FW3jJ', NULL, '2025-04-11 11:30:16'),
(1302, 'App\\Models\\Tool', 51, 'SeFYs4g7kwmTY4n29OASpyZqyJp1WTeLK7DIWDuS5lMUvfdvh6T63jhmCAF9jlnirYZljjWlVT0FW3jJ', NULL, '2025-04-11 11:30:29'),
(1303, 'App\\Models\\Tool', 74, 'Ms8wpYyU3Pi78fcaRFH67TDiAcdxRglhxLadWT8wXkYnrLaEinpDulii6LWvYWsoRApOob8pnHEy9nJp', NULL, '2025-04-11 11:44:21'),
(1304, 'App\\Models\\Tool', 53, 'Ms8wpYyU3Pi78fcaRFH67TDiAcdxRglhxLadWT8wXkYnrLaEinpDulii6LWvYWsoRApOob8pnHEy9nJp', NULL, '2025-04-11 11:44:28'),
(1305, 'App\\Models\\Tool', 114, 'SeFYs4g7kwmTY4n29OASpyZqyJp1WTeLK7DIWDuS5lMUvfdvh6T63jhmCAF9jlnirYZljjWlVT0FW3jJ', NULL, '2025-04-11 11:49:20'),
(1306, 'App\\Models\\Tool', 13, 'duXWmqcznBtWw7gBtdnozieQDA6SPc2m7IpuR6VktiO1OT4gnwzhkbm6MBnA8gT0URJu3BgKE0AjJj9A', NULL, '2025-04-11 18:54:27'),
(1307, 'App\\Models\\Tool', 88, 'tMQuf98p01qU9H1DYQTqCd77p6VSU59flN1atoeFd5FysfnOAEzuBy2XO3oVH6n9K35he3NoFDR8xH0t', NULL, '2025-04-13 19:36:40'),
(1308, 'App\\Models\\Tool', 152, 'NsyXWyClR1n4OCFpfMLE2GHI5N4zWXggAat69EjkJOFhBnlCgn8HpfFbVXNgsSEYqFlU9tApN5WtiHgH', NULL, '2025-04-13 23:13:23'),
(1309, 'App\\Models\\Tool', 86, 'RjTDUcO2NO9giwlkdAGDQ156VhXKvRYGc6qVIjrngTIDruwHkBOWv1EM5nWZdHuUtIJV2R56UMM60vX5', NULL, '2025-04-13 23:45:40'),
(1310, 'App\\Models\\Tool', 9, '0W3NxeNng3ul1r5P03oYl7X5wXHBXLk8U8LJDNddkTg9N9GQnPJJF0dKOOXuGpLdkP672i4KK31oLm6W', NULL, '2025-04-14 00:37:44'),
(1311, 'App\\Models\\Tool', 2, '0W3NxeNng3ul1r5P03oYl7X5wXHBXLk8U8LJDNddkTg9N9GQnPJJF0dKOOXuGpLdkP672i4KK31oLm6W', NULL, '2025-04-14 00:37:49'),
(1312, 'App\\Models\\Tool', 30, '0W3NxeNng3ul1r5P03oYl7X5wXHBXLk8U8LJDNddkTg9N9GQnPJJF0dKOOXuGpLdkP672i4KK31oLm6W', NULL, '2025-04-14 00:38:00'),
(1313, 'App\\Models\\Tool', 15, '0W3NxeNng3ul1r5P03oYl7X5wXHBXLk8U8LJDNddkTg9N9GQnPJJF0dKOOXuGpLdkP672i4KK31oLm6W', NULL, '2025-04-14 00:38:17'),
(1314, 'App\\Models\\Tool', 16, '0W3NxeNng3ul1r5P03oYl7X5wXHBXLk8U8LJDNddkTg9N9GQnPJJF0dKOOXuGpLdkP672i4KK31oLm6W', NULL, '2025-04-14 00:38:37'),
(1315, 'App\\Models\\Tool', 136, 'hsSK9OFYehk0FWOjxVATJONSSy8Nv4PTMyYDyKYefQ63ORxo8AlDPGgPf5xDA8lEVwVHDVnIPrwv37QX', NULL, '2025-04-14 10:45:06'),
(1316, 'App\\Models\\Tool', 11, 'VFqEbcaJMl0l2een0BiUpXHhnl15hPMmMjPMknnVTja04jMMDXk2DwWTE4li7feVeo38GwtPeUlawGFP', NULL, '2025-04-15 01:03:57'),
(1317, 'App\\Models\\Tool', 59, 'VFqEbcaJMl0l2een0BiUpXHhnl15hPMmMjPMknnVTja04jMMDXk2DwWTE4li7feVeo38GwtPeUlawGFP', NULL, '2025-04-15 01:04:09'),
(1318, 'App\\Models\\Tool', 57, 'VFqEbcaJMl0l2een0BiUpXHhnl15hPMmMjPMknnVTja04jMMDXk2DwWTE4li7feVeo38GwtPeUlawGFP', NULL, '2025-04-15 01:04:22'),
(1319, 'App\\Models\\Tool', 42, 'VFqEbcaJMl0l2een0BiUpXHhnl15hPMmMjPMknnVTja04jMMDXk2DwWTE4li7feVeo38GwtPeUlawGFP', NULL, '2025-04-15 01:04:51'),
(1320, 'App\\Models\\Tool', 148, 'VFqEbcaJMl0l2een0BiUpXHhnl15hPMmMjPMknnVTja04jMMDXk2DwWTE4li7feVeo38GwtPeUlawGFP', NULL, '2025-04-15 01:25:56'),
(1321, 'App\\Models\\Tool', 58, 'Pw2r3EF3CK3ZfNhXkyyEzdLKOsngFmyCFp4hfrfiuf5h3Xonud68GLmNqNnJAWQDirJbLYATb9R6epPN', NULL, '2025-04-15 02:29:29'),
(1322, 'App\\Models\\Tool', 23, 'Pw2r3EF3CK3ZfNhXkyyEzdLKOsngFmyCFp4hfrfiuf5h3Xonud68GLmNqNnJAWQDirJbLYATb9R6epPN', NULL, '2025-04-15 02:29:48'),
(1323, 'App\\Models\\Tool', 130, 'Pw2r3EF3CK3ZfNhXkyyEzdLKOsngFmyCFp4hfrfiuf5h3Xonud68GLmNqNnJAWQDirJbLYATb9R6epPN', NULL, '2025-04-15 02:30:12'),
(1324, 'App\\Models\\Tool', 11, 'Pw2r3EF3CK3ZfNhXkyyEzdLKOsngFmyCFp4hfrfiuf5h3Xonud68GLmNqNnJAWQDirJbLYATb9R6epPN', NULL, '2025-04-15 02:30:22'),
(1325, 'App\\Models\\Tool', 64, 'X1lyFrlHotMKenzBe83FYqgWizFbmQsjm74V1wEGgqj8LwXx3CzzCjt8dW0aKQndctkKqitsypZT7DVp', NULL, '2025-04-15 07:03:15'),
(1326, 'App\\Models\\Tool', 105, 'X1lyFrlHotMKenzBe83FYqgWizFbmQsjm74V1wEGgqj8LwXx3CzzCjt8dW0aKQndctkKqitsypZT7DVp', NULL, '2025-04-15 07:03:19'),
(1327, 'App\\Models\\Tool', 12, 'X1lyFrlHotMKenzBe83FYqgWizFbmQsjm74V1wEGgqj8LwXx3CzzCjt8dW0aKQndctkKqitsypZT7DVp', NULL, '2025-04-15 07:03:27'),
(1328, 'App\\Models\\Tool', 59, '2LteCEHwgD6VHMpS9u8mb2OzacqpK2gR0VsGSFMLysYHv1YTqMbD8l4NdZXNudBymbSYVwl1lMXHS2CI', NULL, '2025-04-17 09:13:35'),
(1329, 'App\\Models\\Tool', 52, '2LteCEHwgD6VHMpS9u8mb2OzacqpK2gR0VsGSFMLysYHv1YTqMbD8l4NdZXNudBymbSYVwl1lMXHS2CI', NULL, '2025-04-17 09:18:12'),
(1330, 'App\\Models\\Tool', 79, '2LteCEHwgD6VHMpS9u8mb2OzacqpK2gR0VsGSFMLysYHv1YTqMbD8l4NdZXNudBymbSYVwl1lMXHS2CI', NULL, '2025-04-17 09:57:00'),
(1331, 'App\\Models\\Tool', 14, '2LteCEHwgD6VHMpS9u8mb2OzacqpK2gR0VsGSFMLysYHv1YTqMbD8l4NdZXNudBymbSYVwl1lMXHS2CI', NULL, '2025-04-17 09:59:36'),
(1332, 'App\\Models\\Tool', 12, '2LteCEHwgD6VHMpS9u8mb2OzacqpK2gR0VsGSFMLysYHv1YTqMbD8l4NdZXNudBymbSYVwl1lMXHS2CI', NULL, '2025-04-17 10:03:21'),
(1333, 'App\\Models\\Tool', 51, '2LteCEHwgD6VHMpS9u8mb2OzacqpK2gR0VsGSFMLysYHv1YTqMbD8l4NdZXNudBymbSYVwl1lMXHS2CI', NULL, '2025-04-17 10:09:40'),
(1334, 'App\\Models\\Tool', 63, '2LteCEHwgD6VHMpS9u8mb2OzacqpK2gR0VsGSFMLysYHv1YTqMbD8l4NdZXNudBymbSYVwl1lMXHS2CI', NULL, '2025-04-17 10:11:50'),
(1335, 'App\\Models\\Tool', 88, 'AdjqVh0Acimhkf9dme2BCcIxYWM9ajqnMjfEGXNVaG56rknxAUbxC2Hgd6pXN27A5raSoXSmJVtbuhZ0', NULL, '2025-04-17 10:41:16'),
(1336, 'App\\Models\\Tool', 12, 'GS0nh3IF00fD6PMrBA5R4bYJ0KT85s9docacqtNQyqcjYoTqNjGZTHvro1utZ9HGsTSnRarXGUphyZyg', NULL, '2025-04-19 07:49:02'),
(1337, 'App\\Models\\Tool', 60, 'LiaP2CT3xSbMb3Qgc2hvYDOWCQZG68heTZTpGfFfxmbszmNAKghpgDLdAMvYcO4WpPuJ7RonDs8cKvgL', NULL, '2025-04-21 23:37:42'),
(1338, 'App\\Models\\Tool', 79, 'LiaP2CT3xSbMb3Qgc2hvYDOWCQZG68heTZTpGfFfxmbszmNAKghpgDLdAMvYcO4WpPuJ7RonDs8cKvgL', NULL, '2025-04-21 23:38:38'),
(1339, 'App\\Models\\Tool', 134, 'trL4xPMU8Dt2ljM3lNrz3yPSUGr30m1X2nVuJ6lT5updEmtwc0TgC85f2Fiw12a6cKVJyLTa5wiAqfOT', NULL, '2025-04-22 21:27:59'),
(1340, 'App\\Models\\Tool', 122, 'Cy1FdlbnWm906O7nhHeDduAPer4twnUZmXkbdoPPHri0wMxmwFnMnrLaEaoM9whBuUGiuwxkIqkkD4N1', NULL, '2025-04-23 16:36:24'),
(1341, 'App\\Models\\Tool', 114, 'Cy1FdlbnWm906O7nhHeDduAPer4twnUZmXkbdoPPHri0wMxmwFnMnrLaEaoM9whBuUGiuwxkIqkkD4N1', NULL, '2025-04-23 16:36:35'),
(1342, 'App\\Models\\Tool', 123, 'NOgWOTLY3tdAklTWI6cesvyYCV5gknj3m1TdRkPEEwvXEpY1cTGEVhqqwaDkh8cnz1OfjQGBlagFuPCi', NULL, '2025-04-25 17:42:13'),
(1343, 'App\\Models\\Tool', 75, 'hNOqJOpbEVafHeiYdbtlKwxLIGG4b0A2974fwhswCgYM6Qu0fKq8dSUuqxKZy0Xy0gr65AI4mwezMnb1', NULL, '2025-04-25 20:25:40'),
(1344, 'App\\Models\\Tool', 119, 'X3ERDXsCnWLvTlx4ehBC4KZzIJ5VtobSgpMV9NGP9tONKnezW496dKP3DMPjmJPpclzscMBDdU1KK3Oe', NULL, '2025-04-26 06:01:13'),
(1345, 'App\\Models\\Tool', 45, 'kJ1fUt5ggKPt7YEkV6JOP0cvpIM1m9ycInWDfoh8JRVEXUWbDhCJiM6NQhB8eaRB459TlSloPl5fqLDd', NULL, '2025-04-26 06:20:14'),
(1346, 'App\\Models\\Tool', 89, 'iJRrVSp3S2CUHnGhAZxpHm3moYIHhw4i0ByaCnfP9BWHJh6iDU1k6K9gyjGU2XSm5X8z5xZ26D5zki4B', NULL, '2025-04-26 20:27:57'),
(1347, 'App\\Models\\Tool', 104, 'SUfYZYmdXicbWOBtKlzV9ylVhgmHuQTufo43WRJfOsNgBbXlouhE6L2gYUxK2fYflL7n8EXobCAwDKHe', NULL, '2025-04-26 20:28:09'),
(1348, 'App\\Models\\Tool', 20, '7M3Zfatem7u3DtMA8GbW4BxiSJOWvG9qVimqaF2Xs22WE2epqQ8LlaGIEhPFhgbJ4kdrsxan4dbzjWcd', NULL, '2025-04-26 20:46:17'),
(1349, 'App\\Models\\Tool', 140, 'oNZtLN3ThFcNtjklrHisfqEfQkqhQAV3Dxj8CBqxjVfogkwdPPnAbTl0Khi7ONFKpgjwT56RpohrPYwu', NULL, '2025-04-27 01:14:56'),
(1350, 'App\\Models\\Tool', 140, 'qdnqYq8CmOS1fLOysgEE5pWuMlk4wcFAdsWneIq1WAcvRWbeHGLmk59fkqZg5DVuFTojs2fLeEsTScZI', NULL, '2025-04-27 02:16:54'),
(1351, 'App\\Models\\Tool', 11, 'YsFb2lLiIEz6pY1zYo9BcRWlElRnekfaDeVXSbU7wNdCkDo7tz5nohT0IPRi9hSZLSoaehZt86oYdeER', NULL, '2025-04-28 13:01:35'),
(1352, 'App\\Models\\Tool', 11, 'kAXxg2exXi4WOZMxH2K2YFKaQme8yj8xtOu9iMUSjqLdDYeSBNppcmnWkG7NoKE8L6Bz3NSEW8Al0cge', NULL, '2025-04-29 09:24:08'),
(1353, 'App\\Models\\Tool', 49, 'FGtG2itsMi3Aort8IoLD3mw88d0BANzJEf6vyzmbWyY1Vzql5tXUjhvhwlWq00oxW0c6biPAxRlBGjNI', NULL, '2025-04-29 10:30:02'),
(1354, 'App\\Models\\Tool', 11, 'SsZcDWEE48KAOSUTesCn6YVcigqaJ7TZ0amLXvxhCpCNiSbNlxBBZP3lBseskqNYZcHL7p9isS5V419X', NULL, '2025-04-29 10:39:02'),
(1355, 'App\\Models\\Tool', 11, 'grbjuF90bvUNXaAXiC82rsqoK7TGWJSJoFJesO4FlvPGx6uYtuXQxteOLHvri6JWajbN3XGnAkjfF82o', NULL, '2025-04-30 13:21:42'),
(1356, 'App\\Models\\Tool', 56, 'grbjuF90bvUNXaAXiC82rsqoK7TGWJSJoFJesO4FlvPGx6uYtuXQxteOLHvri6JWajbN3XGnAkjfF82o', NULL, '2025-04-30 13:21:55'),
(1357, 'App\\Models\\Tool', 67, 'grbjuF90bvUNXaAXiC82rsqoK7TGWJSJoFJesO4FlvPGx6uYtuXQxteOLHvri6JWajbN3XGnAkjfF82o', NULL, '2025-04-30 13:22:24'),
(1358, 'App\\Models\\Tool', 14, 'grbjuF90bvUNXaAXiC82rsqoK7TGWJSJoFJesO4FlvPGx6uYtuXQxteOLHvri6JWajbN3XGnAkjfF82o', NULL, '2025-04-30 13:22:45'),
(1359, 'App\\Models\\Tool', 33, 'grbjuF90bvUNXaAXiC82rsqoK7TGWJSJoFJesO4FlvPGx6uYtuXQxteOLHvri6JWajbN3XGnAkjfF82o', NULL, '2025-04-30 13:22:57'),
(1360, 'App\\Models\\Tool', 5, 'grbjuF90bvUNXaAXiC82rsqoK7TGWJSJoFJesO4FlvPGx6uYtuXQxteOLHvri6JWajbN3XGnAkjfF82o', NULL, '2025-04-30 13:23:07'),
(1361, 'App\\Models\\Tool', 86, 'grbjuF90bvUNXaAXiC82rsqoK7TGWJSJoFJesO4FlvPGx6uYtuXQxteOLHvri6JWajbN3XGnAkjfF82o', NULL, '2025-04-30 13:23:37'),
(1362, 'App\\Models\\Tool', 12, 'grbjuF90bvUNXaAXiC82rsqoK7TGWJSJoFJesO4FlvPGx6uYtuXQxteOLHvri6JWajbN3XGnAkjfF82o', NULL, '2025-04-30 13:24:07'),
(1363, 'App\\Models\\Tool', 100, 'grbjuF90bvUNXaAXiC82rsqoK7TGWJSJoFJesO4FlvPGx6uYtuXQxteOLHvri6JWajbN3XGnAkjfF82o', NULL, '2025-04-30 13:24:16'),
(1364, 'App\\Models\\Tool', 151, 'grbjuF90bvUNXaAXiC82rsqoK7TGWJSJoFJesO4FlvPGx6uYtuXQxteOLHvri6JWajbN3XGnAkjfF82o', NULL, '2025-04-30 13:24:31'),
(1365, 'App\\Models\\Tool', 58, 'grbjuF90bvUNXaAXiC82rsqoK7TGWJSJoFJesO4FlvPGx6uYtuXQxteOLHvri6JWajbN3XGnAkjfF82o', NULL, '2025-04-30 13:25:19'),
(1366, 'App\\Models\\Tool', 7, 'grbjuF90bvUNXaAXiC82rsqoK7TGWJSJoFJesO4FlvPGx6uYtuXQxteOLHvri6JWajbN3XGnAkjfF82o', NULL, '2025-04-30 13:25:47'),
(1367, 'App\\Models\\Tool', 103, 'ydZIvS78zkF6IdEv1T5GRLnGYwczM0m0REqGgCoRJZOd5X8fZ4WwFCDl0Sgiq4r5gZQMiUIfLFZOAYVI', NULL, '2025-05-01 12:41:58'),
(1368, 'App\\Models\\Tool', 89, 'ydZIvS78zkF6IdEv1T5GRLnGYwczM0m0REqGgCoRJZOd5X8fZ4WwFCDl0Sgiq4r5gZQMiUIfLFZOAYVI', NULL, '2025-05-01 12:42:44'),
(1369, 'App\\Models\\Tool', 11, 'fJASMyTFi1zHkAV7X5r58w7BfJZ4h4JTbME8VPWiBL1Nf7tuydWbBnTiILKgR2UYijua4QKCm4SB14z3', NULL, '2025-05-01 17:24:03'),
(1370, 'App\\Models\\Tool', 13, 'x0K9VcGEsRgua86njmK53KVDacNhNpPaHU7kjjt7y7R5ev7DXfdPj51w0lPoavrsotxvjTMCyQkQoBLk', NULL, '2025-05-01 18:04:01'),
(1371, 'App\\Models\\Tool', 113, 'x0K9VcGEsRgua86njmK53KVDacNhNpPaHU7kjjt7y7R5ev7DXfdPj51w0lPoavrsotxvjTMCyQkQoBLk', NULL, '2025-05-01 18:04:28'),
(1372, 'App\\Models\\Tool', 130, 'WXaySH74NKeiE34cgUTmpjNNGaueHxFIaXI0gbCejZUC4Z1Axc8d2NtCFLa71llalpROSFYMGoyVIwQm', NULL, '2025-05-02 21:53:28'),
(1373, 'App\\Models\\Tool', 15, 'gSrzp1wKOwtG3ahJTDdxGZhRB45WM46yByYPPxH3sfnhrJLjgzoZr9uZG0RwuECjqtLzO5NglgZLit13', NULL, '2025-05-02 21:53:50'),
(1374, 'App\\Models\\Tool', 117, '8GcNaQAzVL8P2MP45LEasIqj0EhG9AgfBvacy5F5NEVyHpA8VfNcKjlMmtWrapbReYX97sUhMXJv8ieM', NULL, '2025-05-02 21:54:03'),
(1375, 'App\\Models\\Tool', 106, 'xCeGDoK2k81Ula6KLuc8RtN0ij53rAPdbeEIzgPum00BkbEcHa0XtqFvMalGmFiSsQNkrnJlC74dh78J', NULL, '2025-05-03 00:55:20'),
(1376, 'App\\Models\\Tool', 74, 'RRtJWVz7WUri3p8RTbYZaFgZagbZMBgifM2i2pKoRJnnva0rApJsSjjHRNR9GTO4V3h8JhaNmhGkWKmB', NULL, '2025-05-04 01:53:00'),
(1377, 'App\\Models\\Tool', 43, 'RRtJWVz7WUri3p8RTbYZaFgZagbZMBgifM2i2pKoRJnnva0rApJsSjjHRNR9GTO4V3h8JhaNmhGkWKmB', NULL, '2025-05-04 01:54:36'),
(1378, 'App\\Models\\Tool', 117, 'RRtJWVz7WUri3p8RTbYZaFgZagbZMBgifM2i2pKoRJnnva0rApJsSjjHRNR9GTO4V3h8JhaNmhGkWKmB', NULL, '2025-05-04 01:55:08'),
(1379, 'App\\Models\\Tool', 86, 'fJASMyTFi1zHkAV7X5r58w7BfJZ4h4JTbME8VPWiBL1Nf7tuydWbBnTiILKgR2UYijua4QKCm4SB14z3', NULL, '2025-05-04 15:04:24'),
(1380, 'App\\Models\\Tool', 52, 'CwwoaWI0PMz7yJjsElaHb3WpOqhEBNI2VWnJXut6qwNbePEyl4n4XyFm2ceGlRNFH9wYrYIvDLNLJaKL', NULL, '2025-05-05 00:16:16'),
(1381, 'App\\Models\\Tool', 86, 'drK95ihi7uAAxoBw7JLAQJzXBqxdXMpiYnhSVUEN8sXTCIycGEbuzg0yGL0dn72Si0RRnP5TLUyHcUDm', NULL, '2025-05-05 07:45:02'),
(1382, 'App\\Models\\Tool', 87, 'drK95ihi7uAAxoBw7JLAQJzXBqxdXMpiYnhSVUEN8sXTCIycGEbuzg0yGL0dn72Si0RRnP5TLUyHcUDm', NULL, '2025-05-05 07:48:51'),
(1383, 'App\\Models\\Tool', 88, 'drK95ihi7uAAxoBw7JLAQJzXBqxdXMpiYnhSVUEN8sXTCIycGEbuzg0yGL0dn72Si0RRnP5TLUyHcUDm', NULL, '2025-05-05 07:49:08'),
(1384, 'App\\Models\\Tool', 89, 'drK95ihi7uAAxoBw7JLAQJzXBqxdXMpiYnhSVUEN8sXTCIycGEbuzg0yGL0dn72Si0RRnP5TLUyHcUDm', NULL, '2025-05-05 07:49:52'),
(1385, 'App\\Models\\Tool', 90, 'drK95ihi7uAAxoBw7JLAQJzXBqxdXMpiYnhSVUEN8sXTCIycGEbuzg0yGL0dn72Si0RRnP5TLUyHcUDm', NULL, '2025-05-05 07:54:41'),
(1386, 'App\\Models\\Tool', 91, 'drK95ihi7uAAxoBw7JLAQJzXBqxdXMpiYnhSVUEN8sXTCIycGEbuzg0yGL0dn72Si0RRnP5TLUyHcUDm', NULL, '2025-05-05 07:54:42'),
(1387, 'App\\Models\\Tool', 92, 'drK95ihi7uAAxoBw7JLAQJzXBqxdXMpiYnhSVUEN8sXTCIycGEbuzg0yGL0dn72Si0RRnP5TLUyHcUDm', NULL, '2025-05-05 07:54:43'),
(1388, 'App\\Models\\Tool', 93, 'drK95ihi7uAAxoBw7JLAQJzXBqxdXMpiYnhSVUEN8sXTCIycGEbuzg0yGL0dn72Si0RRnP5TLUyHcUDm', NULL, '2025-05-05 07:54:44');
INSERT INTO `views` (`id`, `viewable_type`, `viewable_id`, `visitor`, `collection`, `viewed_at`) VALUES
(1389, 'App\\Models\\Tool', 95, 'drK95ihi7uAAxoBw7JLAQJzXBqxdXMpiYnhSVUEN8sXTCIycGEbuzg0yGL0dn72Si0RRnP5TLUyHcUDm', NULL, '2025-05-05 07:56:02'),
(1390, 'App\\Models\\Tool', 94, 'drK95ihi7uAAxoBw7JLAQJzXBqxdXMpiYnhSVUEN8sXTCIycGEbuzg0yGL0dn72Si0RRnP5TLUyHcUDm', NULL, '2025-05-05 07:56:02'),
(1391, 'App\\Models\\Tool', 96, 'drK95ihi7uAAxoBw7JLAQJzXBqxdXMpiYnhSVUEN8sXTCIycGEbuzg0yGL0dn72Si0RRnP5TLUyHcUDm', NULL, '2025-05-05 07:56:03'),
(1392, 'App\\Models\\Tool', 97, 'drK95ihi7uAAxoBw7JLAQJzXBqxdXMpiYnhSVUEN8sXTCIycGEbuzg0yGL0dn72Si0RRnP5TLUyHcUDm', NULL, '2025-05-05 07:56:05'),
(1393, 'App\\Models\\Tool', 99, 'drK95ihi7uAAxoBw7JLAQJzXBqxdXMpiYnhSVUEN8sXTCIycGEbuzg0yGL0dn72Si0RRnP5TLUyHcUDm', NULL, '2025-05-05 07:57:07'),
(1394, 'App\\Models\\Tool', 98, 'drK95ihi7uAAxoBw7JLAQJzXBqxdXMpiYnhSVUEN8sXTCIycGEbuzg0yGL0dn72Si0RRnP5TLUyHcUDm', NULL, '2025-05-05 07:57:07'),
(1395, 'App\\Models\\Tool', 100, 'drK95ihi7uAAxoBw7JLAQJzXBqxdXMpiYnhSVUEN8sXTCIycGEbuzg0yGL0dn72Si0RRnP5TLUyHcUDm', NULL, '2025-05-05 07:57:08'),
(1396, 'App\\Models\\Tool', 101, 'drK95ihi7uAAxoBw7JLAQJzXBqxdXMpiYnhSVUEN8sXTCIycGEbuzg0yGL0dn72Si0RRnP5TLUyHcUDm', NULL, '2025-05-05 07:57:09'),
(1397, 'App\\Models\\Tool', 102, 'drK95ihi7uAAxoBw7JLAQJzXBqxdXMpiYnhSVUEN8sXTCIycGEbuzg0yGL0dn72Si0RRnP5TLUyHcUDm', NULL, '2025-05-05 08:00:13'),
(1398, 'App\\Models\\Tool', 103, 'drK95ihi7uAAxoBw7JLAQJzXBqxdXMpiYnhSVUEN8sXTCIycGEbuzg0yGL0dn72Si0RRnP5TLUyHcUDm', NULL, '2025-05-05 08:00:13'),
(1399, 'App\\Models\\Tool', 104, 'drK95ihi7uAAxoBw7JLAQJzXBqxdXMpiYnhSVUEN8sXTCIycGEbuzg0yGL0dn72Si0RRnP5TLUyHcUDm', NULL, '2025-05-05 08:00:14'),
(1400, 'App\\Models\\Tool', 105, 'drK95ihi7uAAxoBw7JLAQJzXBqxdXMpiYnhSVUEN8sXTCIycGEbuzg0yGL0dn72Si0RRnP5TLUyHcUDm', NULL, '2025-05-05 08:00:16'),
(1401, 'App\\Models\\Tool', 102, 'drK95ihi7uAAxoBw7JLAQJzXBqxdXMpiYnhSVUEN8sXTCIycGEbuzg0yGL0dn72Si0RRnP5TLUyHcUDm', NULL, '2025-05-05 08:02:14'),
(1402, 'App\\Models\\Tool', 106, 'drK95ihi7uAAxoBw7JLAQJzXBqxdXMpiYnhSVUEN8sXTCIycGEbuzg0yGL0dn72Si0RRnP5TLUyHcUDm', NULL, '2025-05-05 08:30:06'),
(1403, 'App\\Models\\Tool', 107, 'drK95ihi7uAAxoBw7JLAQJzXBqxdXMpiYnhSVUEN8sXTCIycGEbuzg0yGL0dn72Si0RRnP5TLUyHcUDm', NULL, '2025-05-05 08:30:37'),
(1404, 'App\\Models\\Tool', 108, 'drK95ihi7uAAxoBw7JLAQJzXBqxdXMpiYnhSVUEN8sXTCIycGEbuzg0yGL0dn72Si0RRnP5TLUyHcUDm', NULL, '2025-05-05 08:31:02'),
(1405, 'App\\Models\\Tool', 109, 'drK95ihi7uAAxoBw7JLAQJzXBqxdXMpiYnhSVUEN8sXTCIycGEbuzg0yGL0dn72Si0RRnP5TLUyHcUDm', NULL, '2025-05-05 08:32:17'),
(1406, 'App\\Models\\Tool', 110, 'drK95ihi7uAAxoBw7JLAQJzXBqxdXMpiYnhSVUEN8sXTCIycGEbuzg0yGL0dn72Si0RRnP5TLUyHcUDm', NULL, '2025-05-05 08:33:04'),
(1407, 'App\\Models\\Tool', 111, 'drK95ihi7uAAxoBw7JLAQJzXBqxdXMpiYnhSVUEN8sXTCIycGEbuzg0yGL0dn72Si0RRnP5TLUyHcUDm', NULL, '2025-05-05 08:35:37'),
(1408, 'App\\Models\\Tool', 112, 'drK95ihi7uAAxoBw7JLAQJzXBqxdXMpiYnhSVUEN8sXTCIycGEbuzg0yGL0dn72Si0RRnP5TLUyHcUDm', NULL, '2025-05-05 08:35:38'),
(1409, 'App\\Models\\Tool', 52, 'SnM1fjdhSnoayhJVJlAeNbuO7zQMKP4YQWXHOZOLIHD5WOCFfnSe7j4oiLevIkmzjC7HPPyDqyailjkW', NULL, '2025-05-05 12:13:00'),
(1410, 'App\\Models\\Tool', 129, 'm5pdWJOTBX3CuwpGlq3LM3LyZEA0rekoAPnUVhVpwlom7QueGFDf5tZm20xf3vz3fv8RaW25bCCrnCAI', NULL, '2025-05-07 10:42:34'),
(1411, 'App\\Models\\Tool', 74, 'm5pdWJOTBX3CuwpGlq3LM3LyZEA0rekoAPnUVhVpwlom7QueGFDf5tZm20xf3vz3fv8RaW25bCCrnCAI', NULL, '2025-05-07 10:43:52'),
(1412, 'App\\Models\\Tool', 34, 'tRkuk1mKcGXMDzEccvbs5TBKWCbHPP1MnB18jq9mtgHYu8n15w7aeGjZOHXEO0296cq34zEC949Dzt3g', NULL, '2025-05-07 18:47:46'),
(1413, 'App\\Models\\Tool', 43, 'YmkV9psm9K5J5DBjhDR0dfUqtLT26YY3Uym4GEHEZxH7giq6UJZpqM3klMFyTEdXsTxZlWOazbKZbXl5', NULL, '2025-05-09 14:26:55'),
(1414, 'App\\Models\\Tool', 124, 'kw0VzBvIlmcYXaIOR45etkjy0gkYMnGH6dpJZAOzMYre3jydtrLJmIcpsmC5lG1Pxs6g9GnH38Csp6rF', NULL, '2025-05-11 12:08:09'),
(1415, 'App\\Models\\Tool', 151, 'kw0VzBvIlmcYXaIOR45etkjy0gkYMnGH6dpJZAOzMYre3jydtrLJmIcpsmC5lG1Pxs6g9GnH38Csp6rF', NULL, '2025-05-11 12:08:34'),
(1416, 'App\\Models\\Tool', 59, 'kw0VzBvIlmcYXaIOR45etkjy0gkYMnGH6dpJZAOzMYre3jydtrLJmIcpsmC5lG1Pxs6g9GnH38Csp6rF', NULL, '2025-05-11 12:09:05'),
(1417, 'App\\Models\\Tool', 53, 'kw0VzBvIlmcYXaIOR45etkjy0gkYMnGH6dpJZAOzMYre3jydtrLJmIcpsmC5lG1Pxs6g9GnH38Csp6rF', NULL, '2025-05-11 12:09:30'),
(1418, 'App\\Models\\Tool', 74, 'kw0VzBvIlmcYXaIOR45etkjy0gkYMnGH6dpJZAOzMYre3jydtrLJmIcpsmC5lG1Pxs6g9GnH38Csp6rF', NULL, '2025-05-11 12:11:49'),
(1419, 'App\\Models\\Tool', 75, 'kw0VzBvIlmcYXaIOR45etkjy0gkYMnGH6dpJZAOzMYre3jydtrLJmIcpsmC5lG1Pxs6g9GnH38Csp6rF', NULL, '2025-05-11 12:16:26'),
(1420, 'App\\Models\\Tool', 127, 'kw0VzBvIlmcYXaIOR45etkjy0gkYMnGH6dpJZAOzMYre3jydtrLJmIcpsmC5lG1Pxs6g9GnH38Csp6rF', NULL, '2025-05-11 12:17:42'),
(1421, 'App\\Models\\Tool', 117, 'TZiGArVd6oEdlRvlH8lzAmH6oTErKsVYOXAZW74xB8uIkaXruzo3GrFjsnRqDDQxcAeNpHFU7nE9euRR', NULL, '2025-05-11 19:37:41'),
(1422, 'App\\Models\\Tool', 150, 'aRQkbeImWZQBOkI6YUPNX4HCPCOiuNfqDvn8aJ8Sn6SMeD9qQFbezIaww5OLSZkOapT3JNTUutpVcaN0', NULL, '2025-05-14 03:29:36'),
(1423, 'App\\Models\\Tool', 86, 'H3wKXuFkiVfLWnenOphc2RwOLhXpKBVwxWHnIxavCUG5XojlcyuhptiyBPD5kKs0wA7ELyckVW1vYaDo', NULL, '2025-05-14 04:41:03'),
(1424, 'App\\Models\\Tool', 153, 'RiNjdjbgnZuygrXXqYyKqoDYLAmvCiTV05PgWYxpPAl4va1hfYvEYNUQxs4jHflno2jyP0ZeVRwetsCO', NULL, '2025-05-25 18:17:15'),
(1425, 'App\\Models\\Tool', 100, 'FOzVIuTl0P5EbLXzTeLFgktPNZeHpDykENQ0cqYtSCKwdJNK9ZuUDvPXOdspkJg9mfG0HwhUZzyBWSoN', NULL, '2025-05-26 19:20:26'),
(1426, 'App\\Models\\Tool', 115, '2YX0s0R7dw8DEoGcWQUksYkBNOFm7CxYwZwA03nTbn2zV9WBRlQIQD4jFYB15LCmajgME7IcDNC4GoXf', NULL, '2025-05-27 13:09:41'),
(1427, 'App\\Models\\Tool', 11, 'H3wKXuFkiVfLWnenOphc2RwOLhXpKBVwxWHnIxavCUG5XojlcyuhptiyBPD5kKs0wA7ELyckVW1vYaDo', NULL, '2025-05-29 02:03:51'),
(1428, 'App\\Models\\Tool', 14, 'H3wKXuFkiVfLWnenOphc2RwOLhXpKBVwxWHnIxavCUG5XojlcyuhptiyBPD5kKs0wA7ELyckVW1vYaDo', NULL, '2025-05-29 02:04:05'),
(1429, 'App\\Models\\Tool', 119, 'u6E0ceGa8ufSNm4JdPn1fpXsZXZl364NdHbNYeGLemQKM63ETdCMoxEfxUw5NcxReVMBBCBRjUzJM8SQ', NULL, '2025-06-02 14:37:24'),
(1430, 'App\\Models\\Tool', 140, 'sKuLNTowD5kKTrQNhZEfvEe4bhIKgdnNJVY3QvKqalE5C2dc9z70epM258oIXJi0QQmGCFAACXjebzk6', NULL, '2025-06-02 14:38:22'),
(1431, 'App\\Models\\Tool', 109, 'T6XodhOG05ecyU5PX91dloRo18482zwrs4DlBkXV1SWpJTRiFgxRekZtc96W5miHK7HmCATgSs46VbSh', NULL, '2025-06-05 20:30:36'),
(1432, 'App\\Models\\Tool', 136, 'PE1VFP1jV4wVKZF1cNY2bw7dWn4ILEciQ15MjoGUHVL0TGzn4glF11ouSwQTsM6ZDweyDJ8v0sKluPJN', NULL, '2025-06-21 18:55:22'),
(1433, 'App\\Models\\Tool', 5, 'PE1VFP1jV4wVKZF1cNY2bw7dWn4ILEciQ15MjoGUHVL0TGzn4glF11ouSwQTsM6ZDweyDJ8v0sKluPJN', NULL, '2025-06-21 18:56:19'),
(1434, 'App\\Models\\Tool', 61, 'PE1VFP1jV4wVKZF1cNY2bw7dWn4ILEciQ15MjoGUHVL0TGzn4glF11ouSwQTsM6ZDweyDJ8v0sKluPJN', NULL, '2025-06-21 18:58:18'),
(1435, 'App\\Models\\Tool', 19, 'PE1VFP1jV4wVKZF1cNY2bw7dWn4ILEciQ15MjoGUHVL0TGzn4glF11ouSwQTsM6ZDweyDJ8v0sKluPJN', NULL, '2025-06-21 18:58:58'),
(1436, 'App\\Models\\Tool', 14, 'PE1VFP1jV4wVKZF1cNY2bw7dWn4ILEciQ15MjoGUHVL0TGzn4glF11ouSwQTsM6ZDweyDJ8v0sKluPJN', NULL, '2025-06-21 19:00:04'),
(1437, 'App\\Models\\Tool', 60, '3uIaZUXMEVmuLmR1hPc5DLg2Xj8Ts58ZrStG8jMQboR1W2Edc6wsXKLg6PWZiRMhrprpDcTyvBTQe8hm', NULL, '2025-06-21 21:19:21'),
(1438, 'App\\Models\\Tool', 13, '3uIaZUXMEVmuLmR1hPc5DLg2Xj8Ts58ZrStG8jMQboR1W2Edc6wsXKLg6PWZiRMhrprpDcTyvBTQe8hm', NULL, '2025-06-21 21:20:38'),
(1439, 'App\\Models\\Tool', 131, '3uIaZUXMEVmuLmR1hPc5DLg2Xj8Ts58ZrStG8jMQboR1W2Edc6wsXKLg6PWZiRMhrprpDcTyvBTQe8hm', NULL, '2025-06-21 21:20:41'),
(1440, 'App\\Models\\Tool', 120, '3uIaZUXMEVmuLmR1hPc5DLg2Xj8Ts58ZrStG8jMQboR1W2Edc6wsXKLg6PWZiRMhrprpDcTyvBTQe8hm', NULL, '2025-06-21 21:20:46'),
(1441, 'App\\Models\\Tool', 140, '3uIaZUXMEVmuLmR1hPc5DLg2Xj8Ts58ZrStG8jMQboR1W2Edc6wsXKLg6PWZiRMhrprpDcTyvBTQe8hm', NULL, '2025-06-21 21:20:51'),
(1442, 'App\\Models\\Tool', 11, 'TJgkafPBioipSzPPNmaRpbV5BRU2PpZNnN5OMFLz09etfLFiVvur9gl6XT73h9pqh4Zhuzbe69br38Bo', NULL, '2025-06-22 14:25:14'),
(1443, 'App\\Models\\Tool', 80, 'TJgkafPBioipSzPPNmaRpbV5BRU2PpZNnN5OMFLz09etfLFiVvur9gl6XT73h9pqh4Zhuzbe69br38Bo', NULL, '2025-06-22 14:25:38'),
(1444, 'App\\Models\\Tool', 61, 'TJgkafPBioipSzPPNmaRpbV5BRU2PpZNnN5OMFLz09etfLFiVvur9gl6XT73h9pqh4Zhuzbe69br38Bo', NULL, '2025-06-22 14:25:50'),
(1445, 'App\\Models\\Tool', 69, 'TJgkafPBioipSzPPNmaRpbV5BRU2PpZNnN5OMFLz09etfLFiVvur9gl6XT73h9pqh4Zhuzbe69br38Bo', NULL, '2025-06-22 14:29:15'),
(1446, 'App\\Models\\Tool', 12, 'TJgkafPBioipSzPPNmaRpbV5BRU2PpZNnN5OMFLz09etfLFiVvur9gl6XT73h9pqh4Zhuzbe69br38Bo', NULL, '2025-06-22 14:29:31'),
(1447, 'App\\Models\\Tool', 14, 'TJgkafPBioipSzPPNmaRpbV5BRU2PpZNnN5OMFLz09etfLFiVvur9gl6XT73h9pqh4Zhuzbe69br38Bo', NULL, '2025-06-22 14:29:43'),
(1448, 'App\\Models\\Tool', 15, 'TJgkafPBioipSzPPNmaRpbV5BRU2PpZNnN5OMFLz09etfLFiVvur9gl6XT73h9pqh4Zhuzbe69br38Bo', NULL, '2025-06-22 14:29:52'),
(1449, 'App\\Models\\Tool', 119, 'TJgkafPBioipSzPPNmaRpbV5BRU2PpZNnN5OMFLz09etfLFiVvur9gl6XT73h9pqh4Zhuzbe69br38Bo', NULL, '2025-06-22 14:30:13'),
(1450, 'App\\Models\\Tool', 120, 'TJgkafPBioipSzPPNmaRpbV5BRU2PpZNnN5OMFLz09etfLFiVvur9gl6XT73h9pqh4Zhuzbe69br38Bo', NULL, '2025-06-22 14:32:03'),
(1451, 'App\\Models\\Tool', 123, 'TJgkafPBioipSzPPNmaRpbV5BRU2PpZNnN5OMFLz09etfLFiVvur9gl6XT73h9pqh4Zhuzbe69br38Bo', NULL, '2025-06-22 14:32:32'),
(1452, 'App\\Models\\Tool', 140, 'TJgkafPBioipSzPPNmaRpbV5BRU2PpZNnN5OMFLz09etfLFiVvur9gl6XT73h9pqh4Zhuzbe69br38Bo', NULL, '2025-06-22 14:33:23'),
(1453, 'App\\Models\\Tool', 113, 'U4yr6p8Xc9Do6n6JYJz88YEPhIV5uW31nImbaPMOxUkMgk95n2TYgDt4agzh0VLnqw3QKlVF92Gi3O2y', NULL, '2025-06-22 18:05:25'),
(1454, 'App\\Models\\Tool', 14, 'U4yr6p8Xc9Do6n6JYJz88YEPhIV5uW31nImbaPMOxUkMgk95n2TYgDt4agzh0VLnqw3QKlVF92Gi3O2y', NULL, '2025-06-22 18:05:33'),
(1455, 'App\\Models\\Tool', 11, 'iXPTmk5zzE6lBc4QGaLISO4Ix6o3eqwpatCrOfCdWIFbaTM9BLVSkdwNWsu8pWIY6KPw9X9Yl0BMV5WH', NULL, '2025-06-22 19:44:32'),
(1456, 'App\\Models\\Tool', 5, 'iXPTmk5zzE6lBc4QGaLISO4Ix6o3eqwpatCrOfCdWIFbaTM9BLVSkdwNWsu8pWIY6KPw9X9Yl0BMV5WH', NULL, '2025-06-22 19:44:42'),
(1457, 'App\\Models\\Tool', 11, 'xpynUKWLG5imo66JxPXm32GlxnsJRWtaL8knCofjQwWEP6kcx59jo0oek1xfJvkV8yXvtYI4MoaOuHEl', NULL, '2025-06-22 22:57:05'),
(1458, 'App\\Models\\Tool', 12, 'xpynUKWLG5imo66JxPXm32GlxnsJRWtaL8knCofjQwWEP6kcx59jo0oek1xfJvkV8yXvtYI4MoaOuHEl', NULL, '2025-06-22 22:57:12'),
(1459, 'App\\Models\\Tool', 105, 'aL1nmxRZhMrPACZmxUBHGVlaxXMSP1PrQQAndVaSGecRwBEvasrtZEtVW3CLZihCNlVQdH28HX6ggu1R', NULL, '2025-06-23 01:36:56'),
(1460, 'App\\Models\\Tool', 11, 'aL1nmxRZhMrPACZmxUBHGVlaxXMSP1PrQQAndVaSGecRwBEvasrtZEtVW3CLZihCNlVQdH28HX6ggu1R', NULL, '2025-06-23 01:39:04'),
(1461, 'App\\Models\\Tool', 119, 'aL1nmxRZhMrPACZmxUBHGVlaxXMSP1PrQQAndVaSGecRwBEvasrtZEtVW3CLZihCNlVQdH28HX6ggu1R', NULL, '2025-06-23 01:39:39'),
(1462, 'App\\Models\\Tool', 114, 'aL1nmxRZhMrPACZmxUBHGVlaxXMSP1PrQQAndVaSGecRwBEvasrtZEtVW3CLZihCNlVQdH28HX6ggu1R', NULL, '2025-06-23 01:39:55'),
(1463, 'App\\Models\\Tool', 117, 'aL1nmxRZhMrPACZmxUBHGVlaxXMSP1PrQQAndVaSGecRwBEvasrtZEtVW3CLZihCNlVQdH28HX6ggu1R', NULL, '2025-06-23 01:40:03'),
(1464, 'App\\Models\\Tool', 8, 'aL1nmxRZhMrPACZmxUBHGVlaxXMSP1PrQQAndVaSGecRwBEvasrtZEtVW3CLZihCNlVQdH28HX6ggu1R', NULL, '2025-06-23 01:40:41'),
(1465, 'App\\Models\\Tool', 138, 'aL1nmxRZhMrPACZmxUBHGVlaxXMSP1PrQQAndVaSGecRwBEvasrtZEtVW3CLZihCNlVQdH28HX6ggu1R', NULL, '2025-06-23 01:41:34'),
(1466, 'App\\Models\\Tool', 128, 'aL1nmxRZhMrPACZmxUBHGVlaxXMSP1PrQQAndVaSGecRwBEvasrtZEtVW3CLZihCNlVQdH28HX6ggu1R', NULL, '2025-06-23 01:42:07'),
(1467, 'App\\Models\\Tool', 79, 'aL1nmxRZhMrPACZmxUBHGVlaxXMSP1PrQQAndVaSGecRwBEvasrtZEtVW3CLZihCNlVQdH28HX6ggu1R', NULL, '2025-06-23 01:42:15'),
(1468, 'App\\Models\\Tool', 13, '7TTWQbAyocPR7ZttziOAEFZG11jKWQV5fqOBRNJ6mHtBB2J2vyQrfLbAUStPectSwNBBYSZ6d3rs655M', NULL, '2025-06-23 07:04:49'),
(1469, 'App\\Models\\Tool', 60, '7TTWQbAyocPR7ZttziOAEFZG11jKWQV5fqOBRNJ6mHtBB2J2vyQrfLbAUStPectSwNBBYSZ6d3rs655M', NULL, '2025-06-23 07:05:00'),
(1470, 'App\\Models\\Tool', 79, '7OpxuIHrmYfxZvZj7tDeLJ0WawsE8nNJarZVOodedqCKqa4T0WYuXzV7voNamQwb02BmnHHlRNyisJYW', NULL, '2025-06-24 13:39:37'),
(1471, 'App\\Models\\Tool', 81, '98vnukdM17yTazb6ARwnsWzNcpVUmCAWtPW7tumODou1ea5hIQEyBFxgndnzr9y1l2rIamrqoXDpio5K', NULL, '2025-06-24 20:40:13'),
(1472, 'App\\Models\\Tool', 77, 'xxLRlGAHgt1G6fC3zMmnT6dtV728lkrxNZkOBapo12oJDrERr6saEHpHis1KtODqlVriJa1hcYxMMW1S', NULL, '2025-06-24 21:05:14'),
(1473, 'App\\Models\\Tool', 61, 'PFrFFqO5YsJBLOc3zLjCwwFw9MS6n6lC2FcsF3lHTAG2zpMVmzBM3CG9Fc3dwHx0CnDC4i6dR1DNARiP', NULL, '2025-06-24 23:26:17'),
(1474, 'App\\Models\\Tool', 80, 'miijjgo9l5BYBYw8ipDrRmsP72AXwnrjNXvT4tu7rjh0FVKSVwahCK589CAYBLBYpS4m700ALIUNws4j', NULL, '2025-06-25 01:12:17'),
(1475, 'App\\Models\\Tool', 84, 'gmPKseCPh8eSr9hvMHyd6Je9c8qZ6XkdwHk7edz8toprlRSIJzwk7PxbZc2vfpjCGpzY2sN88U2yNEFQ', NULL, '2025-06-25 01:57:59'),
(1476, 'App\\Models\\Tool', 76, 'LG3S1L9SU4iLvvfq8JN9ihKPzoBeq7GLQlBftLGaNX4GPCC5l0IT9yjVjmSq9hn4RtTJnO8NUAGvkhYS', NULL, '2025-06-25 02:50:09'),
(1477, 'App\\Models\\Tool', 78, 'avDTuc1tOKIHOUvhgkOTp38Egae4EMfcAWXxwfyMsa9ku76T0GRzdZDbOvg0XlTR78XtTGQp7a5mvbfS', NULL, '2025-06-25 02:52:32'),
(1478, 'App\\Models\\Tool', 85, 'a34wxnUNNgUsizhFXHBrrpebm8vlpmllLOcvJtmZSfntWsU8GTWsIqei4YJqg9wF3H1R2EC5qdlgcrXb', NULL, '2025-06-25 10:50:33'),
(1479, 'App\\Models\\Tool', 82, 'XDldAT4uM6XNT7g11bz2faGAQV0VLijyfOVv4vH0X3exEDkF2HYmFG66MW8F5eWCNuk0967fKD2fmOuO', NULL, '2025-06-25 15:59:06'),
(1480, 'App\\Models\\Tool', 11, 'd7tKzE9mXtYqG8LhqWgodrafq5nbJIevDTnuaON2YlCai8bHCBDIMnyNKhT6uFrtICpLlm8ykPtuTomH', NULL, '2025-06-25 17:54:14'),
(1481, 'App\\Models\\Tool', 60, 'QseknNIXhmKYwXM2MJuhaYhW2OaYGtsZkmm6bxi0wcyv169Jr7XscLG7l7P5aAaJ1P90TXBnDAVpbtMV', NULL, '2025-06-25 18:06:35'),
(1482, 'App\\Models\\Tool', 12, '5rPG83F3Yv9eZGdwVO9Mv9KYHvXPcsVTuSjcR8t4v2wj5Ina6Ypqj35ZfTe1SR0RTQHmmcHEeGLQkhDE', NULL, '2025-06-25 20:39:30'),
(1483, 'App\\Models\\Tool', 140, 'rX8fzsQ29xeHHtdZAFQQZmGWMHluGxyDLb0dh8vINCkaqGHPM8AfjL8vughfeDnnuZsWiVYZ7CBDzSsv', NULL, '2025-06-25 23:41:52'),
(1484, 'App\\Models\\Tool', 132, 'jwTFA9g5U0eWBxGKQyEd2tLZOZbrhOoeM99jP1i7xfp6E7TdDrSNSyWATGDuLoSoURzEKmA2WK5uXD08', NULL, '2025-06-26 06:00:32'),
(1485, 'App\\Models\\Tool', 83, 'a323cJtVZtBoQSv9NWf16u1xX9FVqWfjHov5OHZH8D0RYeGA5OD5OxJQcFaV9jfROQ1ZRWnl2igOYwgZ', NULL, '2025-06-27 03:08:59'),
(1486, 'App\\Models\\Tool', 60, 'w50bbUbEp0fNthuGzSzucbw8nRcUXqXJUxWbYVaWkemArQ9bl4oYTKmCD7GAoL76AsnOJQLWuPCGS4jc', NULL, '2025-06-27 03:38:55'),
(1487, 'App\\Models\\Tool', 132, 'w50bbUbEp0fNthuGzSzucbw8nRcUXqXJUxWbYVaWkemArQ9bl4oYTKmCD7GAoL76AsnOJQLWuPCGS4jc', NULL, '2025-06-27 03:53:26'),
(1488, 'App\\Models\\Tool', 79, 'w50bbUbEp0fNthuGzSzucbw8nRcUXqXJUxWbYVaWkemArQ9bl4oYTKmCD7GAoL76AsnOJQLWuPCGS4jc', NULL, '2025-06-27 03:53:40'),
(1489, 'App\\Models\\Tool', 81, 'w50bbUbEp0fNthuGzSzucbw8nRcUXqXJUxWbYVaWkemArQ9bl4oYTKmCD7GAoL76AsnOJQLWuPCGS4jc', NULL, '2025-06-27 03:53:47'),
(1490, 'App\\Models\\Tool', 61, 'duAgIuzQyxDGEAvLUeWYFP9mVDfO1tgUbXraE9KDFc71wc3WVOH295LBe2esPRoobzsjVxMl6HOrhG0Q', NULL, '2025-06-27 07:45:20'),
(1491, 'App\\Models\\Tool', 11, 'd7tKzE9mXtYqG8LhqWgodrafq5nbJIevDTnuaON2YlCai8bHCBDIMnyNKhT6uFrtICpLlm8ykPtuTomH', NULL, '2025-06-27 16:22:38'),
(1492, 'App\\Models\\Tool', 11, 'T6XodhOG05ecyU5PX91dloRo18482zwrs4DlBkXV1SWpJTRiFgxRekZtc96W5miHK7HmCATgSs46VbSh', NULL, '2025-06-28 21:19:58'),
(1493, 'App\\Models\\Tool', 120, 'T6XodhOG05ecyU5PX91dloRo18482zwrs4DlBkXV1SWpJTRiFgxRekZtc96W5miHK7HmCATgSs46VbSh', NULL, '2025-06-28 21:20:36'),
(1494, 'App\\Models\\Tool', 153, 'T6XodhOG05ecyU5PX91dloRo18482zwrs4DlBkXV1SWpJTRiFgxRekZtc96W5miHK7HmCATgSs46VbSh', NULL, '2025-06-28 21:20:48'),
(1495, 'App\\Models\\Tool', 91, 'T6XodhOG05ecyU5PX91dloRo18482zwrs4DlBkXV1SWpJTRiFgxRekZtc96W5miHK7HmCATgSs46VbSh', NULL, '2025-06-28 21:21:19'),
(1496, 'App\\Models\\Tool', 12, 'T6XodhOG05ecyU5PX91dloRo18482zwrs4DlBkXV1SWpJTRiFgxRekZtc96W5miHK7HmCATgSs46VbSh', NULL, '2025-06-28 21:21:50'),
(1497, 'App\\Models\\Tool', 14, 'T6XodhOG05ecyU5PX91dloRo18482zwrs4DlBkXV1SWpJTRiFgxRekZtc96W5miHK7HmCATgSs46VbSh', NULL, '2025-06-28 21:22:10'),
(1498, 'App\\Models\\Tool', 139, 'wz9AFkCY8B6K28sr7tYzkuIa09guqsvQVcMyEbeXDQm6bAppjp6Xdg7YEFF5rrXAymXkMLIOMpvFnBQi', NULL, '2025-06-29 14:21:46'),
(1499, 'App\\Models\\Tool', 11, 'wz9AFkCY8B6K28sr7tYzkuIa09guqsvQVcMyEbeXDQm6bAppjp6Xdg7YEFF5rrXAymXkMLIOMpvFnBQi', NULL, '2025-06-29 14:21:56'),
(1500, 'App\\Models\\Tool', 12, 'wz9AFkCY8B6K28sr7tYzkuIa09guqsvQVcMyEbeXDQm6bAppjp6Xdg7YEFF5rrXAymXkMLIOMpvFnBQi', NULL, '2025-06-29 14:22:00'),
(1501, 'App\\Models\\Tool', 122, 'wz9AFkCY8B6K28sr7tYzkuIa09guqsvQVcMyEbeXDQm6bAppjp6Xdg7YEFF5rrXAymXkMLIOMpvFnBQi', NULL, '2025-06-29 14:22:12'),
(1502, 'App\\Models\\Tool', 123, 'wz9AFkCY8B6K28sr7tYzkuIa09guqsvQVcMyEbeXDQm6bAppjp6Xdg7YEFF5rrXAymXkMLIOMpvFnBQi', NULL, '2025-06-29 14:22:17'),
(1503, 'App\\Models\\Tool', 9, 'wz9AFkCY8B6K28sr7tYzkuIa09guqsvQVcMyEbeXDQm6bAppjp6Xdg7YEFF5rrXAymXkMLIOMpvFnBQi', NULL, '2025-06-29 14:22:31'),
(1504, 'App\\Models\\Tool', 57, 'wz9AFkCY8B6K28sr7tYzkuIa09guqsvQVcMyEbeXDQm6bAppjp6Xdg7YEFF5rrXAymXkMLIOMpvFnBQi', NULL, '2025-06-29 14:22:47'),
(1505, 'App\\Models\\Tool', 54, 'wz9AFkCY8B6K28sr7tYzkuIa09guqsvQVcMyEbeXDQm6bAppjp6Xdg7YEFF5rrXAymXkMLIOMpvFnBQi', NULL, '2025-06-29 14:22:52'),
(1506, 'App\\Models\\Tool', 58, 'wz9AFkCY8B6K28sr7tYzkuIa09guqsvQVcMyEbeXDQm6bAppjp6Xdg7YEFF5rrXAymXkMLIOMpvFnBQi', NULL, '2025-06-29 14:23:49'),
(1507, 'App\\Models\\Tool', 59, 'wz9AFkCY8B6K28sr7tYzkuIa09guqsvQVcMyEbeXDQm6bAppjp6Xdg7YEFF5rrXAymXkMLIOMpvFnBQi', NULL, '2025-06-29 14:23:55'),
(1508, 'App\\Models\\Tool', 61, 'ZTLd5CYjcyEyoklGNLTd4zNeZdFobVE6ItBkQB0CJ498NrgGP0IkTVFhD3IWd7402Xo53K4Cx5SdxurA', NULL, '2025-06-30 07:27:15'),
(1509, 'App\\Models\\Tool', 80, 'uDhsS71uURLmLZF7Ck7EkU8AGxqMP6Hw48HPdJDLIevrEoDXS8SswZoTZ9W0rUHwcT1Sc6r4i8xY2Wjy', NULL, '2025-07-01 02:26:41'),
(1510, 'App\\Models\\Tool', 140, '2RxV7dxuxWAZYEa21aT7RkFi1D9X4eiKg13EST6xoHCzhtu7ORPjS1mRELCnXwnZ2sitC5nlHlDJv8bp', NULL, '2025-07-01 23:23:25'),
(1511, 'App\\Models\\Tool', 57, 'IphidSWxbPzySVjz87oS1wVWddixROWaqrkfHz1EkkFxQwklhlagUxf83HALaZ7eDeUK5aMKgZU2CGLE', NULL, '2025-07-02 03:42:46'),
(1512, 'App\\Models\\Tool', 151, 'z9gBD2dUBovxXNkFjX3RL2zdW44wx0Jhi64jVD3rmIoR6zGps72JhxEPm5VYr5JKJQRnvvzMqNPDaTnW', NULL, '2025-07-03 00:46:53'),
(1513, 'App\\Models\\Tool', 11, '3ZUbDhkIpxCh2yfOnfOYTQeIJhIeLHZtusZk1FKe6JVPEQtOecNZ5zXQA4qoosFVqaIEexNM8PTkuMUW', NULL, '2025-07-03 08:02:43'),
(1514, 'App\\Models\\Tool', 113, 'Q3j5pyKfKxtc3PamfOEOOLvjGK4llem3HvcWgISwXkx1TTPa4RsTaFUL1nhMbKYhw7g1jZSMmluyjYww', NULL, '2025-07-04 00:21:55'),
(1515, 'App\\Models\\Tool', 11, '2xip9ATWlhYzVs3RIW2O7nUE2DTm5gOePpuYMTPRapd15n9XkCNrUgBUBD4otjEG7Wbf7cEsRHMDf6fL', NULL, '2025-07-05 03:50:39'),
(1516, 'App\\Models\\Tool', 17, '2xip9ATWlhYzVs3RIW2O7nUE2DTm5gOePpuYMTPRapd15n9XkCNrUgBUBD4otjEG7Wbf7cEsRHMDf6fL', NULL, '2025-07-05 03:50:45'),
(1517, 'App\\Models\\Tool', 60, 'KnGb8p5PyuuqjvSUCavQOoRzD4ApcZVbz1r9RFAko7pF5YtQCasAd2ArXfAbG0o3sHTvp7hb0ywaQdMF', NULL, '2025-07-05 08:35:12'),
(1518, 'App\\Models\\Tool', 12, 'FAV4NJlKfo1lequErCg0Z4pHpGLXoIxArqP02rVEHtGo8DUDWZYe9VXDCnjFduKbeW9kecQslDdOHUuc', NULL, '2025-07-07 05:53:27'),
(1519, 'App\\Models\\Tool', 60, 'FAV4NJlKfo1lequErCg0Z4pHpGLXoIxArqP02rVEHtGo8DUDWZYe9VXDCnjFduKbeW9kecQslDdOHUuc', NULL, '2025-07-07 05:54:22'),
(1520, 'App\\Models\\Tool', 76, '4lZX4bovQnl6Ege0WQomadMo7IhetDawC6d1cJMaU9VO6risqwWQgJocXxwfQa1AGl3aow9vIBPz5OFR', NULL, '2025-07-07 14:16:00'),
(1521, 'App\\Models\\Tool', 131, '4lZX4bovQnl6Ege0WQomadMo7IhetDawC6d1cJMaU9VO6risqwWQgJocXxwfQa1AGl3aow9vIBPz5OFR', NULL, '2025-07-07 18:38:18'),
(1522, 'App\\Models\\Tool', 119, '4lZX4bovQnl6Ege0WQomadMo7IhetDawC6d1cJMaU9VO6risqwWQgJocXxwfQa1AGl3aow9vIBPz5OFR', NULL, '2025-07-07 18:38:54'),
(1523, 'App\\Models\\Tool', 112, '4lZX4bovQnl6Ege0WQomadMo7IhetDawC6d1cJMaU9VO6risqwWQgJocXxwfQa1AGl3aow9vIBPz5OFR', NULL, '2025-07-07 19:46:42'),
(1524, 'App\\Models\\Tool', 106, '4lZX4bovQnl6Ege0WQomadMo7IhetDawC6d1cJMaU9VO6risqwWQgJocXxwfQa1AGl3aow9vIBPz5OFR', NULL, '2025-07-07 19:47:16'),
(1525, 'App\\Models\\Tool', 61, '4lZX4bovQnl6Ege0WQomadMo7IhetDawC6d1cJMaU9VO6risqwWQgJocXxwfQa1AGl3aow9vIBPz5OFR', NULL, '2025-07-07 19:48:49'),
(1526, 'App\\Models\\Tool', 60, '4lZX4bovQnl6Ege0WQomadMo7IhetDawC6d1cJMaU9VO6risqwWQgJocXxwfQa1AGl3aow9vIBPz5OFR', NULL, '2025-07-07 19:48:55'),
(1527, 'App\\Models\\Tool', 147, '4lZX4bovQnl6Ege0WQomadMo7IhetDawC6d1cJMaU9VO6risqwWQgJocXxwfQa1AGl3aow9vIBPz5OFR', NULL, '2025-07-07 19:49:00'),
(1528, 'App\\Models\\Tool', 150, '4lZX4bovQnl6Ege0WQomadMo7IhetDawC6d1cJMaU9VO6risqwWQgJocXxwfQa1AGl3aow9vIBPz5OFR', NULL, '2025-07-07 19:49:02'),
(1529, 'App\\Models\\Tool', 18, '4lZX4bovQnl6Ege0WQomadMo7IhetDawC6d1cJMaU9VO6risqwWQgJocXxwfQa1AGl3aow9vIBPz5OFR', NULL, '2025-07-07 20:42:17'),
(1530, 'App\\Models\\Tool', 11, '4lZX4bovQnl6Ege0WQomadMo7IhetDawC6d1cJMaU9VO6risqwWQgJocXxwfQa1AGl3aow9vIBPz5OFR', NULL, '2025-07-10 12:42:02'),
(1531, 'App\\Models\\Tool', 12, '4lZX4bovQnl6Ege0WQomadMo7IhetDawC6d1cJMaU9VO6risqwWQgJocXxwfQa1AGl3aow9vIBPz5OFR', NULL, '2025-07-10 12:42:06'),
(1532, 'App\\Models\\Tool', 13, '4lZX4bovQnl6Ege0WQomadMo7IhetDawC6d1cJMaU9VO6risqwWQgJocXxwfQa1AGl3aow9vIBPz5OFR', NULL, '2025-07-10 12:42:12'),
(1533, 'App\\Models\\Tool', 113, '4lZX4bovQnl6Ege0WQomadMo7IhetDawC6d1cJMaU9VO6risqwWQgJocXxwfQa1AGl3aow9vIBPz5OFR', NULL, '2025-07-10 12:42:42'),
(1534, 'App\\Models\\Tool', 77, '4lZX4bovQnl6Ege0WQomadMo7IhetDawC6d1cJMaU9VO6risqwWQgJocXxwfQa1AGl3aow9vIBPz5OFR', NULL, '2025-07-10 15:05:13'),
(1535, 'App\\Models\\Tool', 91, '4lZX4bovQnl6Ege0WQomadMo7IhetDawC6d1cJMaU9VO6risqwWQgJocXxwfQa1AGl3aow9vIBPz5OFR', NULL, '2025-07-10 15:06:02'),
(1536, 'App\\Models\\Tool', 91, '4lZX4bovQnl6Ege0WQomadMo7IhetDawC6d1cJMaU9VO6risqwWQgJocXxwfQa1AGl3aow9vIBPz5OFR', NULL, '2025-07-11 08:01:51'),
(1537, 'App\\Models\\Tool', 129, '4lZX4bovQnl6Ege0WQomadMo7IhetDawC6d1cJMaU9VO6risqwWQgJocXxwfQa1AGl3aow9vIBPz5OFR', NULL, '2025-07-11 08:02:09'),
(1538, 'App\\Models\\Tool', 13, '4lZX4bovQnl6Ege0WQomadMo7IhetDawC6d1cJMaU9VO6risqwWQgJocXxwfQa1AGl3aow9vIBPz5OFR', NULL, '2025-07-11 19:42:47'),
(1539, 'App\\Models\\Tool', 130, 'Dqux5Byd6sIGRD4RaRIvQYhDGCHY2XeZKd7gI8Y5X7XXH5y1TtJIZEVStCqVAUgr15gd01unrjmVjYh3', NULL, '2025-07-12 14:19:00'),
(1540, 'App\\Models\\Tool', 15, 'PvUQ6nrR9jmo1MBnpV6XZpdzfx3EaUxSHhoLo7pseNTDySCsIFs3vOV9k3Glcowny7guMGiplO0ed4Qq', NULL, '2025-07-13 15:45:51'),
(1541, 'App\\Models\\Tool', 11, 'PvUQ6nrR9jmo1MBnpV6XZpdzfx3EaUxSHhoLo7pseNTDySCsIFs3vOV9k3Glcowny7guMGiplO0ed4Qq', NULL, '2025-07-13 15:50:40'),
(1542, 'App\\Models\\Tool', 12, 'PvUQ6nrR9jmo1MBnpV6XZpdzfx3EaUxSHhoLo7pseNTDySCsIFs3vOV9k3Glcowny7guMGiplO0ed4Qq', NULL, '2025-07-13 15:50:46'),
(1543, 'App\\Models\\Tool', 13, 'PvUQ6nrR9jmo1MBnpV6XZpdzfx3EaUxSHhoLo7pseNTDySCsIFs3vOV9k3Glcowny7guMGiplO0ed4Qq', NULL, '2025-07-13 15:50:54'),
(1544, 'App\\Models\\Tool', 17, 'PvUQ6nrR9jmo1MBnpV6XZpdzfx3EaUxSHhoLo7pseNTDySCsIFs3vOV9k3Glcowny7guMGiplO0ed4Qq', NULL, '2025-07-13 15:51:36'),
(1545, 'App\\Models\\Tool', 18, 'PvUQ6nrR9jmo1MBnpV6XZpdzfx3EaUxSHhoLo7pseNTDySCsIFs3vOV9k3Glcowny7guMGiplO0ed4Qq', NULL, '2025-07-13 15:51:43'),
(1546, 'App\\Models\\Tool', 130, 'PvUQ6nrR9jmo1MBnpV6XZpdzfx3EaUxSHhoLo7pseNTDySCsIFs3vOV9k3Glcowny7guMGiplO0ed4Qq', NULL, '2025-07-13 15:51:48'),
(1547, 'App\\Models\\Tool', 140, 'PvUQ6nrR9jmo1MBnpV6XZpdzfx3EaUxSHhoLo7pseNTDySCsIFs3vOV9k3Glcowny7guMGiplO0ed4Qq', NULL, '2025-07-13 15:52:02'),
(1548, 'App\\Models\\Tool', 120, 'PvUQ6nrR9jmo1MBnpV6XZpdzfx3EaUxSHhoLo7pseNTDySCsIFs3vOV9k3Glcowny7guMGiplO0ed4Qq', NULL, '2025-07-13 15:54:13'),
(1549, 'App\\Models\\Tool', 123, 'PvUQ6nrR9jmo1MBnpV6XZpdzfx3EaUxSHhoLo7pseNTDySCsIFs3vOV9k3Glcowny7guMGiplO0ed4Qq', NULL, '2025-07-13 15:54:53'),
(1550, 'App\\Models\\Tool', 105, 'PvUQ6nrR9jmo1MBnpV6XZpdzfx3EaUxSHhoLo7pseNTDySCsIFs3vOV9k3Glcowny7guMGiplO0ed4Qq', NULL, '2025-07-13 15:56:41'),
(1551, 'App\\Models\\Tool', 27, 'PvUQ6nrR9jmo1MBnpV6XZpdzfx3EaUxSHhoLo7pseNTDySCsIFs3vOV9k3Glcowny7guMGiplO0ed4Qq', NULL, '2025-07-13 15:57:30'),
(1552, 'App\\Models\\Tool', 54, 'PvUQ6nrR9jmo1MBnpV6XZpdzfx3EaUxSHhoLo7pseNTDySCsIFs3vOV9k3Glcowny7guMGiplO0ed4Qq', NULL, '2025-07-13 15:58:23'),
(1553, 'App\\Models\\Tool', 75, 'PvUQ6nrR9jmo1MBnpV6XZpdzfx3EaUxSHhoLo7pseNTDySCsIFs3vOV9k3Glcowny7guMGiplO0ed4Qq', NULL, '2025-07-13 16:00:16'),
(1554, 'App\\Models\\Tool', 132, 'PvUQ6nrR9jmo1MBnpV6XZpdzfx3EaUxSHhoLo7pseNTDySCsIFs3vOV9k3Glcowny7guMGiplO0ed4Qq', NULL, '2025-07-13 16:03:27'),
(1555, 'App\\Models\\Tool', 137, 'b8axMDy4bo1uzM4q6GDjGhnWtIJA9TdwhFFcA49FJzkWKZ81jQGfuASTuxpsfo5jWiEPMJG183JXX54N', NULL, '2025-07-14 11:59:41'),
(1556, 'App\\Models\\Tool', 29, 'b8axMDy4bo1uzM4q6GDjGhnWtIJA9TdwhFFcA49FJzkWKZ81jQGfuASTuxpsfo5jWiEPMJG183JXX54N', NULL, '2025-07-14 12:02:30'),
(1557, 'App\\Models\\Tool', 93, 'ecaGFxANwBr6HbTwrXzUuIP3d8rardZlHXPMGj8186LW0jmZqqGqlThY5vzM0jX6AuusKH1Z6TcUyf2L', NULL, '2025-07-15 07:37:46'),
(1558, 'App\\Models\\Tool', 134, 'ecaGFxANwBr6HbTwrXzUuIP3d8rardZlHXPMGj8186LW0jmZqqGqlThY5vzM0jX6AuusKH1Z6TcUyf2L', NULL, '2025-07-15 07:38:33'),
(1559, 'App\\Models\\Tool', 119, 'ecaGFxANwBr6HbTwrXzUuIP3d8rardZlHXPMGj8186LW0jmZqqGqlThY5vzM0jX6AuusKH1Z6TcUyf2L', NULL, '2025-07-15 07:39:51'),
(1560, 'App\\Models\\Tool', 11, 'cn3BpI3wrqbQGZiS6AJq5BQJURHoqdA8kMK3Jmcuo1dlj9S7i76lf8U1hzmZg2BXENU443heoazLEB87', NULL, '2025-07-16 20:57:13'),
(1561, 'App\\Models\\Tool', 140, 'cn3BpI3wrqbQGZiS6AJq5BQJURHoqdA8kMK3Jmcuo1dlj9S7i76lf8U1hzmZg2BXENU443heoazLEB87', NULL, '2025-07-16 20:57:31'),
(1562, 'App\\Models\\Tool', 6, 'MNWs6N0zU23Sl1G57iJLEYKduA4jWfnRQBOGJa130Te8JCqrWvow6xazXX9iO2fsqdH5uXytMUcPZ4wx', NULL, '2025-07-17 00:13:02'),
(1563, 'App\\Models\\Tool', 13, '4lZX4bovQnl6Ege0WQomadMo7IhetDawC6d1cJMaU9VO6risqwWQgJocXxwfQa1AGl3aow9vIBPz5OFR', NULL, '2025-07-17 20:47:54'),
(1564, 'App\\Models\\Tool', 11, '4lZX4bovQnl6Ege0WQomadMo7IhetDawC6d1cJMaU9VO6risqwWQgJocXxwfQa1AGl3aow9vIBPz5OFR', NULL, '2025-07-17 20:52:53'),
(1565, 'App\\Models\\Tool', 18, 'gGY01HEqwgxveTLQOyu85kW99h6EVkGQHhnjUQT09ANZljXErLwvqhwmbFmgHMKs61AcEYxDTTMMR5fJ', NULL, '2025-07-18 18:33:51'),
(1566, 'App\\Models\\Tool', 54, 'W8ee4RPQq1Onsd1zoB0msDQZxS4QBzJ40fdc5Rfuc9oycLuisTy5fk9QROZFGFCeXWiiMjfltw1z06kx', NULL, '2025-07-19 04:01:00'),
(1567, 'App\\Models\\Tool', 124, 'W8ee4RPQq1Onsd1zoB0msDQZxS4QBzJ40fdc5Rfuc9oycLuisTy5fk9QROZFGFCeXWiiMjfltw1z06kx', NULL, '2025-07-19 04:02:14'),
(1568, 'App\\Models\\Tool', 140, 'W8ee4RPQq1Onsd1zoB0msDQZxS4QBzJ40fdc5Rfuc9oycLuisTy5fk9QROZFGFCeXWiiMjfltw1z06kx', NULL, '2025-07-19 04:02:15'),
(1569, 'App\\Models\\Tool', 122, 'W8ee4RPQq1Onsd1zoB0msDQZxS4QBzJ40fdc5Rfuc9oycLuisTy5fk9QROZFGFCeXWiiMjfltw1z06kx', NULL, '2025-07-19 04:02:17'),
(1570, 'App\\Models\\Tool', 107, 'W8ee4RPQq1Onsd1zoB0msDQZxS4QBzJ40fdc5Rfuc9oycLuisTy5fk9QROZFGFCeXWiiMjfltw1z06kx', NULL, '2025-07-19 04:03:24'),
(1571, 'App\\Models\\Tool', 55, 'W8ee4RPQq1Onsd1zoB0msDQZxS4QBzJ40fdc5Rfuc9oycLuisTy5fk9QROZFGFCeXWiiMjfltw1z06kx', NULL, '2025-07-19 04:06:59'),
(1572, 'App\\Models\\Tool', 55, 'W8ee4RPQq1Onsd1zoB0msDQZxS4QBzJ40fdc5Rfuc9oycLuisTy5fk9QROZFGFCeXWiiMjfltw1z06kx', NULL, '2025-07-19 04:06:59'),
(1573, 'App\\Models\\Tool', 127, 'COXXAGBNNAgTfFqCjbnEiz4enXwDGF5k4AxZLdAxdyehgJOIcj3xLZbrlQtxsz6vDK4w3WNTCWC9M8nn', NULL, '2025-07-19 04:40:05'),
(1574, 'App\\Models\\Tool', 73, 'COXXAGBNNAgTfFqCjbnEiz4enXwDGF5k4AxZLdAxdyehgJOIcj3xLZbrlQtxsz6vDK4w3WNTCWC9M8nn', NULL, '2025-07-19 04:41:58'),
(1575, 'App\\Models\\Tool', 11, 'COXXAGBNNAgTfFqCjbnEiz4enXwDGF5k4AxZLdAxdyehgJOIcj3xLZbrlQtxsz6vDK4w3WNTCWC9M8nn', NULL, '2025-07-19 04:42:26'),
(1576, 'App\\Models\\Tool', 86, 'COXXAGBNNAgTfFqCjbnEiz4enXwDGF5k4AxZLdAxdyehgJOIcj3xLZbrlQtxsz6vDK4w3WNTCWC9M8nn', NULL, '2025-07-19 04:43:35'),
(1577, 'App\\Models\\Tool', 74, 'CRLrdQoPWDcmB4oGnhmDhZDHGzNslEJCHmtSSYBx9Ci7B52gxa4hWx3CulGOo1lTU5e1fXlISUXeOzBh', NULL, '2025-07-19 07:37:24'),
(1578, 'App\\Models\\Tool', 79, 'CRLrdQoPWDcmB4oGnhmDhZDHGzNslEJCHmtSSYBx9Ci7B52gxa4hWx3CulGOo1lTU5e1fXlISUXeOzBh', NULL, '2025-07-19 07:37:53'),
(1579, 'App\\Models\\Tool', 91, '89MWBfjMw2ON6CwDAZ7CgOPmg71u9PEtWxkSp7AI4uXN9OBlcmJbzqYVttiAJIsB7gdRpQr4awjuCS67', NULL, '2025-07-19 14:13:53'),
(1580, 'App\\Models\\Tool', 14, 'KPbGp0quA6INS34ZYS1NHjOd8dL73txDr5KHmPIizdPE7ZFWD6wGx36RZUqYVVvPSJU2YjA5mpzpNndY', NULL, '2025-07-19 17:46:36'),
(1581, 'App\\Models\\Tool', 120, 'hVOr6wEHqDooZ18N4CyRUwwD0TJ07YtQg7ejSYLC01m9tHZRROJMGLXrVP2CS8lZDa2OcbWhf9RufXw6', NULL, '2025-07-19 18:41:18'),
(1582, 'App\\Models\\Tool', 123, 'hVOr6wEHqDooZ18N4CyRUwwD0TJ07YtQg7ejSYLC01m9tHZRROJMGLXrVP2CS8lZDa2OcbWhf9RufXw6', NULL, '2025-07-19 18:41:28'),
(1583, 'App\\Models\\Tool', 118, 'hVOr6wEHqDooZ18N4CyRUwwD0TJ07YtQg7ejSYLC01m9tHZRROJMGLXrVP2CS8lZDa2OcbWhf9RufXw6', NULL, '2025-07-19 18:41:40'),
(1584, 'App\\Models\\Tool', 55, 'W8ee4RPQq1Onsd1zoB0msDQZxS4QBzJ40fdc5Rfuc9oycLuisTy5fk9QROZFGFCeXWiiMjfltw1z06kx', NULL, '2025-07-20 03:13:14'),
(1585, 'App\\Models\\Tool', 13, 'hVOr6wEHqDooZ18N4CyRUwwD0TJ07YtQg7ejSYLC01m9tHZRROJMGLXrVP2CS8lZDa2OcbWhf9RufXw6', NULL, '2025-07-20 13:52:40'),
(1586, 'App\\Models\\Tool', 151, '9xPcyKOzN58xwtEeJyZ6b2tDmbqY4sx3ECDYAxMnPjvr7LayrjbzOPjoyljFqLSZVgiEKTqwOmKjQ6NI', NULL, '2025-07-20 23:06:51'),
(1587, 'App\\Models\\Tool', 94, '9xPcyKOzN58xwtEeJyZ6b2tDmbqY4sx3ECDYAxMnPjvr7LayrjbzOPjoyljFqLSZVgiEKTqwOmKjQ6NI', NULL, '2025-07-20 23:09:57'),
(1588, 'App\\Models\\Tool', 69, '9xPcyKOzN58xwtEeJyZ6b2tDmbqY4sx3ECDYAxMnPjvr7LayrjbzOPjoyljFqLSZVgiEKTqwOmKjQ6NI', NULL, '2025-07-20 23:10:13'),
(1589, 'App\\Models\\Tool', 140, '9xPcyKOzN58xwtEeJyZ6b2tDmbqY4sx3ECDYAxMnPjvr7LayrjbzOPjoyljFqLSZVgiEKTqwOmKjQ6NI', NULL, '2025-07-20 23:10:29'),
(1590, 'App\\Models\\Tool', 85, '9xPcyKOzN58xwtEeJyZ6b2tDmbqY4sx3ECDYAxMnPjvr7LayrjbzOPjoyljFqLSZVgiEKTqwOmKjQ6NI', NULL, '2025-07-20 23:10:43'),
(1591, 'App\\Models\\Tool', 61, '9xPcyKOzN58xwtEeJyZ6b2tDmbqY4sx3ECDYAxMnPjvr7LayrjbzOPjoyljFqLSZVgiEKTqwOmKjQ6NI', NULL, '2025-07-20 23:10:57'),
(1592, 'App\\Models\\Tool', 107, 'W8ee4RPQq1Onsd1zoB0msDQZxS4QBzJ40fdc5Rfuc9oycLuisTy5fk9QROZFGFCeXWiiMjfltw1z06kx', NULL, '2025-07-21 06:31:41'),
(1593, 'App\\Models\\Tool', 151, '3gb2wlE1C2h62DnKRGDNzZWoybYiP6foEekznCPNMOOpduF7Xe74Airp46QfgE7rqnfGGEbDJIoIW28V', NULL, '2025-07-21 10:56:46'),
(1594, 'App\\Models\\Tool', 13, '3gb2wlE1C2h62DnKRGDNzZWoybYiP6foEekznCPNMOOpduF7Xe74Airp46QfgE7rqnfGGEbDJIoIW28V', NULL, '2025-07-21 10:57:19'),
(1595, 'App\\Models\\Tool', 11, '4lZX4bovQnl6Ege0WQomadMo7IhetDawC6d1cJMaU9VO6risqwWQgJocXxwfQa1AGl3aow9vIBPz5OFR', NULL, '2025-07-21 15:20:07'),
(1596, 'App\\Models\\Tool', 16, '4lZX4bovQnl6Ege0WQomadMo7IhetDawC6d1cJMaU9VO6risqwWQgJocXxwfQa1AGl3aow9vIBPz5OFR', NULL, '2025-07-21 15:20:11'),
(1597, 'App\\Models\\Tool', 13, '4lZX4bovQnl6Ege0WQomadMo7IhetDawC6d1cJMaU9VO6risqwWQgJocXxwfQa1AGl3aow9vIBPz5OFR', NULL, '2025-07-21 22:13:00'),
(1598, 'App\\Models\\Tool', 117, 'uQwTHLDmFgxJs25IVmvFRk3ts6rVv5eMhRbg8hJtaIKY4697bquRYYodumuq9cJxir2aUBqLBrr15cC0', NULL, '2025-07-22 08:58:01'),
(1599, 'App\\Models\\Tool', 114, 'uQwTHLDmFgxJs25IVmvFRk3ts6rVv5eMhRbg8hJtaIKY4697bquRYYodumuq9cJxir2aUBqLBrr15cC0', NULL, '2025-07-22 09:05:28'),
(1600, 'App\\Models\\Tool', 74, 'uQwTHLDmFgxJs25IVmvFRk3ts6rVv5eMhRbg8hJtaIKY4697bquRYYodumuq9cJxir2aUBqLBrr15cC0', NULL, '2025-07-22 09:07:11'),
(1601, 'App\\Models\\Tool', 74, 'vOWikBrtyqqkLjhuGrdV7vfldVQeeRTGH6AoJit40rVuu5mUSq87vGL2BgcatUYbBaY8E3UF3jhoVbqU', NULL, '2025-07-22 09:15:35'),
(1602, 'App\\Models\\Tool', 127, 'vOWikBrtyqqkLjhuGrdV7vfldVQeeRTGH6AoJit40rVuu5mUSq87vGL2BgcatUYbBaY8E3UF3jhoVbqU', NULL, '2025-07-22 09:18:05'),
(1603, 'App\\Models\\Tool', 60, 'W8ee4RPQq1Onsd1zoB0msDQZxS4QBzJ40fdc5Rfuc9oycLuisTy5fk9QROZFGFCeXWiiMjfltw1z06kx', NULL, '2025-07-22 23:30:06'),
(1604, 'App\\Models\\Tool', 55, 'W8ee4RPQq1Onsd1zoB0msDQZxS4QBzJ40fdc5Rfuc9oycLuisTy5fk9QROZFGFCeXWiiMjfltw1z06kx', NULL, '2025-07-22 23:31:56'),
(1605, 'App\\Models\\Tool', 151, '9xPcyKOzN58xwtEeJyZ6b2tDmbqY4sx3ECDYAxMnPjvr7LayrjbzOPjoyljFqLSZVgiEKTqwOmKjQ6NI', NULL, '2025-07-23 13:10:04'),
(1606, 'App\\Models\\Tool', 86, '89MWBfjMw2ON6CwDAZ7CgOPmg71u9PEtWxkSp7AI4uXN9OBlcmJbzqYVttiAJIsB7gdRpQr4awjuCS67', NULL, '2025-07-29 08:17:42'),
(1607, 'App\\Models\\Tool', 42, 'gF9hFNdVuB8m3cxvrHMC0LG3DFAWLvaXBOwsIRKNjSVJJ2HlZTgIFZPI8zfufZ0C7kl7r089A8ReF2a2', NULL, '2025-07-30 00:47:33'),
(1608, 'App\\Models\\Tool', 70, 'ev6V6RHSlQh1xZXkKXsthpBc6AbA5FEispQUOohUsJ5gXpBelTEgQnJbjheYjHWhIEqX93cykRfi2E1G', NULL, '2025-07-30 00:48:29'),
(1609, 'App\\Models\\Tool', 51, 'RhfuX48JLOB8qh3WJKtsuOGIymtCplSH3qi7Scc4vMNercZooYapvQ0I9cdh8CJspxYrGZs75Jgy6wYh', NULL, '2025-07-30 00:49:24'),
(1610, 'App\\Models\\Tool', 81, 'MH8ALcrfrr2xKMw8UBeUNVZmzynKhDhSjpib0EIEk16BTmFlo5hqRuLrIoU7kcOpvXJYvBfaChhhNmXI', NULL, '2025-08-04 22:08:42'),
(1611, 'App\\Models\\Tool', 83, 'nmRCCupF4juYbGLcPqCoNuDZsD3yMB02baFse96sMUSWb7et5kAAtUEr3BE6A8wisL9WHdyLkJPRcrNP', NULL, '2025-08-04 23:13:02'),
(1612, 'App\\Models\\Tool', 132, '14DdK29u4fdO3c2wYUxzj3EZz8W4J8LnEKShSkVDjQaT4VL3q8KDDnstKMZF4PmbU662sTRoBRlFJH9I', NULL, '2025-08-05 00:41:34'),
(1613, 'App\\Models\\Tool', 78, 'oHPYxmGyPphSWgRvw8Ftkjn2XWMLUPBXFD1Kp3Le9hUt8KYNC6lzHDEfumQt0bGGbBBlYrBaZtpKdO2g', NULL, '2025-08-05 00:41:57'),
(1614, 'App\\Models\\Tool', 79, '6CpeKc1sscPmbmCqceFPyl4xW9k6fcTEmUeGbIfFMGnLDYZ42QFcPq922TFrOPzWXFMpkUw3qSu6D9nF', NULL, '2025-08-05 01:29:12'),
(1615, 'App\\Models\\Tool', 80, 'TsQ4t6yATDlV5IkaPEsP4OSdTGX1slBQbT0wOmkjqLal0W10ojjdOGxqW2FFDD9UJDNO3Y4NkDEb0zUI', NULL, '2025-08-05 02:32:39'),
(1616, 'App\\Models\\Tool', 77, 'hOUCAq28Z4QzZou4Tud4Ile1JlZCOQ30xYTmVjNFc9DIttJNb3PQpAJsUa4RN8natCcM5FagruIHCrdu', NULL, '2025-08-05 02:43:20'),
(1617, 'App\\Models\\Tool', 84, 'qwKoT9b3Joa6b9hI4sKb8QXQhNahJS8uYtxbudoCtsl05PM1cKGyxdfEsTjhcrrNmdbK8vtCwoxG47ev', NULL, '2025-08-05 02:58:28'),
(1618, 'App\\Models\\Tool', 61, 'TmI86VKkWILxQ3VnAaGQihUppow4cHIeAuO2o36DuVOyjh6ToezvbeDwKLKBR5R4oCAEbmU0XpJMfFO6', NULL, '2025-08-05 08:48:28'),
(1619, 'App\\Models\\Tool', 85, 'Nn1x59FMmpTJIHMfyHxakTUw3fRx9DxnHhkw6XUgviBLXa3MioIP4LAcwCO0m1FOCzo8RHkQiUl8WnIC', NULL, '2025-08-05 08:50:20'),
(1620, 'App\\Models\\Tool', 15, 'IPVhysqMXYT4ochqnprYClRCgll01XbOHuSDtqzWhad2hPdintcBsmXzQ1lgoEr6AljcbuQL7AUlRZup', NULL, '2025-08-05 12:42:42'),
(1621, 'App\\Models\\Tool', 60, 'Y2RYMcQ3sPhxwEq04AoOw2EkSBb6vFWfGworxkCXBVDDOxdgzwCO5NCSoFV0YooUoYzltGFT4x553NHo', NULL, '2025-08-05 16:02:37'),
(1622, 'App\\Models\\Tool', 82, '3MSSCFrYslZUwG5bmFwakvQuaPudrJTE9EuAebP9WkqhAA4bVifeVAVKUf9pUJ0Uu6XyO6k6oxMMVqmh', NULL, '2025-08-05 18:54:23'),
(1623, 'App\\Models\\Tool', 76, 'QhCD2vdHVHgc7URTY4Zyp8J8qW7U70vhFRUZt6hmN9TfEgq5sXFYQq3jnWMFiWlOaeegEviFmNy2VwjE', NULL, '2025-08-05 19:09:16'),
(1624, 'App\\Models\\Tool', 112, 'ydZIvS78zkF6IdEv1T5GRLnGYwczM0m0REqGgCoRJZOd5X8fZ4WwFCDl0Sgiq4r5gZQMiUIfLFZOAYVI', NULL, '2025-08-07 13:24:58'),
(1625, 'App\\Models\\Tool', 88, 'ydZIvS78zkF6IdEv1T5GRLnGYwczM0m0REqGgCoRJZOd5X8fZ4WwFCDl0Sgiq4r5gZQMiUIfLFZOAYVI', NULL, '2025-08-07 13:25:57'),
(1626, 'App\\Models\\Tool', 86, 'ydZIvS78zkF6IdEv1T5GRLnGYwczM0m0REqGgCoRJZOd5X8fZ4WwFCDl0Sgiq4r5gZQMiUIfLFZOAYVI', NULL, '2025-08-07 13:26:47'),
(1627, 'App\\Models\\Tool', 105, 'ydZIvS78zkF6IdEv1T5GRLnGYwczM0m0REqGgCoRJZOd5X8fZ4WwFCDl0Sgiq4r5gZQMiUIfLFZOAYVI', NULL, '2025-08-07 13:27:36'),
(1628, 'App\\Models\\Tool', 105, 'WMso0rP8tpSAbEPhBDimamG0f7KZ9qQhY6qM5Ww6EIDfhnl48lK9c3pXVhYK4nNzHKWGFBwYUQYeWv59', NULL, '2025-08-07 13:27:56'),
(1629, 'App\\Models\\Tool', 105, 'VCE5JGg2wynnh7gdxJRyiybQ0Mg2ENHyhYMFMlSYQPwfTIjdhgnXluLiGvJMqXV8Y23VmrOhosPg7VZj', NULL, '2025-08-07 13:29:53'),
(1630, 'App\\Models\\Tool', 88, '7DVFTRDH6UbbrV9CTwdtwl7dFEgnbSqrA33AKdF63WkzWi3ft2H239lNlHWArr8aVKqGTN1ypj6ihsw7', NULL, '2025-08-07 13:35:54'),
(1631, 'App\\Models\\Tool', 139, 'hDP1cqdVywNr3chRN6dxTOvBb43gxIvZEA4s1ivb2FDc4Bd5X7iAdVeEhxIW5qCozu8BRFBDWijTQ2z0', NULL, '2025-08-11 18:16:28'),
(1632, 'App\\Models\\Tool', 133, 'hDP1cqdVywNr3chRN6dxTOvBb43gxIvZEA4s1ivb2FDc4Bd5X7iAdVeEhxIW5qCozu8BRFBDWijTQ2z0', NULL, '2025-08-11 18:16:37'),
(1633, 'App\\Models\\Tool', 130, 'bsHuiDuAYQlVodNtyeWWLt3D6v7ZJVzrOaiSr1mlvcClR7wrovjEm1Wtu5tozJlnA90aTPQAeisZoQgJ', NULL, '2025-08-12 06:02:10'),
(1634, 'App\\Models\\Tool', 59, 'kDcYFAcB3accVYIirp76FKsyV0PRF6upxlOu8TvAwGwqBkNibqMPQubaRBk8uDlKzjvA4dPcD5181tKt', NULL, '2025-08-12 06:02:13'),
(1635, 'App\\Models\\Tool', 120, 'Lptb0GctkQXcbnWEbvq0TVhBVfLLTQtnxYKnltuOnD4f58fqzy6ftK7MMKnovI3rOpAanoZNYaTNAPEF', NULL, '2025-08-19 01:51:00'),
(1636, 'App\\Models\\Tool', 119, 'IyiejmrhCAPt7nfJ8XAoDza3gU8ajD3JDz5SDB4UYGzI7tziNeAFjpxChfruPkH9Yogdn7IPvJHQQFBA', NULL, '2025-08-19 09:51:26'),
(1637, 'App\\Models\\Tool', 120, 'Ga78QY1c9cqWbi3pnTYAoKwytu3MuI1ctPIPD5g8qajkCPESiU4JLfgRGWRuLt7a0Oz91w7oitT6bR53', NULL, '2025-08-19 14:32:11'),
(1638, 'App\\Models\\Tool', 151, '2FS9Xu0UtJ5qidhuB7QW2gcXOc8TwnYa1WAuUzwMPjuiuyeluhaqlz1LqY2OUoTg2cJoVaNV2VIVtP38', NULL, '2025-08-19 21:40:42'),
(1639, 'App\\Models\\Tool', 6, '2FS9Xu0UtJ5qidhuB7QW2gcXOc8TwnYa1WAuUzwMPjuiuyeluhaqlz1LqY2OUoTg2cJoVaNV2VIVtP38', NULL, '2025-08-19 21:41:02'),
(1640, 'App\\Models\\Tool', 13, 'ZC7pj4Q1WHX5gRD5mT0lJrJbEqxi1fsscXR7mPqzeWRE4PkfpnhJp8lbNxmR7UQ8WQNGrZ8ha527sDTI', NULL, '2025-08-20 04:24:32'),
(1641, 'App\\Models\\Tool', 88, 'ZC7pj4Q1WHX5gRD5mT0lJrJbEqxi1fsscXR7mPqzeWRE4PkfpnhJp8lbNxmR7UQ8WQNGrZ8ha527sDTI', NULL, '2025-08-20 04:25:16'),
(1642, 'App\\Models\\Tool', 98, 'ZC7pj4Q1WHX5gRD5mT0lJrJbEqxi1fsscXR7mPqzeWRE4PkfpnhJp8lbNxmR7UQ8WQNGrZ8ha527sDTI', NULL, '2025-08-20 04:26:25'),
(1643, 'App\\Models\\Tool', 124, 'ZC7pj4Q1WHX5gRD5mT0lJrJbEqxi1fsscXR7mPqzeWRE4PkfpnhJp8lbNxmR7UQ8WQNGrZ8ha527sDTI', NULL, '2025-08-20 04:32:49'),
(1644, 'App\\Models\\Tool', 86, 'ZC7pj4Q1WHX5gRD5mT0lJrJbEqxi1fsscXR7mPqzeWRE4PkfpnhJp8lbNxmR7UQ8WQNGrZ8ha527sDTI', NULL, '2025-08-20 04:33:32'),
(1645, 'App\\Models\\Tool', 91, 'ZC7pj4Q1WHX5gRD5mT0lJrJbEqxi1fsscXR7mPqzeWRE4PkfpnhJp8lbNxmR7UQ8WQNGrZ8ha527sDTI', NULL, '2025-08-20 04:33:41'),
(1646, 'App\\Models\\Tool', 105, 'ZC7pj4Q1WHX5gRD5mT0lJrJbEqxi1fsscXR7mPqzeWRE4PkfpnhJp8lbNxmR7UQ8WQNGrZ8ha527sDTI', NULL, '2025-08-20 04:34:04'),
(1647, 'App\\Models\\Tool', 151, 'ZC7pj4Q1WHX5gRD5mT0lJrJbEqxi1fsscXR7mPqzeWRE4PkfpnhJp8lbNxmR7UQ8WQNGrZ8ha527sDTI', NULL, '2025-08-20 04:34:14'),
(1648, 'App\\Models\\Tool', 152, 'ZC7pj4Q1WHX5gRD5mT0lJrJbEqxi1fsscXR7mPqzeWRE4PkfpnhJp8lbNxmR7UQ8WQNGrZ8ha527sDTI', NULL, '2025-08-20 04:34:29'),
(1649, 'App\\Models\\Tool', 14, 'ZC7pj4Q1WHX5gRD5mT0lJrJbEqxi1fsscXR7mPqzeWRE4PkfpnhJp8lbNxmR7UQ8WQNGrZ8ha527sDTI', NULL, '2025-08-20 04:34:45'),
(1650, 'App\\Models\\Tool', 130, 'ZC7pj4Q1WHX5gRD5mT0lJrJbEqxi1fsscXR7mPqzeWRE4PkfpnhJp8lbNxmR7UQ8WQNGrZ8ha527sDTI', NULL, '2025-08-20 04:35:53'),
(1651, 'App\\Models\\Tool', 16, '9k6B1gCWcB7QMkzMuVf1O4hZegiZPGADXvsAKkSWbyvVrLM987CdivdZVaLUv72FHttUk3ZqJGE85xkF', NULL, '2025-08-20 13:18:13'),
(1652, 'App\\Models\\Tool', 24, 'eFdSryj4Y7kZEVLZ8pleXIFo7smddDa9I1moUVMmBT0BEM5JNkmAbpesCICWTebldC3vMGqnUWrxMPI8', NULL, '2025-08-21 02:18:05'),
(1653, 'App\\Models\\Tool', 152, 'VjJWqpap6JeJvNGgVpSyom1iBXAOrnKZWtYHQwhGjUuUeWB62aGfHVbPY20MJain6rSOcU81pg63WNss', NULL, '2025-08-21 07:19:05'),
(1654, 'App\\Models\\Tool', 138, 'qv4wZX4c9batZQQbBs2Oow69wDZ1FRKPLqEiOE8VnbBv1vKollUU8yCs8QAOWZylVpnGjFukYRVMhO8h', NULL, '2025-08-21 17:05:04'),
(1655, 'App\\Models\\Tool', 123, 'NUdKivRlrX0FVJZuyZqK6e860ZnFD4gTby7mxGwnjdoTE0kbSyVOKUwtezlErHSqJajvXsDspW623I2S', NULL, '2025-08-22 07:06:32'),
(1656, 'App\\Models\\Tool', 113, 'NUdKivRlrX0FVJZuyZqK6e860ZnFD4gTby7mxGwnjdoTE0kbSyVOKUwtezlErHSqJajvXsDspW623I2S', NULL, '2025-08-22 07:08:26'),
(1657, 'App\\Models\\Tool', 114, 'NUdKivRlrX0FVJZuyZqK6e860ZnFD4gTby7mxGwnjdoTE0kbSyVOKUwtezlErHSqJajvXsDspW623I2S', NULL, '2025-08-22 07:08:30'),
(1658, 'App\\Models\\Tool', 51, 'W0tHTVnUmBXGPQkzZ7UhbEZeJMturmLyzvTK0gpSZcZP5sjqCpU9tcDcfmyttBdrOlPDMXYZJrOZss2K', NULL, '2025-08-24 13:13:33'),
(1659, 'App\\Models\\Tool', 51, 'H6Pp5e3s35s9uE9OSlmfmuXK0x7HCuWCe7sMs2WUsMI61ODr7JJCgmWYkvztzOIRZxuADheAAleRoPnb', NULL, '2025-08-24 15:02:02'),
(1660, 'App\\Models\\Tool', 52, '5KMd16e9xtHyCcIQTsihUboI8KDo7luCXKW9aMU0wUbZEK8527jisTkJy1Ycu6coiD3FPOb8YsZ1ngJX', NULL, '2025-08-24 17:40:58'),
(1661, 'App\\Models\\Tool', 11, 'Ub1YSOfyelLASBstTpnPyqd0G0GVTnsXWvj0Jwv42DubHFLq98zE0Bht6M2pXcCXtrv2pzr1q5l2XlbC', NULL, '2025-08-25 19:46:13'),
(1662, 'App\\Models\\Tool', 15, 'Ub1YSOfyelLASBstTpnPyqd0G0GVTnsXWvj0Jwv42DubHFLq98zE0Bht6M2pXcCXtrv2pzr1q5l2XlbC', NULL, '2025-08-25 19:46:36'),
(1663, 'App\\Models\\Tool', 130, 'Ub1YSOfyelLASBstTpnPyqd0G0GVTnsXWvj0Jwv42DubHFLq98zE0Bht6M2pXcCXtrv2pzr1q5l2XlbC', NULL, '2025-08-25 19:46:57'),
(1664, 'App\\Models\\Tool', 140, 'Ub1YSOfyelLASBstTpnPyqd0G0GVTnsXWvj0Jwv42DubHFLq98zE0Bht6M2pXcCXtrv2pzr1q5l2XlbC', NULL, '2025-08-25 19:47:16'),
(1665, 'App\\Models\\Tool', 2, 'Ub1YSOfyelLASBstTpnPyqd0G0GVTnsXWvj0Jwv42DubHFLq98zE0Bht6M2pXcCXtrv2pzr1q5l2XlbC', NULL, '2025-08-25 19:49:17'),
(1666, 'App\\Models\\Tool', 139, 'Ub1YSOfyelLASBstTpnPyqd0G0GVTnsXWvj0Jwv42DubHFLq98zE0Bht6M2pXcCXtrv2pzr1q5l2XlbC', NULL, '2025-08-26 12:33:15'),
(1667, 'App\\Models\\Tool', 136, 'Ac9YPTi99VZUarVEQD6E4duHYwn1vslb3YGaJqGtCop5ofcoo71JB8rXveUWfNpbg35FESaHBdCLU74r', NULL, '2025-08-26 20:18:21'),
(1668, 'App\\Models\\Tool', 151, 'TStM13UxkvNLsYThGD2mlqfgWAvhkzbdIrNsmLMN2yDIQt2tYe8Z8OBuPcjXJ6sOuhMExSf1FLXey5s8', NULL, '2025-08-26 21:02:42'),
(1669, 'App\\Models\\Tool', 149, 'ocXk8nrYClrwCXHaaXzZQQRvJNCTtMSOJt9LxV9yrfgomTZHFzVOuSPPj5wpmtxUHEOwWnAxfYZHdpLd', NULL, '2025-08-28 10:15:31'),
(1670, 'App\\Models\\Tool', 30, 'ocXk8nrYClrwCXHaaXzZQQRvJNCTtMSOJt9LxV9yrfgomTZHFzVOuSPPj5wpmtxUHEOwWnAxfYZHdpLd', NULL, '2025-08-28 10:15:33'),
(1671, 'App\\Models\\Tool', 83, 'ocXk8nrYClrwCXHaaXzZQQRvJNCTtMSOJt9LxV9yrfgomTZHFzVOuSPPj5wpmtxUHEOwWnAxfYZHdpLd', NULL, '2025-08-28 10:15:34'),
(1672, 'App\\Models\\Tool', 72, 'ocXk8nrYClrwCXHaaXzZQQRvJNCTtMSOJt9LxV9yrfgomTZHFzVOuSPPj5wpmtxUHEOwWnAxfYZHdpLd', NULL, '2025-08-28 10:15:35'),
(1673, 'App\\Models\\Tool', 82, 'ocXk8nrYClrwCXHaaXzZQQRvJNCTtMSOJt9LxV9yrfgomTZHFzVOuSPPj5wpmtxUHEOwWnAxfYZHdpLd', NULL, '2025-08-28 10:15:35'),
(1674, 'App\\Models\\Tool', 104, 'ocXk8nrYClrwCXHaaXzZQQRvJNCTtMSOJt9LxV9yrfgomTZHFzVOuSPPj5wpmtxUHEOwWnAxfYZHdpLd', NULL, '2025-08-28 10:15:36'),
(1675, 'App\\Models\\Tool', 27, 'ocXk8nrYClrwCXHaaXzZQQRvJNCTtMSOJt9LxV9yrfgomTZHFzVOuSPPj5wpmtxUHEOwWnAxfYZHdpLd', NULL, '2025-08-28 10:15:37'),
(1676, 'App\\Models\\Tool', 16, 'ocXk8nrYClrwCXHaaXzZQQRvJNCTtMSOJt9LxV9yrfgomTZHFzVOuSPPj5wpmtxUHEOwWnAxfYZHdpLd', NULL, '2025-08-28 10:15:38'),
(1677, 'App\\Models\\Tool', 29, 'ocXk8nrYClrwCXHaaXzZQQRvJNCTtMSOJt9LxV9yrfgomTZHFzVOuSPPj5wpmtxUHEOwWnAxfYZHdpLd', NULL, '2025-08-28 10:15:39'),
(1678, 'App\\Models\\Tool', 134, 'ocXk8nrYClrwCXHaaXzZQQRvJNCTtMSOJt9LxV9yrfgomTZHFzVOuSPPj5wpmtxUHEOwWnAxfYZHdpLd', NULL, '2025-08-28 10:15:39'),
(1679, 'App\\Models\\Tool', 42, 'ocXk8nrYClrwCXHaaXzZQQRvJNCTtMSOJt9LxV9yrfgomTZHFzVOuSPPj5wpmtxUHEOwWnAxfYZHdpLd', NULL, '2025-08-28 10:15:40'),
(1680, 'App\\Models\\Tool', 52, 'ocXk8nrYClrwCXHaaXzZQQRvJNCTtMSOJt9LxV9yrfgomTZHFzVOuSPPj5wpmtxUHEOwWnAxfYZHdpLd', NULL, '2025-08-28 10:15:41'),
(1681, 'App\\Models\\Tool', 33, 'ocXk8nrYClrwCXHaaXzZQQRvJNCTtMSOJt9LxV9yrfgomTZHFzVOuSPPj5wpmtxUHEOwWnAxfYZHdpLd', NULL, '2025-08-28 10:15:42'),
(1682, 'App\\Models\\Tool', 18, 'ocXk8nrYClrwCXHaaXzZQQRvJNCTtMSOJt9LxV9yrfgomTZHFzVOuSPPj5wpmtxUHEOwWnAxfYZHdpLd', NULL, '2025-08-28 10:15:43'),
(1683, 'App\\Models\\Tool', 77, 'ocXk8nrYClrwCXHaaXzZQQRvJNCTtMSOJt9LxV9yrfgomTZHFzVOuSPPj5wpmtxUHEOwWnAxfYZHdpLd', NULL, '2025-08-28 10:15:44'),
(1684, 'App\\Models\\Tool', 11, 'ocXk8nrYClrwCXHaaXzZQQRvJNCTtMSOJt9LxV9yrfgomTZHFzVOuSPPj5wpmtxUHEOwWnAxfYZHdpLd', NULL, '2025-08-28 10:15:44'),
(1685, 'App\\Models\\Tool', 2, 'ocXk8nrYClrwCXHaaXzZQQRvJNCTtMSOJt9LxV9yrfgomTZHFzVOuSPPj5wpmtxUHEOwWnAxfYZHdpLd', NULL, '2025-08-28 10:15:45'),
(1686, 'App\\Models\\Tool', 140, 'ocXk8nrYClrwCXHaaXzZQQRvJNCTtMSOJt9LxV9yrfgomTZHFzVOuSPPj5wpmtxUHEOwWnAxfYZHdpLd', NULL, '2025-08-28 10:15:46'),
(1687, 'App\\Models\\Tool', 114, 'ocXk8nrYClrwCXHaaXzZQQRvJNCTtMSOJt9LxV9yrfgomTZHFzVOuSPPj5wpmtxUHEOwWnAxfYZHdpLd', NULL, '2025-08-28 10:15:47'),
(1688, 'App\\Models\\Tool', 57, 'ocXk8nrYClrwCXHaaXzZQQRvJNCTtMSOJt9LxV9yrfgomTZHFzVOuSPPj5wpmtxUHEOwWnAxfYZHdpLd', NULL, '2025-08-28 10:15:48'),
(1689, 'App\\Models\\Tool', 56, 'ocXk8nrYClrwCXHaaXzZQQRvJNCTtMSOJt9LxV9yrfgomTZHFzVOuSPPj5wpmtxUHEOwWnAxfYZHdpLd', NULL, '2025-08-28 10:15:49'),
(1690, 'App\\Models\\Tool', 25, 'ocXk8nrYClrwCXHaaXzZQQRvJNCTtMSOJt9LxV9yrfgomTZHFzVOuSPPj5wpmtxUHEOwWnAxfYZHdpLd', NULL, '2025-08-28 10:15:50'),
(1691, 'App\\Models\\Tool', 8, 'ocXk8nrYClrwCXHaaXzZQQRvJNCTtMSOJt9LxV9yrfgomTZHFzVOuSPPj5wpmtxUHEOwWnAxfYZHdpLd', NULL, '2025-08-28 10:15:51'),
(1692, 'App\\Models\\Tool', 53, 'ocXk8nrYClrwCXHaaXzZQQRvJNCTtMSOJt9LxV9yrfgomTZHFzVOuSPPj5wpmtxUHEOwWnAxfYZHdpLd', NULL, '2025-08-28 10:15:52'),
(1693, 'App\\Models\\Tool', 132, 'ocXk8nrYClrwCXHaaXzZQQRvJNCTtMSOJt9LxV9yrfgomTZHFzVOuSPPj5wpmtxUHEOwWnAxfYZHdpLd', NULL, '2025-08-28 10:15:54'),
(1694, 'App\\Models\\Tool', 7, 'ocXk8nrYClrwCXHaaXzZQQRvJNCTtMSOJt9LxV9yrfgomTZHFzVOuSPPj5wpmtxUHEOwWnAxfYZHdpLd', NULL, '2025-08-28 10:15:55'),
(1695, 'App\\Models\\Tool', 51, 'ocXk8nrYClrwCXHaaXzZQQRvJNCTtMSOJt9LxV9yrfgomTZHFzVOuSPPj5wpmtxUHEOwWnAxfYZHdpLd', NULL, '2025-08-28 10:15:57'),
(1696, 'App\\Models\\Tool', 62, 'ocXk8nrYClrwCXHaaXzZQQRvJNCTtMSOJt9LxV9yrfgomTZHFzVOuSPPj5wpmtxUHEOwWnAxfYZHdpLd', NULL, '2025-08-28 10:15:58'),
(1697, 'App\\Models\\Tool', 58, 'ocXk8nrYClrwCXHaaXzZQQRvJNCTtMSOJt9LxV9yrfgomTZHFzVOuSPPj5wpmtxUHEOwWnAxfYZHdpLd', NULL, '2025-08-28 10:15:59'),
(1698, 'App\\Models\\Tool', 74, 'ocXk8nrYClrwCXHaaXzZQQRvJNCTtMSOJt9LxV9yrfgomTZHFzVOuSPPj5wpmtxUHEOwWnAxfYZHdpLd', NULL, '2025-08-28 10:16:00'),
(1699, 'App\\Models\\Tool', 113, 'ocXk8nrYClrwCXHaaXzZQQRvJNCTtMSOJt9LxV9yrfgomTZHFzVOuSPPj5wpmtxUHEOwWnAxfYZHdpLd', NULL, '2025-08-28 10:16:01'),
(1700, 'App\\Models\\Tool', 26, 'ocXk8nrYClrwCXHaaXzZQQRvJNCTtMSOJt9LxV9yrfgomTZHFzVOuSPPj5wpmtxUHEOwWnAxfYZHdpLd', NULL, '2025-08-28 10:16:03'),
(1701, 'App\\Models\\Tool', 17, 'ocXk8nrYClrwCXHaaXzZQQRvJNCTtMSOJt9LxV9yrfgomTZHFzVOuSPPj5wpmtxUHEOwWnAxfYZHdpLd', NULL, '2025-08-28 10:16:05'),
(1702, 'App\\Models\\Tool', 121, 'ocXk8nrYClrwCXHaaXzZQQRvJNCTtMSOJt9LxV9yrfgomTZHFzVOuSPPj5wpmtxUHEOwWnAxfYZHdpLd', NULL, '2025-08-28 10:16:06'),
(1703, 'App\\Models\\Tool', 118, 'ocXk8nrYClrwCXHaaXzZQQRvJNCTtMSOJt9LxV9yrfgomTZHFzVOuSPPj5wpmtxUHEOwWnAxfYZHdpLd', NULL, '2025-08-28 10:16:07'),
(1704, 'App\\Models\\Tool', 75, 'ocXk8nrYClrwCXHaaXzZQQRvJNCTtMSOJt9LxV9yrfgomTZHFzVOuSPPj5wpmtxUHEOwWnAxfYZHdpLd', NULL, '2025-08-28 10:16:08'),
(1705, 'App\\Models\\Tool', 12, 'ocXk8nrYClrwCXHaaXzZQQRvJNCTtMSOJt9LxV9yrfgomTZHFzVOuSPPj5wpmtxUHEOwWnAxfYZHdpLd', NULL, '2025-08-28 10:16:10'),
(1706, 'App\\Models\\Tool', 122, 'ocXk8nrYClrwCXHaaXzZQQRvJNCTtMSOJt9LxV9yrfgomTZHFzVOuSPPj5wpmtxUHEOwWnAxfYZHdpLd', NULL, '2025-08-28 10:16:11'),
(1707, 'App\\Models\\Tool', 117, 'ocXk8nrYClrwCXHaaXzZQQRvJNCTtMSOJt9LxV9yrfgomTZHFzVOuSPPj5wpmtxUHEOwWnAxfYZHdpLd', NULL, '2025-08-28 10:16:12'),
(1708, 'App\\Models\\Tool', 28, 'ocXk8nrYClrwCXHaaXzZQQRvJNCTtMSOJt9LxV9yrfgomTZHFzVOuSPPj5wpmtxUHEOwWnAxfYZHdpLd', NULL, '2025-08-28 10:16:12'),
(1709, 'App\\Models\\Tool', 70, 'ocXk8nrYClrwCXHaaXzZQQRvJNCTtMSOJt9LxV9yrfgomTZHFzVOuSPPj5wpmtxUHEOwWnAxfYZHdpLd', NULL, '2025-08-28 10:16:13'),
(1710, 'App\\Models\\Tool', 23, 'ocXk8nrYClrwCXHaaXzZQQRvJNCTtMSOJt9LxV9yrfgomTZHFzVOuSPPj5wpmtxUHEOwWnAxfYZHdpLd', NULL, '2025-08-28 10:16:14'),
(1711, 'App\\Models\\Tool', 73, 'ocXk8nrYClrwCXHaaXzZQQRvJNCTtMSOJt9LxV9yrfgomTZHFzVOuSPPj5wpmtxUHEOwWnAxfYZHdpLd', NULL, '2025-08-28 10:16:16'),
(1712, 'App\\Models\\Tool', 76, 'ocXk8nrYClrwCXHaaXzZQQRvJNCTtMSOJt9LxV9yrfgomTZHFzVOuSPPj5wpmtxUHEOwWnAxfYZHdpLd', NULL, '2025-08-28 10:16:17'),
(1713, 'App\\Models\\Tool', 19, 'ocXk8nrYClrwCXHaaXzZQQRvJNCTtMSOJt9LxV9yrfgomTZHFzVOuSPPj5wpmtxUHEOwWnAxfYZHdpLd', NULL, '2025-08-28 10:16:17'),
(1714, 'App\\Models\\Tool', 71, 'ocXk8nrYClrwCXHaaXzZQQRvJNCTtMSOJt9LxV9yrfgomTZHFzVOuSPPj5wpmtxUHEOwWnAxfYZHdpLd', NULL, '2025-08-28 10:16:18'),
(1715, 'App\\Models\\Tool', 133, 'ocXk8nrYClrwCXHaaXzZQQRvJNCTtMSOJt9LxV9yrfgomTZHFzVOuSPPj5wpmtxUHEOwWnAxfYZHdpLd', NULL, '2025-08-28 10:16:19'),
(1716, 'App\\Models\\Tool', 130, 'ocXk8nrYClrwCXHaaXzZQQRvJNCTtMSOJt9LxV9yrfgomTZHFzVOuSPPj5wpmtxUHEOwWnAxfYZHdpLd', NULL, '2025-08-28 10:16:21'),
(1717, 'App\\Models\\Tool', 116, 'ocXk8nrYClrwCXHaaXzZQQRvJNCTtMSOJt9LxV9yrfgomTZHFzVOuSPPj5wpmtxUHEOwWnAxfYZHdpLd', NULL, '2025-08-28 10:16:21'),
(1718, 'App\\Models\\Tool', 80, 'ocXk8nrYClrwCXHaaXzZQQRvJNCTtMSOJt9LxV9yrfgomTZHFzVOuSPPj5wpmtxUHEOwWnAxfYZHdpLd', NULL, '2025-08-28 10:16:23'),
(1719, 'App\\Models\\Tool', 90, 'Wo8Z2Xv3GVH9ELJihWQTxbE3dTuq9e7QIV0a8tzRbcURYAPg570FNQy7YSuENf9NtqGdywzMNSpjLt7B', NULL, '2025-08-28 10:20:09'),
(1720, 'App\\Models\\Tool', 84, 'Wo8Z2Xv3GVH9ELJihWQTxbE3dTuq9e7QIV0a8tzRbcURYAPg570FNQy7YSuENf9NtqGdywzMNSpjLt7B', NULL, '2025-08-28 10:20:10'),
(1721, 'App\\Models\\Tool', 27, 'Wo8Z2Xv3GVH9ELJihWQTxbE3dTuq9e7QIV0a8tzRbcURYAPg570FNQy7YSuENf9NtqGdywzMNSpjLt7B', NULL, '2025-08-28 10:20:11'),
(1722, 'App\\Models\\Tool', 105, 'Wo8Z2Xv3GVH9ELJihWQTxbE3dTuq9e7QIV0a8tzRbcURYAPg570FNQy7YSuENf9NtqGdywzMNSpjLt7B', NULL, '2025-08-28 10:20:11'),
(1723, 'App\\Models\\Tool', 109, 'Wo8Z2Xv3GVH9ELJihWQTxbE3dTuq9e7QIV0a8tzRbcURYAPg570FNQy7YSuENf9NtqGdywzMNSpjLt7B', NULL, '2025-08-28 10:20:12'),
(1724, 'App\\Models\\Tool', 147, 'Wo8Z2Xv3GVH9ELJihWQTxbE3dTuq9e7QIV0a8tzRbcURYAPg570FNQy7YSuENf9NtqGdywzMNSpjLt7B', NULL, '2025-08-28 10:20:13'),
(1725, 'App\\Models\\Tool', 83, 'Wo8Z2Xv3GVH9ELJihWQTxbE3dTuq9e7QIV0a8tzRbcURYAPg570FNQy7YSuENf9NtqGdywzMNSpjLt7B', NULL, '2025-08-28 10:20:13'),
(1726, 'App\\Models\\Tool', 148, 'Wo8Z2Xv3GVH9ELJihWQTxbE3dTuq9e7QIV0a8tzRbcURYAPg570FNQy7YSuENf9NtqGdywzMNSpjLt7B', NULL, '2025-08-28 10:20:14'),
(1727, 'App\\Models\\Tool', 93, 'Wo8Z2Xv3GVH9ELJihWQTxbE3dTuq9e7QIV0a8tzRbcURYAPg570FNQy7YSuENf9NtqGdywzMNSpjLt7B', NULL, '2025-08-28 10:20:14'),
(1728, 'App\\Models\\Tool', 13, 'Wo8Z2Xv3GVH9ELJihWQTxbE3dTuq9e7QIV0a8tzRbcURYAPg570FNQy7YSuENf9NtqGdywzMNSpjLt7B', NULL, '2025-08-28 10:20:15'),
(1729, 'App\\Models\\Tool', 30, 'Wo8Z2Xv3GVH9ELJihWQTxbE3dTuq9e7QIV0a8tzRbcURYAPg570FNQy7YSuENf9NtqGdywzMNSpjLt7B', NULL, '2025-08-28 10:20:16'),
(1730, 'App\\Models\\Tool', 113, 'Wo8Z2Xv3GVH9ELJihWQTxbE3dTuq9e7QIV0a8tzRbcURYAPg570FNQy7YSuENf9NtqGdywzMNSpjLt7B', NULL, '2025-08-28 10:20:16'),
(1731, 'App\\Models\\Tool', 85, 'Wo8Z2Xv3GVH9ELJihWQTxbE3dTuq9e7QIV0a8tzRbcURYAPg570FNQy7YSuENf9NtqGdywzMNSpjLt7B', NULL, '2025-08-28 10:20:17'),
(1732, 'App\\Models\\Tool', 37, 'Wo8Z2Xv3GVH9ELJihWQTxbE3dTuq9e7QIV0a8tzRbcURYAPg570FNQy7YSuENf9NtqGdywzMNSpjLt7B', NULL, '2025-08-28 10:20:18'),
(1733, 'App\\Models\\Tool', 101, 'Wo8Z2Xv3GVH9ELJihWQTxbE3dTuq9e7QIV0a8tzRbcURYAPg570FNQy7YSuENf9NtqGdywzMNSpjLt7B', NULL, '2025-08-28 10:20:18');
INSERT INTO `views` (`id`, `viewable_type`, `viewable_id`, `visitor`, `collection`, `viewed_at`) VALUES
(1734, 'App\\Models\\Tool', 55, 'Wo8Z2Xv3GVH9ELJihWQTxbE3dTuq9e7QIV0a8tzRbcURYAPg570FNQy7YSuENf9NtqGdywzMNSpjLt7B', NULL, '2025-08-28 10:20:19'),
(1735, 'App\\Models\\Tool', 74, 'Wo8Z2Xv3GVH9ELJihWQTxbE3dTuq9e7QIV0a8tzRbcURYAPg570FNQy7YSuENf9NtqGdywzMNSpjLt7B', NULL, '2025-08-28 10:20:20'),
(1736, 'App\\Models\\Tool', 96, 'Wo8Z2Xv3GVH9ELJihWQTxbE3dTuq9e7QIV0a8tzRbcURYAPg570FNQy7YSuENf9NtqGdywzMNSpjLt7B', NULL, '2025-08-28 10:20:21'),
(1737, 'App\\Models\\Tool', 21, 'Wo8Z2Xv3GVH9ELJihWQTxbE3dTuq9e7QIV0a8tzRbcURYAPg570FNQy7YSuENf9NtqGdywzMNSpjLt7B', NULL, '2025-08-28 10:20:21'),
(1738, 'App\\Models\\Tool', 11, 'Wo8Z2Xv3GVH9ELJihWQTxbE3dTuq9e7QIV0a8tzRbcURYAPg570FNQy7YSuENf9NtqGdywzMNSpjLt7B', NULL, '2025-08-28 10:20:23'),
(1739, 'App\\Models\\Tool', 88, 'Wo8Z2Xv3GVH9ELJihWQTxbE3dTuq9e7QIV0a8tzRbcURYAPg570FNQy7YSuENf9NtqGdywzMNSpjLt7B', NULL, '2025-08-28 10:20:23'),
(1740, 'App\\Models\\Tool', 23, 'Wo8Z2Xv3GVH9ELJihWQTxbE3dTuq9e7QIV0a8tzRbcURYAPg570FNQy7YSuENf9NtqGdywzMNSpjLt7B', NULL, '2025-08-28 10:20:24'),
(1741, 'App\\Models\\Tool', 140, 'Wo8Z2Xv3GVH9ELJihWQTxbE3dTuq9e7QIV0a8tzRbcURYAPg570FNQy7YSuENf9NtqGdywzMNSpjLt7B', NULL, '2025-08-28 10:20:26'),
(1742, 'App\\Models\\Tool', 31, 'Wo8Z2Xv3GVH9ELJihWQTxbE3dTuq9e7QIV0a8tzRbcURYAPg570FNQy7YSuENf9NtqGdywzMNSpjLt7B', NULL, '2025-08-28 10:20:27'),
(1743, 'App\\Models\\Tool', 135, 'Wo8Z2Xv3GVH9ELJihWQTxbE3dTuq9e7QIV0a8tzRbcURYAPg570FNQy7YSuENf9NtqGdywzMNSpjLt7B', NULL, '2025-08-28 10:20:27'),
(1744, 'App\\Models\\Tool', 52, 'Wo8Z2Xv3GVH9ELJihWQTxbE3dTuq9e7QIV0a8tzRbcURYAPg570FNQy7YSuENf9NtqGdywzMNSpjLt7B', NULL, '2025-08-28 10:20:28'),
(1745, 'App\\Models\\Tool', 56, 'Wo8Z2Xv3GVH9ELJihWQTxbE3dTuq9e7QIV0a8tzRbcURYAPg570FNQy7YSuENf9NtqGdywzMNSpjLt7B', NULL, '2025-08-28 10:20:29'),
(1746, 'App\\Models\\Tool', 146, 'Wo8Z2Xv3GVH9ELJihWQTxbE3dTuq9e7QIV0a8tzRbcURYAPg570FNQy7YSuENf9NtqGdywzMNSpjLt7B', NULL, '2025-08-28 10:20:29'),
(1747, 'App\\Models\\Tool', 125, 'Wo8Z2Xv3GVH9ELJihWQTxbE3dTuq9e7QIV0a8tzRbcURYAPg570FNQy7YSuENf9NtqGdywzMNSpjLt7B', NULL, '2025-08-28 10:20:31'),
(1748, 'App\\Models\\Tool', 38, 'Wo8Z2Xv3GVH9ELJihWQTxbE3dTuq9e7QIV0a8tzRbcURYAPg570FNQy7YSuENf9NtqGdywzMNSpjLt7B', NULL, '2025-08-28 10:20:31'),
(1749, 'App\\Models\\Tool', 129, 'Wo8Z2Xv3GVH9ELJihWQTxbE3dTuq9e7QIV0a8tzRbcURYAPg570FNQy7YSuENf9NtqGdywzMNSpjLt7B', NULL, '2025-08-28 10:20:32'),
(1750, 'App\\Models\\Tool', 114, 'Wo8Z2Xv3GVH9ELJihWQTxbE3dTuq9e7QIV0a8tzRbcURYAPg570FNQy7YSuENf9NtqGdywzMNSpjLt7B', NULL, '2025-08-28 10:20:33'),
(1751, 'App\\Models\\Tool', 59, 'Wo8Z2Xv3GVH9ELJihWQTxbE3dTuq9e7QIV0a8tzRbcURYAPg570FNQy7YSuENf9NtqGdywzMNSpjLt7B', NULL, '2025-08-28 10:20:35'),
(1752, 'App\\Models\\Tool', 102, 'Wo8Z2Xv3GVH9ELJihWQTxbE3dTuq9e7QIV0a8tzRbcURYAPg570FNQy7YSuENf9NtqGdywzMNSpjLt7B', NULL, '2025-08-28 10:20:37'),
(1753, 'App\\Models\\Tool', 118, 'Wo8Z2Xv3GVH9ELJihWQTxbE3dTuq9e7QIV0a8tzRbcURYAPg570FNQy7YSuENf9NtqGdywzMNSpjLt7B', NULL, '2025-08-28 10:20:37'),
(1754, 'App\\Models\\Tool', 41, 'Wo8Z2Xv3GVH9ELJihWQTxbE3dTuq9e7QIV0a8tzRbcURYAPg570FNQy7YSuENf9NtqGdywzMNSpjLt7B', NULL, '2025-08-28 10:20:38'),
(1755, 'App\\Models\\Tool', 34, 'Wo8Z2Xv3GVH9ELJihWQTxbE3dTuq9e7QIV0a8tzRbcURYAPg570FNQy7YSuENf9NtqGdywzMNSpjLt7B', NULL, '2025-08-28 10:20:39'),
(1756, 'App\\Models\\Tool', 54, 'Wo8Z2Xv3GVH9ELJihWQTxbE3dTuq9e7QIV0a8tzRbcURYAPg570FNQy7YSuENf9NtqGdywzMNSpjLt7B', NULL, '2025-08-28 10:20:39'),
(1757, 'App\\Models\\Tool', 117, 'Wo8Z2Xv3GVH9ELJihWQTxbE3dTuq9e7QIV0a8tzRbcURYAPg570FNQy7YSuENf9NtqGdywzMNSpjLt7B', NULL, '2025-08-28 10:20:40'),
(1758, 'App\\Models\\Tool', 116, 'Wo8Z2Xv3GVH9ELJihWQTxbE3dTuq9e7QIV0a8tzRbcURYAPg570FNQy7YSuENf9NtqGdywzMNSpjLt7B', NULL, '2025-08-28 10:20:40'),
(1759, 'App\\Models\\Tool', 33, 'Wo8Z2Xv3GVH9ELJihWQTxbE3dTuq9e7QIV0a8tzRbcURYAPg570FNQy7YSuENf9NtqGdywzMNSpjLt7B', NULL, '2025-08-28 10:20:41'),
(1760, 'App\\Models\\Tool', 39, 'Wo8Z2Xv3GVH9ELJihWQTxbE3dTuq9e7QIV0a8tzRbcURYAPg570FNQy7YSuENf9NtqGdywzMNSpjLt7B', NULL, '2025-08-28 10:20:43'),
(1761, 'App\\Models\\Tool', 91, 'Wo8Z2Xv3GVH9ELJihWQTxbE3dTuq9e7QIV0a8tzRbcURYAPg570FNQy7YSuENf9NtqGdywzMNSpjLt7B', NULL, '2025-08-28 10:20:43'),
(1762, 'App\\Models\\Tool', 32, 'Wo8Z2Xv3GVH9ELJihWQTxbE3dTuq9e7QIV0a8tzRbcURYAPg570FNQy7YSuENf9NtqGdywzMNSpjLt7B', NULL, '2025-08-28 10:20:44'),
(1763, 'App\\Models\\Tool', 97, 'Wo8Z2Xv3GVH9ELJihWQTxbE3dTuq9e7QIV0a8tzRbcURYAPg570FNQy7YSuENf9NtqGdywzMNSpjLt7B', NULL, '2025-08-28 10:20:45'),
(1764, 'App\\Models\\Tool', 112, 'Wo8Z2Xv3GVH9ELJihWQTxbE3dTuq9e7QIV0a8tzRbcURYAPg570FNQy7YSuENf9NtqGdywzMNSpjLt7B', NULL, '2025-08-28 10:20:45'),
(1765, 'App\\Models\\Tool', 29, 'Wo8Z2Xv3GVH9ELJihWQTxbE3dTuq9e7QIV0a8tzRbcURYAPg570FNQy7YSuENf9NtqGdywzMNSpjLt7B', NULL, '2025-08-28 10:20:46'),
(1766, 'App\\Models\\Tool', 94, 'Wo8Z2Xv3GVH9ELJihWQTxbE3dTuq9e7QIV0a8tzRbcURYAPg570FNQy7YSuENf9NtqGdywzMNSpjLt7B', NULL, '2025-08-28 10:20:46'),
(1767, 'App\\Models\\Tool', 104, 'Wo8Z2Xv3GVH9ELJihWQTxbE3dTuq9e7QIV0a8tzRbcURYAPg570FNQy7YSuENf9NtqGdywzMNSpjLt7B', NULL, '2025-08-28 10:20:47'),
(1768, 'App\\Models\\Tool', 106, 'Wo8Z2Xv3GVH9ELJihWQTxbE3dTuq9e7QIV0a8tzRbcURYAPg570FNQy7YSuENf9NtqGdywzMNSpjLt7B', NULL, '2025-08-28 10:20:48'),
(1769, 'App\\Models\\Tool', 14, 'tWXHiVu0TdK7LcTLD7U1wXjWAkNkWcZyJOhT3aM9BKd8yoZsmkDJx4L1mAb2p75TPYSkiwLvNe8mIHPN', NULL, '2025-08-30 17:58:47'),
(1770, 'App\\Models\\Tool', 14, 'UPh77BuRGiHBXyGdrU6h4uLa4Od2Kfj1Wl5wkqsqwkRA4p25dgR1OjZdQCSrXuC9rFO0M4Oo7NS9R5ya', NULL, '2025-08-30 19:22:06'),
(1771, 'App\\Models\\Tool', 52, 'bt5rceJ738Sux2GldoHIyWVL2zb9gVRHb8p8lnUpI3yYFe16UAwqrK3hGc5IEEHWvvmgbLudhsBIOIFs', NULL, '2025-09-02 18:04:21'),
(1772, 'App\\Models\\Tool', 130, 'OaBdn9RNOLHArTHaYLqXbRCpDdar8qBrErkNGeLSwesgayhecnoFboq07ITTdQDN2Gzg0FHx0qxARe5e', NULL, '2025-09-03 13:02:35'),
(1773, 'App\\Models\\Tool', 45, 'OaBdn9RNOLHArTHaYLqXbRCpDdar8qBrErkNGeLSwesgayhecnoFboq07ITTdQDN2Gzg0FHx0qxARe5e', NULL, '2025-09-03 13:03:38'),
(1774, 'App\\Models\\Tool', 41, 'OaBdn9RNOLHArTHaYLqXbRCpDdar8qBrErkNGeLSwesgayhecnoFboq07ITTdQDN2Gzg0FHx0qxARe5e', NULL, '2025-09-03 13:03:52'),
(1775, 'App\\Models\\Tool', 74, 'OaBdn9RNOLHArTHaYLqXbRCpDdar8qBrErkNGeLSwesgayhecnoFboq07ITTdQDN2Gzg0FHx0qxARe5e', NULL, '2025-09-03 13:03:57'),
(1776, 'App\\Models\\Tool', 56, 'snblKHhAmM7mUsmaMGYxmJd55LJ5JHY5JKKQDhO80JxX07F2zJeGIwbFYEb6rCuQk5j4V7LEB3I9Brro', NULL, '2025-09-05 12:27:03'),
(1777, 'App\\Models\\Tool', 138, 'Dqux5Byd6sIGRD4RaRIvQYhDGCHY2XeZKd7gI8Y5X7XXH5y1TtJIZEVStCqVAUgr15gd01unrjmVjYh3', NULL, '2025-09-06 09:37:53'),
(1778, 'App\\Models\\Tool', 15, 'e5Z8j7lmb4aMSmF6wVs6QDTRMVAkZUEUc2OtTLKnz7WK8GctPw9Lncsk7vYuYbHoGtwgzxRUH2dMW0zI', NULL, '2025-09-09 09:51:18'),
(1779, 'App\\Models\\Tool', 101, 'p7BCCC3paKKbLxhJCIy3YtzgDbxR79Edc3EBtzSmQGo9tDc7KJ9onK81ZzSRubYdUB5uXyKFL1vdOJl8', NULL, '2025-09-09 17:13:50'),
(1780, 'App\\Models\\Tool', 52, 'rrlMlLKPlQH4PUDwKVBgx0xg0KCdCgjFlCNzyjBlpB1AbP8vZ4MCZ8cTjiQzHEhMPgJmjRPmqMCdKNhe', NULL, '2025-09-09 17:55:29'),
(1781, 'App\\Models\\Tool', 11, 'xZwhU6urNT8M4hXPD7hTb0GXprmjE9bAHBU65Lkgb71ygyR5ErTcXVA2j6iPMQ2EObZvZSaXNz9EXwrf', NULL, '2025-09-12 05:53:53'),
(1782, 'App\\Models\\Tool', 47, 'dLjlTRA3osHpqOPn5BvVIIzYG7FXzYgNKYjBz5QvtGIYgQ7WVgDvmcdPLXKDNQCGIGgJlehLYTMxk9Ri', NULL, '2025-09-13 08:31:14'),
(1783, 'App\\Models\\Post', 1, 'frXrlUG4KDfjbXhWnSm2FgNhYNt9pB8H7Pf0SGShmOwuaB5ty5by8n2RAZEwq59dlL2sDqK9J3QOkvYQ', NULL, '2025-09-13 12:26:56'),
(1784, 'App\\Models\\Tool', 20, 'COjdoGuIYwBJ7vx7pDzbmKg661SrkZPpYqGGNjS9a9PfbEjDlNSC5kP8DUCrliV2f7OjdtMGlbFleia0', NULL, '2025-09-14 14:36:43'),
(1785, 'App\\Models\\Tool', 12, 'SGINZstCs9XDVm1qFIWHGCFh6nxkZiqKMNfdbkLDlNqUyMcUdWgn7YyNMECdbMyS73M7YXenJfV7DSKX', NULL, '2025-09-14 18:18:16'),
(1786, 'App\\Models\\Tool', 16, 'Hw8wu7H3CyPIl4tCLDjRblOmmVS1aDozeXwoiW6TaWllf1dCshBdWeJumFYa7GW9698z3o5ar3nrgaJW', NULL, '2025-09-17 14:35:10'),
(1787, 'App\\Models\\Tool', 131, 'Hw8wu7H3CyPIl4tCLDjRblOmmVS1aDozeXwoiW6TaWllf1dCshBdWeJumFYa7GW9698z3o5ar3nrgaJW', NULL, '2025-09-17 14:35:26'),
(1788, 'App\\Models\\Tool', 60, 'GNl4GWcpmObqprqqoIdifCS2nmi9rq508pFwMoe4hWNkY4VDxKfnz4Xqm7PRDrzo4iAugUUun2QfLNtT', NULL, '2025-09-17 22:33:31'),
(1789, 'App\\Models\\Tool', 12, 'ufSFaDrfCOuymu514czLEcqVGMjJBeN7IWw9uoZJY8aTG1oFnRf0oXs5SnfA4EtBEptUtCDhLwOYX1W3', NULL, '2025-09-18 17:06:48'),
(1790, 'App\\Models\\Tool', 11, 'eqWQXs3512OjIiB5Yxb2DZZXIPhJ3HFTDNXj2XURRenhUMOhh24zGYzTJMHPdKQ8CdbT4ADnMfhcXKsa', NULL, '2025-09-19 03:22:41'),
(1791, 'App\\Models\\Tool', 11, 'XJbwUKjsoZTI37kfuRt1NMcRhOzIM27ezxoNkBRJJ5Ue8zM2pa2cLxBm2TTzKT5rsnpJeiXoIFWAwsct', NULL, '2025-09-20 16:18:29'),
(1792, 'App\\Models\\Tool', 16, 'XJbwUKjsoZTI37kfuRt1NMcRhOzIM27ezxoNkBRJJ5Ue8zM2pa2cLxBm2TTzKT5rsnpJeiXoIFWAwsct', NULL, '2025-09-20 16:18:43'),
(1793, 'App\\Models\\Tool', 42, 'XJbwUKjsoZTI37kfuRt1NMcRhOzIM27ezxoNkBRJJ5Ue8zM2pa2cLxBm2TTzKT5rsnpJeiXoIFWAwsct', NULL, '2025-09-20 16:20:08'),
(1794, 'App\\Models\\Tool', 87, '3lYYwrndQA4TSxRXaSLaHTJtnSrWgIvxRMCwawCu4HgoIesbSwqU8dXHGXvjIPLlvA1ZBEX54xHrekcQ', NULL, '2025-09-21 18:41:27'),
(1795, 'App\\Models\\Tool', 72, 'hlVhmAAkur3iR2GZWTKzF7LWAcoFOqXXGKiVbtAaRLz3Nu6WLSxRYre5vzKkLjIR0jyvZdoeUeMCDpHs', NULL, '2025-09-23 00:39:07'),
(1796, 'App\\Models\\Tool', 109, '2XHU4CgwIuQHgo1KiD236uKFPZeAj9mp5zTcalKT2EwwDy3T92rdwSqNrLJzaNEL3f1VsaZ9Db8nhSlM', NULL, '2025-09-23 00:39:08'),
(1797, 'App\\Models\\Tool', 121, 'hlVhmAAkur3iR2GZWTKzF7LWAcoFOqXXGKiVbtAaRLz3Nu6WLSxRYre5vzKkLjIR0jyvZdoeUeMCDpHs', NULL, '2025-09-23 00:39:08'),
(1798, 'App\\Models\\Tool', 149, 'hlVhmAAkur3iR2GZWTKzF7LWAcoFOqXXGKiVbtAaRLz3Nu6WLSxRYre5vzKkLjIR0jyvZdoeUeMCDpHs', NULL, '2025-09-23 00:39:09'),
(1799, 'App\\Models\\Tool', 11, 'ozza6DG4ofYsxUah1F5MYCW0rz0DDPOUl5CCMzELe5dJ6GgEDtOzAbn3oTy4JRjgyFtzlxgMivY88TC0', NULL, '2025-09-26 17:26:02'),
(1800, 'App\\Models\\Tool', 114, 'ozza6DG4ofYsxUah1F5MYCW0rz0DDPOUl5CCMzELe5dJ6GgEDtOzAbn3oTy4JRjgyFtzlxgMivY88TC0', NULL, '2025-09-26 17:26:11'),
(1801, 'App\\Models\\Tool', 6, 'ozza6DG4ofYsxUah1F5MYCW0rz0DDPOUl5CCMzELe5dJ6GgEDtOzAbn3oTy4JRjgyFtzlxgMivY88TC0', NULL, '2025-09-26 17:26:34'),
(1802, 'App\\Models\\Tool', 45, 'ozza6DG4ofYsxUah1F5MYCW0rz0DDPOUl5CCMzELe5dJ6GgEDtOzAbn3oTy4JRjgyFtzlxgMivY88TC0', NULL, '2025-09-26 17:26:49'),
(1803, 'App\\Models\\Tool', 18, 'ozza6DG4ofYsxUah1F5MYCW0rz0DDPOUl5CCMzELe5dJ6GgEDtOzAbn3oTy4JRjgyFtzlxgMivY88TC0', NULL, '2025-09-26 17:27:53'),
(1804, 'App\\Models\\Tool', 152, 'ozza6DG4ofYsxUah1F5MYCW0rz0DDPOUl5CCMzELe5dJ6GgEDtOzAbn3oTy4JRjgyFtzlxgMivY88TC0', NULL, '2025-09-26 17:28:27'),
(1805, 'App\\Models\\Tool', 117, 'ozza6DG4ofYsxUah1F5MYCW0rz0DDPOUl5CCMzELe5dJ6GgEDtOzAbn3oTy4JRjgyFtzlxgMivY88TC0', NULL, '2025-09-26 17:29:02'),
(1806, 'App\\Models\\Tool', 18, 'HrbML9tXC2QAIUTmnPun7gIudhQyXMCXE0IAG4w5Xy09Md767GyNltKXcLCUV9plfdCy7tf7rBfhQzu5', NULL, '2025-09-28 20:35:47'),
(1807, 'App\\Models\\Tool', 14, 'uETwhW7frwmsYvCEMtyjaGlsNva2ZzCs10XY7f4JTVS8s1VmUIuxLx8hDn4ctBGdJnGuUFWmASrURg1z', NULL, '2025-09-28 20:35:53'),
(1808, 'App\\Models\\Tool', 81, 'hmm3LZYumaRDhTjO52A2EkeMWNC2ugxkzcstSpVeo9TDRoBJSB5Iq4059ccKK6qqcYv0amM3yWO986w4', NULL, '2025-09-28 20:35:59'),
(1809, 'App\\Models\\Tool', 120, 'wiISd6t5UUOoiopUoU2dzjUHDSUfPwadygwH8Sq5Wa6js5v67nAwNaSFN4uVuTj2jvV5tljCst7ommDl', NULL, '2025-09-29 23:33:52'),
(1810, 'App\\Models\\Tool', 134, 'QEXngjYfNNZKcPPQkAVTqJ8B2ExagtKsiUPX4ok4Jg81tjd0R8vS9NIzYW08GCw3DDw4tepMWDErG4fc', NULL, '2025-10-01 18:15:41'),
(1811, 'App\\Models\\Tool', 59, 'eTnYDnAABIpSS11f2HdcdnIZAUK6jNj3bUD57XxOJLZ2Sgd3VxfcmxTMZLPoAT3TWxlAON1fCngzs1bs', NULL, '2025-10-01 22:03:05'),
(1812, 'App\\Models\\Tool', 56, 'eTnYDnAABIpSS11f2HdcdnIZAUK6jNj3bUD57XxOJLZ2Sgd3VxfcmxTMZLPoAT3TWxlAON1fCngzs1bs', NULL, '2025-10-01 22:03:08'),
(1813, 'App\\Models\\Tool', 137, 'eTnYDnAABIpSS11f2HdcdnIZAUK6jNj3bUD57XxOJLZ2Sgd3VxfcmxTMZLPoAT3TWxlAON1fCngzs1bs', NULL, '2025-10-01 22:03:26'),
(1814, 'App\\Models\\Tool', 60, 'eTnYDnAABIpSS11f2HdcdnIZAUK6jNj3bUD57XxOJLZ2Sgd3VxfcmxTMZLPoAT3TWxlAON1fCngzs1bs', NULL, '2025-10-01 22:03:43'),
(1815, 'App\\Models\\Tool', 140, 'eTnYDnAABIpSS11f2HdcdnIZAUK6jNj3bUD57XxOJLZ2Sgd3VxfcmxTMZLPoAT3TWxlAON1fCngzs1bs', NULL, '2025-10-01 22:03:48'),
(1816, 'App\\Models\\Tool', 76, 'eTnYDnAABIpSS11f2HdcdnIZAUK6jNj3bUD57XxOJLZ2Sgd3VxfcmxTMZLPoAT3TWxlAON1fCngzs1bs', NULL, '2025-10-01 22:04:00'),
(1817, 'App\\Models\\Tool', 119, 'eTnYDnAABIpSS11f2HdcdnIZAUK6jNj3bUD57XxOJLZ2Sgd3VxfcmxTMZLPoAT3TWxlAON1fCngzs1bs', NULL, '2025-10-01 22:04:07'),
(1818, 'App\\Models\\Tool', 124, 'eTnYDnAABIpSS11f2HdcdnIZAUK6jNj3bUD57XxOJLZ2Sgd3VxfcmxTMZLPoAT3TWxlAON1fCngzs1bs', NULL, '2025-10-01 22:04:24'),
(1819, 'App\\Models\\Tool', 122, 'eTnYDnAABIpSS11f2HdcdnIZAUK6jNj3bUD57XxOJLZ2Sgd3VxfcmxTMZLPoAT3TWxlAON1fCngzs1bs', NULL, '2025-10-01 22:04:34'),
(1820, 'App\\Models\\Tool', 123, 'eTnYDnAABIpSS11f2HdcdnIZAUK6jNj3bUD57XxOJLZ2Sgd3VxfcmxTMZLPoAT3TWxlAON1fCngzs1bs', NULL, '2025-10-01 22:04:53'),
(1821, 'App\\Models\\Tool', 120, 'eTnYDnAABIpSS11f2HdcdnIZAUK6jNj3bUD57XxOJLZ2Sgd3VxfcmxTMZLPoAT3TWxlAON1fCngzs1bs', NULL, '2025-10-01 22:04:56'),
(1822, 'App\\Models\\Tool', 151, 'eTnYDnAABIpSS11f2HdcdnIZAUK6jNj3bUD57XxOJLZ2Sgd3VxfcmxTMZLPoAT3TWxlAON1fCngzs1bs', NULL, '2025-10-01 22:05:13'),
(1823, 'App\\Models\\Tool', 152, 'eTnYDnAABIpSS11f2HdcdnIZAUK6jNj3bUD57XxOJLZ2Sgd3VxfcmxTMZLPoAT3TWxlAON1fCngzs1bs', NULL, '2025-10-01 22:06:01'),
(1824, 'App\\Models\\Tool', 153, 'eTnYDnAABIpSS11f2HdcdnIZAUK6jNj3bUD57XxOJLZ2Sgd3VxfcmxTMZLPoAT3TWxlAON1fCngzs1bs', NULL, '2025-10-01 22:06:20'),
(1825, 'App\\Models\\Tool', 2, 'eTnYDnAABIpSS11f2HdcdnIZAUK6jNj3bUD57XxOJLZ2Sgd3VxfcmxTMZLPoAT3TWxlAON1fCngzs1bs', NULL, '2025-10-01 22:06:35'),
(1826, 'App\\Models\\Tool', 52, 'eTnYDnAABIpSS11f2HdcdnIZAUK6jNj3bUD57XxOJLZ2Sgd3VxfcmxTMZLPoAT3TWxlAON1fCngzs1bs', NULL, '2025-10-01 22:06:52'),
(1827, 'App\\Models\\Tool', 53, 'eTnYDnAABIpSS11f2HdcdnIZAUK6jNj3bUD57XxOJLZ2Sgd3VxfcmxTMZLPoAT3TWxlAON1fCngzs1bs', NULL, '2025-10-01 22:06:58'),
(1828, 'App\\Models\\Tool', 54, 'eTnYDnAABIpSS11f2HdcdnIZAUK6jNj3bUD57XxOJLZ2Sgd3VxfcmxTMZLPoAT3TWxlAON1fCngzs1bs', NULL, '2025-10-01 22:07:12'),
(1829, 'App\\Models\\Tool', 55, 'eTnYDnAABIpSS11f2HdcdnIZAUK6jNj3bUD57XxOJLZ2Sgd3VxfcmxTMZLPoAT3TWxlAON1fCngzs1bs', NULL, '2025-10-01 22:07:26'),
(1830, 'App\\Models\\Tool', 79, 'eTnYDnAABIpSS11f2HdcdnIZAUK6jNj3bUD57XxOJLZ2Sgd3VxfcmxTMZLPoAT3TWxlAON1fCngzs1bs', NULL, '2025-10-01 22:08:16'),
(1831, 'App\\Models\\Tool', 84, 'eTnYDnAABIpSS11f2HdcdnIZAUK6jNj3bUD57XxOJLZ2Sgd3VxfcmxTMZLPoAT3TWxlAON1fCngzs1bs', NULL, '2025-10-01 22:08:49'),
(1832, 'App\\Models\\Tool', 88, 'ncVS8bYr7S6KoSqgoCiCOTg27bDWIJC5aaJBUdS62xhiz1IFqMVrJ3z9Two2Cbp0pKzHhzrZGVZDxeUZ', NULL, '2025-10-02 14:40:33'),
(1833, 'App\\Models\\Tool', 151, 'ncVS8bYr7S6KoSqgoCiCOTg27bDWIJC5aaJBUdS62xhiz1IFqMVrJ3z9Two2Cbp0pKzHhzrZGVZDxeUZ', NULL, '2025-10-02 14:40:42'),
(1834, 'App\\Models\\Tool', 153, 'ncVS8bYr7S6KoSqgoCiCOTg27bDWIJC5aaJBUdS62xhiz1IFqMVrJ3z9Two2Cbp0pKzHhzrZGVZDxeUZ', NULL, '2025-10-02 14:41:38'),
(1835, 'App\\Models\\Tool', 99, 'oEbhfKZxW97SdUKHKaqvN9cnu2E6u6y0m36osbBHHBu3vhrM8rtiTuFQzpOBCCjFd9Wg0W84wEhaR5Wx', NULL, '2025-10-02 17:31:33'),
(1836, 'App\\Models\\Tool', 19, 'kg1yNeG9fy81cymTnZYcHO9QuTEZseLt2dWnFcu0AoyYfYyIuGD2YOsIiouji9DsWwMgAzDqq0YvGoPG', NULL, '2025-10-03 06:51:26'),
(1837, 'App\\Models\\Tool', 53, 'kg1yNeG9fy81cymTnZYcHO9QuTEZseLt2dWnFcu0AoyYfYyIuGD2YOsIiouji9DsWwMgAzDqq0YvGoPG', NULL, '2025-10-03 06:52:22'),
(1838, 'App\\Models\\Tool', 120, 'kg1yNeG9fy81cymTnZYcHO9QuTEZseLt2dWnFcu0AoyYfYyIuGD2YOsIiouji9DsWwMgAzDqq0YvGoPG', NULL, '2025-10-03 06:53:11'),
(1839, 'App\\Models\\Tool', 95, 'MkkkXGu8PZUhUqHXTOX0gY4obtzezYMoXuEvlJ1gQ5jRcyfuXpgwuY4wDjSWoMbZpODqZAGnnu9MLoXX', NULL, '2025-10-04 10:01:09'),
(1840, 'App\\Models\\Tool', 97, 'MkkkXGu8PZUhUqHXTOX0gY4obtzezYMoXuEvlJ1gQ5jRcyfuXpgwuY4wDjSWoMbZpODqZAGnnu9MLoXX', NULL, '2025-10-04 10:01:17'),
(1841, 'App\\Models\\Tool', 39, 'MkkkXGu8PZUhUqHXTOX0gY4obtzezYMoXuEvlJ1gQ5jRcyfuXpgwuY4wDjSWoMbZpODqZAGnnu9MLoXX', NULL, '2025-10-04 10:01:24'),
(1842, 'App\\Models\\Tool', 49, 'MkkkXGu8PZUhUqHXTOX0gY4obtzezYMoXuEvlJ1gQ5jRcyfuXpgwuY4wDjSWoMbZpODqZAGnnu9MLoXX', NULL, '2025-10-04 10:01:46'),
(1843, 'App\\Models\\Tool', 11, 'nP32bmGsoS3Skce8U3EG2r8BiOIfIBuIK2BNbVVTj3pZGUyMqp3b7nlI8jRhMyGTicn5A7lYxkgE5pSC', NULL, '2025-10-05 10:37:11'),
(1844, 'App\\Models\\Tool', 13, 'nP32bmGsoS3Skce8U3EG2r8BiOIfIBuIK2BNbVVTj3pZGUyMqp3b7nlI8jRhMyGTicn5A7lYxkgE5pSC', NULL, '2025-10-05 10:37:22'),
(1845, 'App\\Models\\Tool', 14, 'nP32bmGsoS3Skce8U3EG2r8BiOIfIBuIK2BNbVVTj3pZGUyMqp3b7nlI8jRhMyGTicn5A7lYxkgE5pSC', NULL, '2025-10-05 10:37:31'),
(1846, 'App\\Models\\Tool', 114, 'nP32bmGsoS3Skce8U3EG2r8BiOIfIBuIK2BNbVVTj3pZGUyMqp3b7nlI8jRhMyGTicn5A7lYxkgE5pSC', NULL, '2025-10-05 10:37:46'),
(1847, 'App\\Models\\Tool', 74, 'nP32bmGsoS3Skce8U3EG2r8BiOIfIBuIK2BNbVVTj3pZGUyMqp3b7nlI8jRhMyGTicn5A7lYxkgE5pSC', NULL, '2025-10-05 10:40:08'),
(1848, 'App\\Models\\Tool', 138, 'ncVS8bYr7S6KoSqgoCiCOTg27bDWIJC5aaJBUdS62xhiz1IFqMVrJ3z9Two2Cbp0pKzHhzrZGVZDxeUZ', NULL, '2025-10-06 11:51:10'),
(1849, 'App\\Models\\Tool', 42, '83GWpUBTIA6px1AAPsCYUxShNVJzVSxmVh6GehepNyiBalDVmcXVq6Qn9JBVOPCZTAsyMCezawOullEg', NULL, '2025-10-06 14:45:01'),
(1850, 'App\\Models\\Tool', 79, 'quLVzfO4Je4BHiy7vA70h7b5xAafXDftnxLOSQfYQ6crl7qCfbVqJSa2LbXwhiYhBGRGD0rYJTVe6rTs', NULL, '2025-10-06 18:57:15'),
(1851, 'App\\Models\\Tool', 84, 'quLVzfO4Je4BHiy7vA70h7b5xAafXDftnxLOSQfYQ6crl7qCfbVqJSa2LbXwhiYhBGRGD0rYJTVe6rTs', NULL, '2025-10-06 18:57:33'),
(1852, 'App\\Models\\Tool', 128, 'quLVzfO4Je4BHiy7vA70h7b5xAafXDftnxLOSQfYQ6crl7qCfbVqJSa2LbXwhiYhBGRGD0rYJTVe6rTs', NULL, '2025-10-06 18:57:55'),
(1853, 'App\\Models\\Tool', 37, 'quLVzfO4Je4BHiy7vA70h7b5xAafXDftnxLOSQfYQ6crl7qCfbVqJSa2LbXwhiYhBGRGD0rYJTVe6rTs', NULL, '2025-10-06 18:58:07'),
(1854, 'App\\Models\\Tool', 49, 'quLVzfO4Je4BHiy7vA70h7b5xAafXDftnxLOSQfYQ6crl7qCfbVqJSa2LbXwhiYhBGRGD0rYJTVe6rTs', NULL, '2025-10-06 18:58:21'),
(1855, 'App\\Models\\Tool', 15, 'quLVzfO4Je4BHiy7vA70h7b5xAafXDftnxLOSQfYQ6crl7qCfbVqJSa2LbXwhiYhBGRGD0rYJTVe6rTs', NULL, '2025-10-06 18:58:55'),
(1856, 'App\\Models\\Tool', 11, '2lpJ2MDJwxPbnCOTPgbuOgQhcUn4RvC412Kak4JI0icIYTSwAvlwnfiaEF5rquBWt4tjsa2AjhPqb2Xn', NULL, '2025-10-06 21:32:39'),
(1857, 'App\\Models\\Tool', 14, 'fXAezAwrsinZOnhUYQPCOvIiXVrPvokE44nj2te9CtbyjcBrrxCNJcY7bHyJQhJGgerEotVd54Vv6tSs', NULL, '2025-10-06 23:02:47'),
(1858, 'App\\Models\\Tool', 119, 'fXAezAwrsinZOnhUYQPCOvIiXVrPvokE44nj2te9CtbyjcBrrxCNJcY7bHyJQhJGgerEotVd54Vv6tSs', NULL, '2025-10-06 23:03:03'),
(1859, 'App\\Models\\Tool', 11, 'E7vLrEJgdvBZR1bjsS5aihoP2MOJYQ0NhiJK3TkyUaA8Z0DgHJEl0hnZzxnrCk86Z5YBYxe3MB9H8tl0', NULL, '2025-10-09 03:57:52'),
(1860, 'App\\Models\\Tool', 11, 'F5GhiZocQyOoL9lFP2iwbev0e6b5ZQBGtxWKv44hwBlA438jnnsxdkLhBc9FzAiwjuyLYZaX89PVF2Zh', NULL, '2025-10-09 03:58:01'),
(1861, 'App\\Models\\Tool', 11, 'fHPVqXG5CARtq7ef5ts4I1yXI8XZ0LsfHyTyGKUuIs89jYnI6KwTt0hrmcIJjH12PjIBPt353LM0S3Yc', NULL, '2025-10-09 04:40:26'),
(1862, 'App\\Models\\Tool', 11, 'Ehv08j2RRagsN1ZN5GfQZI0iRzAN0sejBxkt0229NdYj6Y8u6YjAr4cQSfADm6zqkqOEQrCC9t6IviVW', NULL, '2025-10-09 06:01:33'),
(1863, 'App\\Models\\Tool', 11, 'fHPVqXG5CARtq7ef5ts4I1yXI8XZ0LsfHyTyGKUuIs89jYnI6KwTt0hrmcIJjH12PjIBPt353LM0S3Yc', NULL, '2025-10-09 06:02:13'),
(1864, 'App\\Models\\Tool', 22, 'fHPVqXG5CARtq7ef5ts4I1yXI8XZ0LsfHyTyGKUuIs89jYnI6KwTt0hrmcIJjH12PjIBPt353LM0S3Yc', NULL, '2025-10-09 06:20:52'),
(1865, 'App\\Models\\Tool', 12, 'fHPVqXG5CARtq7ef5ts4I1yXI8XZ0LsfHyTyGKUuIs89jYnI6KwTt0hrmcIJjH12PjIBPt353LM0S3Yc', NULL, '2025-10-09 06:31:37'),
(1866, 'App\\Models\\Tool', 12, 'fHPVqXG5CARtq7ef5ts4I1yXI8XZ0LsfHyTyGKUuIs89jYnI6KwTt0hrmcIJjH12PjIBPt353LM0S3Yc', NULL, '2025-10-09 06:31:37'),
(1867, 'App\\Models\\Tool', 12, 'fHPVqXG5CARtq7ef5ts4I1yXI8XZ0LsfHyTyGKUuIs89jYnI6KwTt0hrmcIJjH12PjIBPt353LM0S3Yc', NULL, '2025-10-09 06:31:37'),
(1868, 'App\\Models\\Tool', 12, 'fHPVqXG5CARtq7ef5ts4I1yXI8XZ0LsfHyTyGKUuIs89jYnI6KwTt0hrmcIJjH12PjIBPt353LM0S3Yc', NULL, '2025-10-09 06:31:37'),
(1869, 'App\\Models\\Tool', 11, 'fHPVqXG5CARtq7ef5ts4I1yXI8XZ0LsfHyTyGKUuIs89jYnI6KwTt0hrmcIJjH12PjIBPt353LM0S3Yc', NULL, '2025-10-10 04:11:04'),
(1870, 'App\\Models\\Tool', 11, 'EK55mCvwDSR2A80ArfpDl7lvgo9hFDYm8dahYCAvdaXw9Cjjs3d83Wi5NJAjyemlgDhxBycF82oSlVAA', NULL, '2025-10-10 09:32:58'),
(1871, 'App\\Models\\Tool', 12, 'JOIkILuxj9Q7s8OukmXJIPvFpVo6XE8pc5QTQkvtqS7ddR0waQI1KgmBHVobHlD6S2E2pcqQNokRFbcQ', NULL, '2025-10-10 09:33:06'),
(1872, 'App\\Models\\Tool', 75, 'fHPVqXG5CARtq7ef5ts4I1yXI8XZ0LsfHyTyGKUuIs89jYnI6KwTt0hrmcIJjH12PjIBPt353LM0S3Yc', NULL, '2025-10-10 17:37:04'),
(1873, 'App\\Models\\Tool', 14, 'JOIkILuxj9Q7s8OukmXJIPvFpVo6XE8pc5QTQkvtqS7ddR0waQI1KgmBHVobHlD6S2E2pcqQNokRFbcQ', NULL, '2025-10-10 18:16:51'),
(1874, 'App\\Models\\Tool', 14, 'JOIkILuxj9Q7s8OukmXJIPvFpVo6XE8pc5QTQkvtqS7ddR0waQI1KgmBHVobHlD6S2E2pcqQNokRFbcQ', NULL, '2025-10-10 18:18:19'),
(1875, 'App\\Models\\Tool', 11, 'JOIkILuxj9Q7s8OukmXJIPvFpVo6XE8pc5QTQkvtqS7ddR0waQI1KgmBHVobHlD6S2E2pcqQNokRFbcQ', NULL, '2025-10-10 18:19:32'),
(1876, 'App\\Models\\Tool', 11, 'fHPVqXG5CARtq7ef5ts4I1yXI8XZ0LsfHyTyGKUuIs89jYnI6KwTt0hrmcIJjH12PjIBPt353LM0S3Yc', NULL, '2025-10-10 18:52:43'),
(1877, 'App\\Models\\Tool', 12, 'JOIkILuxj9Q7s8OukmXJIPvFpVo6XE8pc5QTQkvtqS7ddR0waQI1KgmBHVobHlD6S2E2pcqQNokRFbcQ', NULL, '2025-10-10 19:06:03'),
(1878, 'App\\Models\\Tool', 50, 'JOIkILuxj9Q7s8OukmXJIPvFpVo6XE8pc5QTQkvtqS7ddR0waQI1KgmBHVobHlD6S2E2pcqQNokRFbcQ', NULL, '2025-10-10 20:43:53'),
(1879, 'App\\Models\\Tool', 17, 'JOIkILuxj9Q7s8OukmXJIPvFpVo6XE8pc5QTQkvtqS7ddR0waQI1KgmBHVobHlD6S2E2pcqQNokRFbcQ', NULL, '2025-10-10 20:44:00'),
(1880, 'App\\Models\\Tool', 13, 'JOIkILuxj9Q7s8OukmXJIPvFpVo6XE8pc5QTQkvtqS7ddR0waQI1KgmBHVobHlD6S2E2pcqQNokRFbcQ', NULL, '2025-10-10 21:45:27'),
(1881, 'App\\Models\\Tool', 16, 'JOIkILuxj9Q7s8OukmXJIPvFpVo6XE8pc5QTQkvtqS7ddR0waQI1KgmBHVobHlD6S2E2pcqQNokRFbcQ', NULL, '2025-10-10 22:17:12'),
(1882, 'App\\Models\\Tool', 11, 'JOIkILuxj9Q7s8OukmXJIPvFpVo6XE8pc5QTQkvtqS7ddR0waQI1KgmBHVobHlD6S2E2pcqQNokRFbcQ', NULL, '2025-10-10 22:17:27'),
(1883, 'App\\Models\\Tool', 17, '648eP90a3isBc4YQ81TkGqZe7QI8rDokJflj1MXnhyRyRIpopkuqGR9EEEZwRU5CFc1gIq0MkqKW9rtX', NULL, '2025-10-14 18:13:38'),
(1884, 'App\\Models\\Tool', 77, '648eP90a3isBc4YQ81TkGqZe7QI8rDokJflj1MXnhyRyRIpopkuqGR9EEEZwRU5CFc1gIq0MkqKW9rtX', NULL, '2025-10-14 18:14:15');

-- --------------------------------------------------------

--
-- Table structure for table `widgets`
--

CREATE TABLE `widgets` (
  `id` bigint(20) UNSIGNED NOT NULL,
  `widget_area_id` bigint(20) UNSIGNED NOT NULL,
  `name` varchar(191) NOT NULL,
  `title` varchar(191) DEFAULT NULL,
  `order` tinyint(4) DEFAULT 0,
  `status` tinyint(4) NOT NULL DEFAULT 1,
  `web` tinyint(4) NOT NULL DEFAULT 1,
  `mobile` tinyint(4) NOT NULL DEFAULT 1,
  `settings` text DEFAULT NULL,
  `ajax` tinyint(4) DEFAULT 1,
  `created_at` timestamp NULL DEFAULT NULL,
  `updated_at` timestamp NULL DEFAULT NULL
) ENGINE=InnoDB DEFAULT CHARSET=utf8mb4 COLLATE=utf8mb4_unicode_ci;

--
-- Dumping data for table `widgets`
--

INSERT INTO `widgets` (`id`, `widget_area_id`, `name`, `title`, `order`, `status`, `web`, `mobile`, `settings`, `ajax`, `created_at`, `updated_at`) VALUES
(1, 1, 'App\\Widgets\\RelatedToolsWidget', NULL, 2, 1, 1, 1, NULL, 1, '2024-11-27 14:56:36', '2024-11-27 15:14:55'),
(2, 1, 'App\\Widgets\\PopularToolsWidget', NULL, 3, 1, 1, 1, NULL, 1, '2024-11-27 14:56:44', '2024-11-27 15:14:55'),
(3, 1, 'App\\Widgets\\ToolCategoriesWidget', NULL, 4, 1, 1, 1, NULL, 1, '2024-11-27 14:56:53', '2024-11-27 15:14:55'),
(6, 2, 'App\\Widgets\\Advertisement', NULL, 1, 1, 1, 1, '{\"advertisement_id\":\"2\"}', 0, '2024-11-27 15:07:07', '2024-11-27 15:21:07'),
(7, 3, 'App\\Widgets\\Advertisement', NULL, 1, 1, 1, 1, '{\"advertisement_id\":\"2\"}', 0, '2024-11-27 15:08:21', '2024-11-27 15:17:19'),
(8, 5, 'App\\Widgets\\Advertisement', NULL, 1, 1, 1, 1, '{\"advertisement_id\":\"3\"}', 0, '2024-11-27 15:08:31', '2024-11-27 15:18:31'),
(13, 6, 'App\\Widgets\\Advertisement', NULL, 1, 1, 1, 1, NULL, 1, '2024-11-27 15:09:21', '2024-11-27 15:09:21'),
(14, 1, 'App\\Widgets\\Advertisement', NULL, 1, 1, 1, 1, '{\"advertisement_id\":\"2\"}', 0, '2024-11-27 15:14:49', '2024-11-27 15:15:03'),
(15, 1, 'App\\Widgets\\Advertisement', NULL, 5, 1, 1, 1, '{\"advertisement_id\":\"3\"}', 0, '2024-11-27 15:14:52', '2024-11-27 15:15:12'),
(17, 3, 'App\\Widgets\\PopularToolsWidget', NULL, 2, 1, 1, 1, NULL, 1, '2024-11-27 15:17:37', '2024-11-27 15:17:37'),
(18, 5, 'App\\Widgets\\PopularToolsWidget', NULL, 2, 1, 1, 1, NULL, 1, '2024-11-27 15:18:44', '2024-11-27 15:18:44'),
(19, 6, 'App\\Widgets\\Advertisement', NULL, 2, 1, 1, 1, '{\"advertisement_id\":\"2\"}', 0, '2024-11-27 15:19:46', '2024-11-27 15:20:02'),
(20, 4, 'App\\Widgets\\Advertisement', NULL, 1, 1, 1, 1, '{\"advertisement_id\":\"2\"}', 0, '2024-11-27 15:20:22', '2024-11-27 15:20:32'),
(21, 2, 'App\\Widgets\\RelatedToolsWidget', NULL, 2, 1, 1, 1, NULL, 1, '2024-11-27 15:21:59', '2024-11-27 15:21:59'),
(22, 2, 'App\\Widgets\\PopularToolsWidget', NULL, 3, 1, 1, 1, NULL, 1, '2024-11-27 15:22:11', '2024-11-27 15:22:11'),
(23, 1, 'App\\Widgets\\Advertisement', NULL, 6, 1, 1, 1, NULL, 1, '2025-01-01 23:01:05', '2025-01-01 23:01:05');

-- --------------------------------------------------------

--
-- Table structure for table `widget_areas`
--

CREATE TABLE `widget_areas` (
  `id` bigint(20) UNSIGNED NOT NULL,
  `name` varchar(191) NOT NULL,
  `title` varchar(191) NOT NULL,
  `description` varchar(191) DEFAULT NULL,
  `order` tinyint(4) DEFAULT 0,
  `created_at` timestamp NULL DEFAULT NULL,
  `updated_at` timestamp NULL DEFAULT NULL,
  `deleted_at` timestamp NULL DEFAULT NULL
) ENGINE=InnoDB DEFAULT CHARSET=utf8mb4 COLLATE=utf8mb4_unicode_ci;

--
-- Dumping data for table `widget_areas`
--

INSERT INTO `widget_areas` (`id`, `name`, `title`, `description`, `order`, `created_at`, `updated_at`, `deleted_at`) VALUES
(1, 'sidebar', 'Homepage', 'Homepage widget area.', 1, '2024-10-11 16:34:00', '2024-10-11 16:34:00', NULL),
(2, 'tools-sidebar', 'Tools', 'Tools page widget area.', 1, '2024-10-11 16:34:00', '2024-10-11 16:34:00', NULL),
(3, 'categories-sidebar', 'Categories', 'Category page widgets area.', 3, '2024-10-11 16:34:00', '2024-10-11 16:34:00', NULL),
(4, 'tags-sidebar', 'Tags', 'Tag page widgets area.', 4, '2024-10-11 16:34:00', '2024-10-11 16:34:00', NULL),
(5, 'pages-sidebar', 'Page', 'Single Page widgets area.', 5, '2024-10-11 16:34:00', '2024-10-11 16:34:00', NULL),
(6, 'post-sidebar', 'Blog', 'Blog pages widgets area.', 6, '2024-10-11 16:34:00', '2024-10-11 16:34:00', NULL),
(7, 'footer-1', 'Footer Area 1', '', 30, '2024-10-11 16:34:00', '2025-10-10 10:14:44', NULL),
(8, 'footer-2', 'Footer Area 2', '', 31, '2024-10-11 16:34:00', '2025-10-10 10:14:44', NULL),
(9, 'footer-3', 'Footer Area 3', '', 32, '2024-10-11 16:34:00', '2025-10-10 10:14:44', NULL),
(10, 'footer-4', 'Footer Area 4', '', 33, '2024-10-11 16:34:00', '2025-10-10 10:14:44', NULL),
(11, 'footer-5', 'Footer Area 5', '', 34, '2024-10-11 16:34:00', '2024-10-11 16:34:00', '2024-10-11 16:34:00'),
(12, 'footer-6', 'Footer Area 6', '', 35, '2024-10-11 16:34:00', '2024-10-11 16:34:00', '2024-10-11 16:34:00');

--
-- Indexes for dumped tables
--

--
-- Indexes for table `advertisements`
--
ALTER TABLE `advertisements`
  ADD PRIMARY KEY (`id`);

--
-- Indexes for table `catables`
--
ALTER TABLE `catables`
  ADD KEY `catables_catable_type_catable_id_index` (`catable_type`,`catable_id`),
  ADD KEY `catables_category_id_index` (`category_id`);

--
-- Indexes for table `categories`
--
ALTER TABLE `categories`
  ADD PRIMARY KEY (`id`),
  ADD KEY `parent` (`parent`),
  ADD KEY `categories_type_index` (`type`),
  ADD KEY `order` (`order`);

--
-- Indexes for table `category_translations`
--
ALTER TABLE `category_translations`
  ADD PRIMARY KEY (`id`),
  ADD KEY `category_translations_category_id_locale_index` (`category_id`,`locale`),
  ADD KEY `category_translations_locale_index` (`locale`),
  ADD KEY `name` (`name`),
  ADD KEY `slug` (`slug`);

--
-- Indexes for table `countries`
--
ALTER TABLE `countries`
  ADD PRIMARY KEY (`id`);

--
-- Indexes for table `failed_jobs`
--
ALTER TABLE `failed_jobs`
  ADD PRIMARY KEY (`id`),
  ADD UNIQUE KEY `failed_jobs_uuid_unique` (`uuid`);

--
-- Indexes for table `faqs`
--
ALTER TABLE `faqs`
  ADD PRIMARY KEY (`id`),
  ADD KEY `faqs_status_index` (`status`),
  ADD KEY `faqs_pricing_index` (`pricing`);

--
-- Indexes for table `favorites`
--
ALTER TABLE `favorites`
  ADD PRIMARY KEY (`id`),
  ADD KEY `favorites_favoriteable_type_favoriteable_id_index` (`favoriteable_type`,`favoriteable_id`),
  ADD KEY `favorites_user_id_index` (`user_id`);

--
-- Indexes for table `history`
--
ALTER TABLE `history`
  ADD PRIMARY KEY (`id`),
  ADD KEY `history_visitable_type_visitable_id_index` (`visitable_type`,`visitable_id`),
  ADD KEY `history_visitor_type_visitor_id_index` (`visitor_type`,`visitor_id`);

--
-- Indexes for table `languages`
--
ALTER TABLE `languages`
  ADD PRIMARY KEY (`id`),
  ADD UNIQUE KEY `locale` (`locale`);

--
-- Indexes for table `media`
--
ALTER TABLE `media`
  ADD PRIMARY KEY (`id`),
  ADD UNIQUE KEY `media_uuid_unique` (`uuid`),
  ADD KEY `media_model_type_model_id_index` (`model_type`,`model_id`),
  ADD KEY `media_order_column_index` (`order_column`);

--
-- Indexes for table `menus`
--
ALTER TABLE `menus`
  ADD PRIMARY KEY (`id`);

--
-- Indexes for table `menu_items`
--
ALTER TABLE `menu_items`
  ADD PRIMARY KEY (`id`),
  ADD KEY `menu_items_menu_id_foreign` (`menu_id`);

--
-- Indexes for table `migrations`
--
ALTER TABLE `migrations`
  ADD PRIMARY KEY (`id`);

--
-- Indexes for table `model_has_permissions`
--
ALTER TABLE `model_has_permissions`
  ADD PRIMARY KEY (`permission_id`,`model_id`,`model_type`),
  ADD KEY `model_has_permissions_model_id_model_type_index` (`model_id`,`model_type`);

--
-- Indexes for table `model_has_roles`
--
ALTER TABLE `model_has_roles`
  ADD PRIMARY KEY (`role_id`,`model_id`,`model_type`),
  ADD KEY `model_has_roles_model_id_model_type_index` (`model_id`,`model_type`);

--
-- Indexes for table `pages`
--
ALTER TABLE `pages`
  ADD PRIMARY KEY (`id`),
  ADD KEY `pages_author_id_index` (`author_id`),
  ADD KEY `pages_published_index` (`published`);

--
-- Indexes for table `page_translations`
--
ALTER TABLE `page_translations`
  ADD PRIMARY KEY (`id`),
  ADD UNIQUE KEY `page_translations_page_id_locale_unique` (`page_id`,`locale`),
  ADD KEY `page_translations_locale_index` (`locale`),
  ADD KEY `page_translations_slug_index` (`slug`);

--
-- Indexes for table `permissions`
--
ALTER TABLE `permissions`
  ADD PRIMARY KEY (`id`),
  ADD UNIQUE KEY `permissions_name_guard_name_unique` (`name`,`guard_name`);

--
-- Indexes for table `plans`
--
ALTER TABLE `plans`
  ADD PRIMARY KEY (`id`);

--
-- Indexes for table `plan_properties`
--
ALTER TABLE `plan_properties`
  ADD PRIMARY KEY (`id`);

--
-- Indexes for table `plan_translations`
--
ALTER TABLE `plan_translations`
  ADD PRIMARY KEY (`id`),
  ADD KEY `plan_translations_locale_index` (`locale`),
  ADD KEY `name` (`name`);

--
-- Indexes for table `posts`
--
ALTER TABLE `posts`
  ADD PRIMARY KEY (`id`),
  ADD KEY `posts_author_id_index` (`author_id`),
  ADD KEY `posts_featured_index` (`featured`),
  ADD KEY `posts_status_index` (`status`);

--
-- Indexes for table `post_translations`
--
ALTER TABLE `post_translations`
  ADD PRIMARY KEY (`id`),
  ADD UNIQUE KEY `post_translations_post_id_locale_unique` (`post_id`,`locale`),
  ADD KEY `post_translations_post_id_locale_slug_index` (`post_id`,`locale`,`slug`),
  ADD KEY `post_translations_locale_index` (`locale`),
  ADD KEY `post_translations_slug_index` (`slug`),
  ADD KEY `post_translations_title_index` (`title`);

--
-- Indexes for table `properties`
--
ALTER TABLE `properties`
  ADD PRIMARY KEY (`id`);

--
-- Indexes for table `property_translations`
--
ALTER TABLE `property_translations`
  ADD PRIMARY KEY (`id`),
  ADD KEY `property_translations_locale_index` (`locale`),
  ADD KEY `name` (`name`);

--
-- Indexes for table `roles`
--
ALTER TABLE `roles`
  ADD PRIMARY KEY (`id`),
  ADD UNIQUE KEY `roles_name_guard_name_unique` (`name`,`guard_name`);

--
-- Indexes for table `role_has_permissions`
--
ALTER TABLE `role_has_permissions`
  ADD PRIMARY KEY (`permission_id`,`role_id`),
  ADD KEY `role_has_permissions_role_id_foreign` (`role_id`);

--
-- Indexes for table `sessions`
--
ALTER TABLE `sessions`
  ADD PRIMARY KEY (`id`),
  ADD KEY `sessions_user_id_index` (`user_id`),
  ADD KEY `sessions_last_activity_index` (`last_activity`);

--
-- Indexes for table `taggables`
--
ALTER TABLE `taggables`
  ADD KEY `taggables_taggable_type_taggable_id_index` (`taggable_type`,`taggable_id`),
  ADD KEY `taggables_tag_id_index` (`tag_id`);

--
-- Indexes for table `tags`
--
ALTER TABLE `tags`
  ADD PRIMARY KEY (`id`);

--
-- Indexes for table `tag_translations`
--
ALTER TABLE `tag_translations`
  ADD PRIMARY KEY (`id`),
  ADD UNIQUE KEY `tag_translations_tag_id_locale_unique` (`tag_id`,`locale`),
  ADD KEY `tag_translations_locale_index` (`locale`),
  ADD KEY `name` (`name`),
  ADD KEY `slug` (`slug`);

--
-- Indexes for table `tools`
--
ALTER TABLE `tools`
  ADD PRIMARY KEY (`id`),
  ADD KEY `tools_slug_index` (`slug`),
  ADD KEY `tools_class_name_index` (`class_name`),
  ADD KEY `tools_status_index` (`status`);

--
-- Indexes for table `tool_properties`
--
ALTER TABLE `tool_properties`
  ADD PRIMARY KEY (`id`);

--
-- Indexes for table `tool_translations`
--
ALTER TABLE `tool_translations`
  ADD PRIMARY KEY (`id`),
  ADD UNIQUE KEY `tool_translations_tool_id_locale_unique` (`tool_id`,`locale`),
  ADD KEY `tool_translations_tool_id_locale_index` (`tool_id`,`locale`),
  ADD KEY `tool_translations_locale_index` (`locale`);

--
-- Indexes for table `transactions`
--
ALTER TABLE `transactions`
  ADD PRIMARY KEY (`id`),
  ADD KEY `transactions_user_id_status_expiry_date_transaction_id_index` (`user_id`,`status`,`expiry_date`,`transaction_id`);

--
-- Indexes for table `views`
--
ALTER TABLE `views`
  ADD PRIMARY KEY (`id`),
  ADD KEY `views_viewable_type_viewable_id_index` (`viewable_type`,`viewable_id`);

--
-- Indexes for table `widgets`
--
ALTER TABLE `widgets`
  ADD PRIMARY KEY (`id`),
  ADD KEY `widgets_widget_area_id_foreign` (`widget_area_id`),
  ADD KEY `widgets_order_index` (`order`),
  ADD KEY `widgets_status_index` (`status`),
  ADD KEY `widgets_web_index` (`web`),
  ADD KEY `widgets_mobile_index` (`mobile`),
  ADD KEY `widgets_ajax_index` (`ajax`);

--
-- Indexes for table `widget_areas`
--
ALTER TABLE `widget_areas`
  ADD PRIMARY KEY (`id`),
  ADD KEY `widget_areas_order_index` (`order`);

--
-- AUTO_INCREMENT for dumped tables
--

--
-- AUTO_INCREMENT for table `advertisements`
--
ALTER TABLE `advertisements`
  MODIFY `id` bigint(20) UNSIGNED NOT NULL AUTO_INCREMENT, AUTO_INCREMENT=5;

--
-- AUTO_INCREMENT for table `categories`
--
ALTER TABLE `categories`
  MODIFY `id` bigint(20) UNSIGNED NOT NULL AUTO_INCREMENT, AUTO_INCREMENT=15;

--
-- AUTO_INCREMENT for table `category_translations`
--
ALTER TABLE `category_translations`
  MODIFY `id` bigint(20) UNSIGNED NOT NULL AUTO_INCREMENT, AUTO_INCREMENT=15;

--
-- AUTO_INCREMENT for table `countries`
--
ALTER TABLE `countries`
  MODIFY `id` bigint(20) UNSIGNED NOT NULL AUTO_INCREMENT, AUTO_INCREMENT=251;

--
-- AUTO_INCREMENT for table `failed_jobs`
--
ALTER TABLE `failed_jobs`
  MODIFY `id` bigint(20) UNSIGNED NOT NULL AUTO_INCREMENT;

--
-- AUTO_INCREMENT for table `faqs`
--
ALTER TABLE `faqs`
  MODIFY `id` bigint(20) UNSIGNED NOT NULL AUTO_INCREMENT, AUTO_INCREMENT=10;

--
-- AUTO_INCREMENT for table `favorites`
--
ALTER TABLE `favorites`
  MODIFY `id` bigint(20) UNSIGNED NOT NULL AUTO_INCREMENT;

--
-- AUTO_INCREMENT for table `history`
--
ALTER TABLE `history`
  MODIFY `id` bigint(20) UNSIGNED NOT NULL AUTO_INCREMENT, AUTO_INCREMENT=539;

--
-- AUTO_INCREMENT for table `languages`
--
ALTER TABLE `languages`
  MODIFY `id` bigint(20) UNSIGNED NOT NULL AUTO_INCREMENT, AUTO_INCREMENT=2;

--
-- AUTO_INCREMENT for table `media`
--
ALTER TABLE `media`
  MODIFY `id` bigint(20) UNSIGNED NOT NULL AUTO_INCREMENT, AUTO_INCREMENT=4;

--
-- AUTO_INCREMENT for table `menus`
--
ALTER TABLE `menus`
  MODIFY `id` bigint(20) UNSIGNED NOT NULL AUTO_INCREMENT, AUTO_INCREMENT=2;

--
-- AUTO_INCREMENT for table `menu_items`
--
ALTER TABLE `menu_items`
  MODIFY `id` bigint(20) UNSIGNED NOT NULL AUTO_INCREMENT, AUTO_INCREMENT=2;

--
-- AUTO_INCREMENT for table `migrations`
--
ALTER TABLE `migrations`
  MODIFY `id` int(10) UNSIGNED NOT NULL AUTO_INCREMENT, AUTO_INCREMENT=34;

--
-- AUTO_INCREMENT for table `pages`
--
ALTER TABLE `pages`
  MODIFY `id` bigint(20) UNSIGNED NOT NULL AUTO_INCREMENT, AUTO_INCREMENT=3;

--
-- AUTO_INCREMENT for table `page_translations`
--
ALTER TABLE `page_translations`
  MODIFY `id` bigint(20) UNSIGNED NOT NULL AUTO_INCREMENT, AUTO_INCREMENT=3;

--
-- AUTO_INCREMENT for table `permissions`
--
ALTER TABLE `permissions`
  MODIFY `id` bigint(20) UNSIGNED NOT NULL AUTO_INCREMENT, AUTO_INCREMENT=49;

--
-- AUTO_INCREMENT for table `plans`
--
ALTER TABLE `plans`
  MODIFY `id` bigint(20) UNSIGNED NOT NULL AUTO_INCREMENT, AUTO_INCREMENT=5;

--
-- AUTO_INCREMENT for table `plan_properties`
--
ALTER TABLE `plan_properties`
  MODIFY `id` bigint(20) UNSIGNED NOT NULL AUTO_INCREMENT, AUTO_INCREMENT=515;

--
-- AUTO_INCREMENT for table `plan_translations`
--
ALTER TABLE `plan_translations`
  MODIFY `id` bigint(20) UNSIGNED NOT NULL AUTO_INCREMENT, AUTO_INCREMENT=5;

--
-- AUTO_INCREMENT for table `posts`
--
ALTER TABLE `posts`
  MODIFY `id` bigint(20) UNSIGNED NOT NULL AUTO_INCREMENT, AUTO_INCREMENT=2;

--
-- AUTO_INCREMENT for table `post_translations`
--
ALTER TABLE `post_translations`
  MODIFY `id` bigint(20) UNSIGNED NOT NULL AUTO_INCREMENT, AUTO_INCREMENT=2;

--
-- AUTO_INCREMENT for table `properties`
--
ALTER TABLE `properties`
  MODIFY `id` bigint(20) UNSIGNED NOT NULL AUTO_INCREMENT, AUTO_INCREMENT=6;

--
-- AUTO_INCREMENT for table `property_translations`
--
ALTER TABLE `property_translations`
  MODIFY `id` bigint(20) UNSIGNED NOT NULL AUTO_INCREMENT, AUTO_INCREMENT=6;

--
-- AUTO_INCREMENT for table `roles`
--
ALTER TABLE `roles`
  MODIFY `id` bigint(20) UNSIGNED NOT NULL AUTO_INCREMENT, AUTO_INCREMENT=3;

--
-- AUTO_INCREMENT for table `tags`
--
ALTER TABLE `tags`
  MODIFY `id` bigint(20) UNSIGNED NOT NULL AUTO_INCREMENT;

--
-- AUTO_INCREMENT for table `tag_translations`
--
ALTER TABLE `tag_translations`
  MODIFY `id` bigint(20) UNSIGNED NOT NULL AUTO_INCREMENT;

--
-- AUTO_INCREMENT for table `tools`
--
ALTER TABLE `tools`
  MODIFY `id` bigint(20) UNSIGNED NOT NULL AUTO_INCREMENT, AUTO_INCREMENT=154;

--
-- AUTO_INCREMENT for table `tool_properties`
--
ALTER TABLE `tool_properties`
  MODIFY `id` bigint(20) UNSIGNED NOT NULL AUTO_INCREMENT;

--
-- AUTO_INCREMENT for table `tool_translations`
--
ALTER TABLE `tool_translations`
  MODIFY `id` bigint(20) UNSIGNED NOT NULL AUTO_INCREMENT, AUTO_INCREMENT=154;

--
-- AUTO_INCREMENT for table `transactions`
--
ALTER TABLE `transactions`
  MODIFY `id` bigint(20) UNSIGNED NOT NULL AUTO_INCREMENT;

--
-- AUTO_INCREMENT for table `views`
--
ALTER TABLE `views`
  MODIFY `id` bigint(20) UNSIGNED NOT NULL AUTO_INCREMENT, AUTO_INCREMENT=1885;

--
-- AUTO_INCREMENT for table `widgets`
--
ALTER TABLE `widgets`
  MODIFY `id` bigint(20) UNSIGNED NOT NULL AUTO_INCREMENT, AUTO_INCREMENT=24;

--
-- AUTO_INCREMENT for table `widget_areas`
--
ALTER TABLE `widget_areas`
  MODIFY `id` bigint(20) UNSIGNED NOT NULL AUTO_INCREMENT, AUTO_INCREMENT=13;

--
-- Constraints for dumped tables
--

--
-- Constraints for table `catables`
--
ALTER TABLE `catables`
  ADD CONSTRAINT `catables_category_id_foreign` FOREIGN KEY (`category_id`) REFERENCES `categories` (`id`) ON DELETE CASCADE;

--
-- Constraints for table `category_translations`
--
ALTER TABLE `category_translations`
  ADD CONSTRAINT `category_translations_category_id_foreign` FOREIGN KEY (`category_id`) REFERENCES `categories` (`id`) ON DELETE CASCADE;

--
-- Constraints for table `menu_items`
--
ALTER TABLE `menu_items`
  ADD CONSTRAINT `menu_items_menu_id_foreign` FOREIGN KEY (`menu_id`) REFERENCES `menus` (`id`) ON DELETE CASCADE ON UPDATE CASCADE;

--
-- Constraints for table `model_has_permissions`
--
ALTER TABLE `model_has_permissions`
  ADD CONSTRAINT `model_has_permissions_permission_id_foreign` FOREIGN KEY (`permission_id`) REFERENCES `permissions` (`id`) ON DELETE CASCADE;

--
-- Constraints for table `model_has_roles`
--
ALTER TABLE `model_has_roles`
  ADD CONSTRAINT `model_has_roles_role_id_foreign` FOREIGN KEY (`role_id`) REFERENCES `roles` (`id`) ON DELETE CASCADE;

--
-- Constraints for table `pages`
--
ALTER TABLE `pages`
  ADD CONSTRAINT `pages_author_id_foreign` FOREIGN KEY (`author_id`) REFERENCES `users` (`id`) ON DELETE CASCADE;

--
-- Constraints for table `page_translations`
--
ALTER TABLE `page_translations`
  ADD CONSTRAINT `page_translations_page_id_foreign` FOREIGN KEY (`page_id`) REFERENCES `pages` (`id`) ON DELETE CASCADE;

--
-- Constraints for table `posts`
--
ALTER TABLE `posts`
  ADD CONSTRAINT `posts_author_id_foreign` FOREIGN KEY (`author_id`) REFERENCES `users` (`id`) ON DELETE CASCADE;

--
-- Constraints for table `post_translations`
--
ALTER TABLE `post_translations`
  ADD CONSTRAINT `post_translations_post_id_foreign` FOREIGN KEY (`post_id`) REFERENCES `posts` (`id`) ON DELETE CASCADE;

--
-- Constraints for table `role_has_permissions`
--
ALTER TABLE `role_has_permissions`
  ADD CONSTRAINT `role_has_permissions_permission_id_foreign` FOREIGN KEY (`permission_id`) REFERENCES `permissions` (`id`) ON DELETE CASCADE,
  ADD CONSTRAINT `role_has_permissions_role_id_foreign` FOREIGN KEY (`role_id`) REFERENCES `roles` (`id`) ON DELETE CASCADE;

--
-- Constraints for table `taggables`
--
ALTER TABLE `taggables`
  ADD CONSTRAINT `taggables_tag_id_foreign` FOREIGN KEY (`tag_id`) REFERENCES `tags` (`id`) ON DELETE CASCADE;

--
-- Constraints for table `tag_translations`
--
ALTER TABLE `tag_translations`
  ADD CONSTRAINT `tag_translations_tag_id_foreign` FOREIGN KEY (`tag_id`) REFERENCES `tags` (`id`) ON DELETE CASCADE;

--
-- Constraints for table `tool_translations`
--
ALTER TABLE `tool_translations`
  ADD CONSTRAINT `tool_translations_tool_id_foreign` FOREIGN KEY (`tool_id`) REFERENCES `tools` (`id`) ON DELETE CASCADE;

--
-- Constraints for table `widgets`
--
ALTER TABLE `widgets`
  ADD CONSTRAINT `widgets_widget_area_id_foreign` FOREIGN KEY (`widget_area_id`) REFERENCES `widget_areas` (`id`) ON DELETE CASCADE;
COMMIT;

